{"id":10074,"date":"2024-06-20T11:05:16","date_gmt":"2024-06-20T14:05:16","guid":{"rendered":"https:\/\/www.taller-palabras.com\/WordPress_04\/?post_type=product&#038;p=10074"},"modified":"2024-06-20T12:19:17","modified_gmt":"2024-06-20T15:19:17","slug":"todos-los-cuentos-hermanos-grimm-ebook","status":"publish","type":"product","link":"https:\/\/www.taller-palabras.com\/WordPress_04\/producto\/todos-los-cuentos-hermanos-grimm-ebook","title":{"rendered":"Todos los cuentos &#8211; Hermanos Grimm  \/ebook"},"content":{"rendered":"<figure id=\"attachment_10077\" aria-describedby=\"caption-attachment-10077\" style=\"width: 150px\" class=\"wp-caption alignleft\"><img loading=\"lazy\" decoding=\"async\" class=\"wp-image-10077 size-thumbnail\" src=\"https:\/\/www.taller-palabras.com\/WordPress_04\/wp-content\/uploads\/2024\/06\/HermanosGrimm-150x150.png\" alt=\"\" width=\"150\" height=\"150\" srcset=\"https:\/\/www.taller-palabras.com\/WordPress_04\/wp-content\/uploads\/2024\/06\/HermanosGrimm-150x150.png 150w, https:\/\/www.taller-palabras.com\/WordPress_04\/wp-content\/uploads\/2024\/06\/HermanosGrimm-100x100.png 100w, https:\/\/www.taller-palabras.com\/WordPress_04\/wp-content\/uploads\/2024\/06\/HermanosGrimm.png 283w\" sizes=\"auto, (max-width: 150px) 100vw, 150px\" \/><figcaption id=\"caption-attachment-10077\" class=\"wp-caption-text\">Autor Hermanos Grimm<\/figcaption><\/figure>\n<p>Desde siempre, los cuentos de hadas, elegidos de forma adecuada para cada edad del ni\u00f1o, han supuesto un alimento muy especial para el alma infantil. Sin embargo, no acostumbramos a pensar en la fuente, profunda y amplia, que da origen a estas narraciones. Consideramos que esta traducci\u00f3n es la que m\u00e1s fielmente reproduce el trabajo original de los hermanos Grimm, as\u00ed como el esp\u00edritu de los textos.<\/p>\n","protected":false},"excerpt":{"rendered":"<p>Desde siempre, los cuentos de hadas, elegidos de forma adecuada para cada edad del ni\u00f1o, han supuesto un alimento muy especial para el alma infantil. Sin embargo, no acostumbramos a pensar en la fuente, profunda y amplia, que da origen a estas narraciones. Consideramos que esta traducci\u00f3n es la que m\u00e1s fielmente reproduce el trabajo [&hellip;]<\/p>\n","protected":false},"featured_media":10083,"template":"","meta":[],"product_brand":[],"product_cat":[25],"product_tag":[54,1351,45,401],"class_list":{"0":"post-10074","1":"product","2":"type-product","3":"status-publish","4":"has-post-thumbnail","6":"product_cat-libros-digitales-ebooks","7":"product_tag-descargar-ebook","8":"product_tag-hermanos-grimm","9":"product_tag-mejor-novela","10":"product_tag-todos-los-cuentos","12":"first","13":"instock","14":"shipping-taxable","15":"purchasable","16":"product-type-variable","17":"has-default-attributes"},"_links":{"self":[{"href":"https:\/\/www.taller-palabras.com\/WordPress_04\/wp-json\/wp\/v2\/product\/10074","targetHints":{"allow":["GET"]}}],"collection":[{"href":"https:\/\/www.taller-palabras.com\/WordPress_04\/wp-json\/wp\/v2\/product"}],"about":[{"href":"https:\/\/www.taller-palabras.com\/WordPress_04\/wp-json\/wp\/v2\/types\/product"}],"wp:featuredmedia":[{"embeddable":true,"href":"https:\/\/www.taller-palabras.com\/WordPress_04\/wp-json\/wp\/v2\/media\/10083"}],"wp:attachment":[{"href":"https:\/\/www.taller-palabras.com\/WordPress_04\/wp-json\/wp\/v2\/media?parent=10074"}],"wp:term":[{"taxonomy":"product_brand","embeddable":true,"href":"https:\/\/www.taller-palabras.com\/WordPress_04\/wp-json\/wp\/v2\/product_brand?post=10074"},{"taxonomy":"product_cat","embeddable":true,"href":"https:\/\/www.taller-palabras.com\/WordPress_04\/wp-json\/wp\/v2\/product_cat?post=10074"},{"taxonomy":"product_tag","embeddable":true,"href":"https:\/\/www.taller-palabras.com\/WordPress_04\/wp-json\/wp\/v2\/product_tag?post=10074"}],"curies":[{"name":"wp","href":"https:\/\/api.w.org\/{rel}","templated":true}]}}