{"id":10188,"date":"2024-07-03T13:34:03","date_gmt":"2024-07-03T16:34:03","guid":{"rendered":"https:\/\/www.taller-palabras.com\/WordPress_04\/?post_type=product&#038;p=10188"},"modified":"2024-07-03T13:39:01","modified_gmt":"2024-07-03T16:39:01","slug":"la-rebelion-de-atlas-ayn-rand-ebook","status":"publish","type":"product","link":"https:\/\/www.taller-palabras.com\/WordPress_04\/producto\/la-rebelion-de-atlas-ayn-rand-ebook","title":{"rendered":"La rebeli\u00f3n de Atlas &#8211; Ayn Rand  \/ebook"},"content":{"rendered":"<figure id=\"attachment_10178\" aria-describedby=\"caption-attachment-10178\" style=\"width: 150px\" class=\"wp-caption alignleft\"><img loading=\"lazy\" decoding=\"async\" class=\"wp-image-10178 size-thumbnail\" src=\"https:\/\/www.taller-palabras.com\/WordPress_04\/wp-content\/uploads\/2024\/07\/Ayn-Rand-150x150.jpg\" alt=\"\" width=\"150\" height=\"150\" srcset=\"https:\/\/www.taller-palabras.com\/WordPress_04\/wp-content\/uploads\/2024\/07\/Ayn-Rand-150x150.jpg 150w, https:\/\/www.taller-palabras.com\/WordPress_04\/wp-content\/uploads\/2024\/07\/Ayn-Rand-100x100.jpg 100w\" sizes=\"auto, (max-width: 150px) 100vw, 150px\" \/><figcaption id=\"caption-attachment-10178\" class=\"wp-caption-text\">Autora Ayn Rand<\/figcaption><\/figure>\n<p>Esta es la cautivante historia de un hombre que prometi\u00f3 detener el motor del mundo&#8230; y lo hizo. De profundo mensaje y soberbio suspenso, La rebeli\u00f3n de Atlas es un relato de misterio, pero no en torno del asesinato f\u00edsico de una persona, sino de la muerte y resurrecci\u00f3n del esp\u00edritu humano. Desconcertantes hechos se producen en la vida de los personajes: un l\u00facido inventor debe luchar, no contra sus enemigos, sino contra aquellos a quienes m\u00e1s admira; un genio de la producci\u00f3n se transforma en vulgar playboy; un talentoso industrial trabaja para su propia destrucci\u00f3n; un gran compositor abandona su carrera la noche de su triunfo; la bella directora de un ferrocarril transcontinental se enamora del hombre al que hab\u00eda jurado matar&#8230; Con esta famosa obra, que comienza con la inmortal pregunta \u00ab\u00bfQui\u00e9n es John Galt?\u00bb, Ayn Rand encontr\u00f3 la forma art\u00edstica perfecta para expresar su concepci\u00f3n de la existencia. Este libro la convirti\u00f3, no s\u00f3lo en una de las m\u00e1s conocidas novelistas, sino en una de las pensadoras m\u00e1s influyentes del siglo XX. En efecto, la filosof\u00eda objetivista que le debemos, y cuyos fundamentos delineara en otros textos de ficci\u00f3n como El manantial y en varios ensayos, ha conquistado a lectores de todo el mundo.<\/p>\n","protected":false},"excerpt":{"rendered":"<p>Esta es la cautivante historia de un hombre que prometi\u00f3 detener el motor del mundo&#8230; y lo hizo. De profundo mensaje y soberbio suspenso, La rebeli\u00f3n de Atlas es un relato de misterio, pero no en torno del asesinato f\u00edsico de una persona, sino de la muerte y resurrecci\u00f3n del esp\u00edritu humano. Desconcertantes hechos se [&hellip;]<\/p>\n","protected":false},"featured_media":10185,"template":"","meta":[],"product_brand":[],"product_cat":[25],"product_tag":[1093,54,1358,45],"class_list":{"0":"post-10188","1":"product","2":"type-product","3":"status-publish","4":"has-post-thumbnail","6":"product_cat-libros-digitales-ebooks","7":"product_tag-ayn-rand","8":"product_tag-descargar-ebook","9":"product_tag-la-rebelion-de-atlas","10":"product_tag-mejor-novela","12":"first","13":"instock","14":"shipping-taxable","15":"purchasable","16":"product-type-variable","17":"has-default-attributes"},"_links":{"self":[{"href":"https:\/\/www.taller-palabras.com\/WordPress_04\/wp-json\/wp\/v2\/product\/10188","targetHints":{"allow":["GET"]}}],"collection":[{"href":"https:\/\/www.taller-palabras.com\/WordPress_04\/wp-json\/wp\/v2\/product"}],"about":[{"href":"https:\/\/www.taller-palabras.com\/WordPress_04\/wp-json\/wp\/v2\/types\/product"}],"wp:featuredmedia":[{"embeddable":true,"href":"https:\/\/www.taller-palabras.com\/WordPress_04\/wp-json\/wp\/v2\/media\/10185"}],"wp:attachment":[{"href":"https:\/\/www.taller-palabras.com\/WordPress_04\/wp-json\/wp\/v2\/media?parent=10188"}],"wp:term":[{"taxonomy":"product_brand","embeddable":true,"href":"https:\/\/www.taller-palabras.com\/WordPress_04\/wp-json\/wp\/v2\/product_brand?post=10188"},{"taxonomy":"product_cat","embeddable":true,"href":"https:\/\/www.taller-palabras.com\/WordPress_04\/wp-json\/wp\/v2\/product_cat?post=10188"},{"taxonomy":"product_tag","embeddable":true,"href":"https:\/\/www.taller-palabras.com\/WordPress_04\/wp-json\/wp\/v2\/product_tag?post=10188"}],"curies":[{"name":"wp","href":"https:\/\/api.w.org\/{rel}","templated":true}]}}