{"id":10246,"date":"2021-11-22T17:40:54","date_gmt":"2021-11-22T20:40:54","guid":{"rendered":"https:\/\/www.taller-palabras.com\/WordPress_04\/?post_type=product&#038;p=10246"},"modified":"2024-07-26T16:52:59","modified_gmt":"2024-07-26T19:52:59","slug":"la-leyenda-de-gosta-berling-selma-lagerlof-ebook","status":"publish","type":"product","link":"https:\/\/www.taller-palabras.com\/WordPress_04\/producto\/la-leyenda-de-gosta-berling-selma-lagerlof-ebook","title":{"rendered":"La leyenda de Gosta Berling &#8211; Selma Lagerlof \/ebook"},"content":{"rendered":"<figure id=\"attachment_4728\" aria-describedby=\"caption-attachment-4728\" style=\"width: 150px\" class=\"wp-caption alignleft\"><img loading=\"lazy\" decoding=\"async\" class=\"wp-image-4728 size-thumbnail\" src=\"https:\/\/www.taller-palabras.com\/WordPress_04\/wp-content\/uploads\/2021\/11\/Selma-Lagerlof-150x150.jpg\" alt=\"\" width=\"150\" height=\"150\" srcset=\"https:\/\/www.taller-palabras.com\/WordPress_04\/wp-content\/uploads\/2021\/11\/Selma-Lagerlof-150x150.jpg 150w, https:\/\/www.taller-palabras.com\/WordPress_04\/wp-content\/uploads\/2021\/11\/Selma-Lagerlof-324x324.jpg 324w, https:\/\/www.taller-palabras.com\/WordPress_04\/wp-content\/uploads\/2021\/11\/Selma-Lagerlof-100x100.jpg 100w\" sizes=\"auto, (max-width: 150px) 100vw, 150px\" \/><figcaption id=\"caption-attachment-4728\" class=\"wp-caption-text\">Autora Selma Lagerlof<\/figcaption><\/figure>\n<p>La Leyenda de G\u00f6sta Berling, traducida a todos los idiomas del mundo, es una obra desconcertante. Tiene algo de la novela picaresca espa\u00f1ola y del esp\u00edritu de los antiguos libros de caballer\u00eda. Es una mezcla de novela y epopeya. Con un mayor aliento heroico semejar\u00eda un libro de gesta y si no se acercase tanto a un justo realismo, parecer\u00eda una leyenda. Ella resume la esencia del alma sueca y de su pasado y, en este sentido, posee un aliento de raza similar al de Taras Bulba de Gogol, al Peer Gynt de Ibsen, o a Mireille, de Mistral.<\/p>\n","protected":false},"excerpt":{"rendered":"<p>La Leyenda de G\u00f6sta Berling, traducida a todos los idiomas del mundo, es una obra desconcertante. Tiene algo de la novela picaresca espa\u00f1ola y del esp\u00edritu de los antiguos libros de caballer\u00eda. Es una mezcla de novela y epopeya. Con un mayor aliento heroico semejar\u00eda un libro de gesta y si no se acercase tanto [&hellip;]<\/p>\n","protected":false},"featured_media":10249,"template":"","meta":[],"product_brand":[],"product_cat":[25],"product_tag":[54,1362,225,632],"class_list":{"0":"post-10246","1":"product","2":"type-product","3":"status-publish","4":"has-post-thumbnail","6":"product_cat-libros-digitales-ebooks","7":"product_tag-descargar-ebook","8":"product_tag-la-leyenda-de-gosta-berling","9":"product_tag-mejores-novelas","10":"product_tag-selma-lagerlof","12":"first","13":"instock","14":"shipping-taxable","15":"purchasable","16":"product-type-variable","17":"has-default-attributes"},"_links":{"self":[{"href":"https:\/\/www.taller-palabras.com\/WordPress_04\/wp-json\/wp\/v2\/product\/10246","targetHints":{"allow":["GET"]}}],"collection":[{"href":"https:\/\/www.taller-palabras.com\/WordPress_04\/wp-json\/wp\/v2\/product"}],"about":[{"href":"https:\/\/www.taller-palabras.com\/WordPress_04\/wp-json\/wp\/v2\/types\/product"}],"wp:featuredmedia":[{"embeddable":true,"href":"https:\/\/www.taller-palabras.com\/WordPress_04\/wp-json\/wp\/v2\/media\/10249"}],"wp:attachment":[{"href":"https:\/\/www.taller-palabras.com\/WordPress_04\/wp-json\/wp\/v2\/media?parent=10246"}],"wp:term":[{"taxonomy":"product_brand","embeddable":true,"href":"https:\/\/www.taller-palabras.com\/WordPress_04\/wp-json\/wp\/v2\/product_brand?post=10246"},{"taxonomy":"product_cat","embeddable":true,"href":"https:\/\/www.taller-palabras.com\/WordPress_04\/wp-json\/wp\/v2\/product_cat?post=10246"},{"taxonomy":"product_tag","embeddable":true,"href":"https:\/\/www.taller-palabras.com\/WordPress_04\/wp-json\/wp\/v2\/product_tag?post=10246"}],"curies":[{"name":"wp","href":"https:\/\/api.w.org\/{rel}","templated":true}]}}