{"id":10258,"date":"2021-11-22T17:34:52","date_gmt":"2021-11-22T20:34:52","guid":{"rendered":"https:\/\/www.taller-palabras.com\/WordPress_04\/?post_type=product&#038;p=10258"},"modified":"2024-07-26T16:52:20","modified_gmt":"2024-07-26T19:52:20","slug":"el-carretero-de-la-muerte-selma-lagerlof-ebook-copia-copia","status":"publish","type":"product","link":"https:\/\/www.taller-palabras.com\/WordPress_04\/producto\/el-carretero-de-la-muerte-selma-lagerlof-ebook-copia-copia","title":{"rendered":"El carretero de la muerte   &#8211; Selma Lagerlof \/ebook)"},"content":{"rendered":"<figure id=\"attachment_4728\" aria-describedby=\"caption-attachment-4728\" style=\"width: 150px\" class=\"wp-caption alignleft\"><img loading=\"lazy\" decoding=\"async\" class=\"wp-image-4728 size-thumbnail\" src=\"https:\/\/www.taller-palabras.com\/WordPress_04\/wp-content\/uploads\/2021\/11\/Selma-Lagerlof-150x150.jpg\" alt=\"\" width=\"150\" height=\"150\" srcset=\"https:\/\/www.taller-palabras.com\/WordPress_04\/wp-content\/uploads\/2021\/11\/Selma-Lagerlof-150x150.jpg 150w, https:\/\/www.taller-palabras.com\/WordPress_04\/wp-content\/uploads\/2021\/11\/Selma-Lagerlof-324x324.jpg 324w, https:\/\/www.taller-palabras.com\/WordPress_04\/wp-content\/uploads\/2021\/11\/Selma-Lagerlof-100x100.jpg 100w\" sizes=\"auto, (max-width: 150px) 100vw, 150px\" \/><figcaption id=\"caption-attachment-4728\" class=\"wp-caption-text\">Autora Selma Lagerlof<\/figcaption><\/figure>\n<p>En el carretero de la muerte, un joven se encuentra moribundo luego de ser agredido por dos vagabundos que solo minutos antes eran sus compa\u00f1eros de borracheras. Tiene una hemorragia interna. No hay pr\u00e1cticamente esperanzas de ser salvado. Es de noche, se encuentra oculto en el jard\u00edn de la iglesia, y a pesar de que hay mucha gente en la calle por ser la noche de San Silvestre y estar sonando las campanas que dejan atr\u00e1s el a\u00f1o viejo, nadie penetra en el jard\u00edn.<br \/>\nApenas el reloj ha lanzado la \u00faltima campanada de la media noche, un rechinamiento se deja o\u00edr, como provocado por una rueda mal engrasada. No tard\u00f3 mucho en darse cuenta que el sonido no es otro que la carreta de la muerte, la cual esta dirigida por el carretero, y aqu\u00ed lo invade el miedo al recordar que el conductor no es siempre el mismo, sino el \u00faltimo hombre que muere en el a\u00f1o, aquel que entrega su alma al sonar la \u00faltima campanada de las 12 de la noche. El reloj lanza la \u00faltima campanada.<\/p>\n","protected":false},"excerpt":{"rendered":"<p>En el carretero de la muerte, un joven se encuentra moribundo luego de ser agredido por dos vagabundos que solo minutos antes eran sus compa\u00f1eros de borracheras. Tiene una hemorragia interna. No hay pr\u00e1cticamente esperanzas de ser salvado. Es de noche, se encuentra oculto en el jard\u00edn de la iglesia, y a pesar de que [&hellip;]<\/p>\n","protected":false},"featured_media":10263,"template":"","meta":[],"product_brand":[],"product_cat":[25],"product_tag":[54,1364,225,632],"class_list":{"0":"post-10258","1":"product","2":"type-product","3":"status-publish","4":"has-post-thumbnail","6":"product_cat-libros-digitales-ebooks","7":"product_tag-descargar-ebook","8":"product_tag-el-carretero-de-la-muerte","9":"product_tag-mejores-novelas","10":"product_tag-selma-lagerlof","12":"first","13":"instock","14":"shipping-taxable","15":"purchasable","16":"product-type-variable","17":"has-default-attributes"},"_links":{"self":[{"href":"https:\/\/www.taller-palabras.com\/WordPress_04\/wp-json\/wp\/v2\/product\/10258","targetHints":{"allow":["GET"]}}],"collection":[{"href":"https:\/\/www.taller-palabras.com\/WordPress_04\/wp-json\/wp\/v2\/product"}],"about":[{"href":"https:\/\/www.taller-palabras.com\/WordPress_04\/wp-json\/wp\/v2\/types\/product"}],"wp:featuredmedia":[{"embeddable":true,"href":"https:\/\/www.taller-palabras.com\/WordPress_04\/wp-json\/wp\/v2\/media\/10263"}],"wp:attachment":[{"href":"https:\/\/www.taller-palabras.com\/WordPress_04\/wp-json\/wp\/v2\/media?parent=10258"}],"wp:term":[{"taxonomy":"product_brand","embeddable":true,"href":"https:\/\/www.taller-palabras.com\/WordPress_04\/wp-json\/wp\/v2\/product_brand?post=10258"},{"taxonomy":"product_cat","embeddable":true,"href":"https:\/\/www.taller-palabras.com\/WordPress_04\/wp-json\/wp\/v2\/product_cat?post=10258"},{"taxonomy":"product_tag","embeddable":true,"href":"https:\/\/www.taller-palabras.com\/WordPress_04\/wp-json\/wp\/v2\/product_tag?post=10258"}],"curies":[{"name":"wp","href":"https:\/\/api.w.org\/{rel}","templated":true}]}}