{"id":10327,"date":"2024-08-03T13:48:34","date_gmt":"2024-08-03T16:48:34","guid":{"rendered":"https:\/\/www.taller-palabras.com\/WordPress_04\/?post_type=product&#038;p=10327"},"modified":"2024-08-06T14:35:27","modified_gmt":"2024-08-06T17:35:27","slug":"el-angel-rojo-franck-thilliez-ebook","status":"publish","type":"product","link":"https:\/\/www.taller-palabras.com\/WordPress_04\/producto\/el-angel-rojo-franck-thilliez-ebook","title":{"rendered":"Serie: El \u00e1ngel rojo (1) &#8211; Franck Thilliez  \/ebook"},"content":{"rendered":"<figure id=\"attachment_10331\" aria-describedby=\"caption-attachment-10331\" style=\"width: 150px\" class=\"wp-caption alignleft\"><img loading=\"lazy\" decoding=\"async\" class=\"wp-image-10331 size-thumbnail\" src=\"https:\/\/www.taller-palabras.com\/WordPress_04\/wp-content\/uploads\/2024\/08\/FranckThilliez-150x150.jpg\" alt=\"\" width=\"150\" height=\"150\" srcset=\"https:\/\/www.taller-palabras.com\/WordPress_04\/wp-content\/uploads\/2024\/08\/FranckThilliez-150x150.jpg 150w, https:\/\/www.taller-palabras.com\/WordPress_04\/wp-content\/uploads\/2024\/08\/FranckThilliez-100x100.jpg 100w, https:\/\/www.taller-palabras.com\/WordPress_04\/wp-content\/uploads\/2024\/08\/FranckThilliez.jpg 283w\" sizes=\"auto, (max-width: 150px) 100vw, 150px\" \/><figcaption id=\"caption-attachment-10331\" class=\"wp-caption-text\">Autor Franck Thilliez<\/figcaption><\/figure>\n<p>La aparici\u00f3n de un cad\u00e1ver decapitado, art\u00edsticamente troceado y diseminado con enigm\u00e1ticos designios por diversos rincones de Par\u00eds, sacude de un modo el\u00e9ctrico al comisario Franck Sharko. Saber que no se trata del cuerpo de su esposa, que lleva ya seis meses desaparecida sin que nadie haya pedido rescate y sin que se tenga la menor pista sobre su paradero, es s\u00f3lo un consuelo menor. Al contrario, este descubrimiento da pie a una estremecedora y alucinante investigaci\u00f3n que pone en contacto a Sharko con los ambientes m\u00e1s s\u00f3rdidos que puedan imaginarse, con las redes virtuales m\u00e1s exhibicionistas y enloquecidas, con los personajes m\u00e1s crueles y despiadados y, sobre todo, con una mente fr\u00eda, manipuladora y perversa hasta l\u00edmites que s\u00f3lo un escritor del calibre de Thilliez es capaz no s\u00f3lo de crear, sino de mostrarlo con una fuerza arrebatadora. S\u00f3lo la tensi\u00f3n en que Thilliez mantiene al lector a lo largo toda la novela, impide que \u00e9ste sienta el calor de la espesa sangre que rezuman estas p\u00e1ginas. Franck Thilliez logra que la lectura se convierta en una experiencia visceral. Un thriller absolutamente recomendable (salvo, quiz\u00e1s, para quienes padezcan enfermedades card\u00edacas).<\/p>\n","protected":false},"excerpt":{"rendered":"<p>La aparici\u00f3n de un cad\u00e1ver decapitado, art\u00edsticamente troceado y diseminado con enigm\u00e1ticos designios por diversos rincones de Par\u00eds, sacude de un modo el\u00e9ctrico al comisario Franck Sharko. Saber que no se trata del cuerpo de su esposa, que lleva ya seis meses desaparecida sin que nadie haya pedido rescate y sin que se tenga la [&hellip;]<\/p>\n","protected":false},"featured_media":10330,"template":"","meta":[],"product_brand":[],"product_cat":[25,47],"product_tag":[54,1371,1370,45],"class_list":{"0":"post-10327","1":"product","2":"type-product","3":"status-publish","4":"has-post-thumbnail","6":"product_cat-libros-digitales-ebooks","7":"product_cat-libros-digitales-sagas","8":"product_tag-descargar-ebook","9":"product_tag-el-angel-rojo","10":"product_tag-franck-thilliez","11":"product_tag-mejor-novela","13":"first","14":"instock","15":"shipping-taxable","16":"purchasable","17":"product-type-variable","18":"has-default-attributes"},"_links":{"self":[{"href":"https:\/\/www.taller-palabras.com\/WordPress_04\/wp-json\/wp\/v2\/product\/10327","targetHints":{"allow":["GET"]}}],"collection":[{"href":"https:\/\/www.taller-palabras.com\/WordPress_04\/wp-json\/wp\/v2\/product"}],"about":[{"href":"https:\/\/www.taller-palabras.com\/WordPress_04\/wp-json\/wp\/v2\/types\/product"}],"wp:featuredmedia":[{"embeddable":true,"href":"https:\/\/www.taller-palabras.com\/WordPress_04\/wp-json\/wp\/v2\/media\/10330"}],"wp:attachment":[{"href":"https:\/\/www.taller-palabras.com\/WordPress_04\/wp-json\/wp\/v2\/media?parent=10327"}],"wp:term":[{"taxonomy":"product_brand","embeddable":true,"href":"https:\/\/www.taller-palabras.com\/WordPress_04\/wp-json\/wp\/v2\/product_brand?post=10327"},{"taxonomy":"product_cat","embeddable":true,"href":"https:\/\/www.taller-palabras.com\/WordPress_04\/wp-json\/wp\/v2\/product_cat?post=10327"},{"taxonomy":"product_tag","embeddable":true,"href":"https:\/\/www.taller-palabras.com\/WordPress_04\/wp-json\/wp\/v2\/product_tag?post=10327"}],"curies":[{"name":"wp","href":"https:\/\/api.w.org\/{rel}","templated":true}]}}