{"id":10381,"date":"2024-08-03T13:44:24","date_gmt":"2024-08-03T16:44:24","guid":{"rendered":"https:\/\/www.taller-palabras.com\/WordPress_04\/?post_type=product&#038;p=10381"},"modified":"2024-08-08T14:04:58","modified_gmt":"2024-08-08T17:04:58","slug":"serie-atomka-5-franck-thilliez-ebook","status":"publish","type":"product","link":"https:\/\/www.taller-palabras.com\/WordPress_04\/producto\/serie-atomka-5-franck-thilliez-ebook","title":{"rendered":"Serie: Atomka (5) &#8211; Franck Thilliez  \/ebook"},"content":{"rendered":"<figure id=\"attachment_10331\" aria-describedby=\"caption-attachment-10331\" style=\"width: 150px\" class=\"wp-caption alignleft\"><img loading=\"lazy\" decoding=\"async\" class=\"wp-image-10331 size-thumbnail\" src=\"https:\/\/www.taller-palabras.com\/WordPress_04\/wp-content\/uploads\/2024\/08\/FranckThilliez-150x150.jpg\" alt=\"\" width=\"150\" height=\"150\" srcset=\"https:\/\/www.taller-palabras.com\/WordPress_04\/wp-content\/uploads\/2024\/08\/FranckThilliez-150x150.jpg 150w, https:\/\/www.taller-palabras.com\/WordPress_04\/wp-content\/uploads\/2024\/08\/FranckThilliez-100x100.jpg 100w, https:\/\/www.taller-palabras.com\/WordPress_04\/wp-content\/uploads\/2024\/08\/FranckThilliez.jpg 283w\" sizes=\"auto, (max-width: 150px) 100vw, 150px\" \/><figcaption id=\"caption-attachment-10331\" class=\"wp-caption-text\">Autor Franck Thilliez<\/figcaption><\/figure>\n<p>A pocos d\u00edas de Navidad, un suceso de gran envergadura irrumpe en las vidas de Lucie Hennebelle y Franck Sharko, polic\u00edas de la famosa secci\u00f3n criminal del n\u00famero 36 del Quai des Orf\u00e8vres. Aparece el cad\u00e1ver de Christophe Gamblin, periodista de sucesos, encerrado en el congelador de su casa y su compa\u00f1era desaparece mientras llevaba a cabo una serie de entrevistas sobre un caso explosivo del que nadie conoce los detalles. La \u00fanica huella que parece haber dejado es su nombre garabateado en un papel que conserva un ni\u00f1o vagabundo y muy enfermo. Al mismo tiempo, un antiguo caso de mujeres secuestradas vuelve a salir a la superficie: v\u00edctimas arrojadas vivas pero inconscientes a lagos pr\u00e1cticamente congelados, y rescatadas in extremis gracias a varias llamadas an\u00f3nimas a la polic\u00eda. Las se\u00f1ales de un asesino brutal obsesionado con la hipotermia arrastrar\u00e1n a Lucie y a Sharko hacia la zona prohibida de un lugar aterrador y devastado. Mientras la investigaci\u00f3n se acelera, Sharko se enfrenta a viejos demonios que le conducir\u00e1n a un duelo secreto y cruel que le ir\u00e1 destruyendo.<\/p>\n","protected":false},"excerpt":{"rendered":"<p>A pocos d\u00edas de Navidad, un suceso de gran envergadura irrumpe en las vidas de Lucie Hennebelle y Franck Sharko, polic\u00edas de la famosa secci\u00f3n criminal del n\u00famero 36 del Quai des Orf\u00e8vres. Aparece el cad\u00e1ver de Christophe Gamblin, periodista de sucesos, encerrado en el congelador de su casa y su compa\u00f1era desaparece mientras llevaba [&hellip;]<\/p>\n","protected":false},"featured_media":10386,"template":"","meta":[],"product_brand":[],"product_cat":[25,47],"product_tag":[1377,54,1370,45],"class_list":{"0":"post-10381","1":"product","2":"type-product","3":"status-publish","4":"has-post-thumbnail","6":"product_cat-libros-digitales-ebooks","7":"product_cat-libros-digitales-sagas","8":"product_tag-atomka","9":"product_tag-descargar-ebook","10":"product_tag-franck-thilliez","11":"product_tag-mejor-novela","13":"first","14":"instock","15":"shipping-taxable","16":"purchasable","17":"product-type-variable","18":"has-default-attributes"},"_links":{"self":[{"href":"https:\/\/www.taller-palabras.com\/WordPress_04\/wp-json\/wp\/v2\/product\/10381","targetHints":{"allow":["GET"]}}],"collection":[{"href":"https:\/\/www.taller-palabras.com\/WordPress_04\/wp-json\/wp\/v2\/product"}],"about":[{"href":"https:\/\/www.taller-palabras.com\/WordPress_04\/wp-json\/wp\/v2\/types\/product"}],"wp:featuredmedia":[{"embeddable":true,"href":"https:\/\/www.taller-palabras.com\/WordPress_04\/wp-json\/wp\/v2\/media\/10386"}],"wp:attachment":[{"href":"https:\/\/www.taller-palabras.com\/WordPress_04\/wp-json\/wp\/v2\/media?parent=10381"}],"wp:term":[{"taxonomy":"product_brand","embeddable":true,"href":"https:\/\/www.taller-palabras.com\/WordPress_04\/wp-json\/wp\/v2\/product_brand?post=10381"},{"taxonomy":"product_cat","embeddable":true,"href":"https:\/\/www.taller-palabras.com\/WordPress_04\/wp-json\/wp\/v2\/product_cat?post=10381"},{"taxonomy":"product_tag","embeddable":true,"href":"https:\/\/www.taller-palabras.com\/WordPress_04\/wp-json\/wp\/v2\/product_tag?post=10381"}],"curies":[{"name":"wp","href":"https:\/\/api.w.org\/{rel}","templated":true}]}}

<figure id="attachment_10331" aria-describedby="caption-attachment-10331" style="width: 150px" class="wp-caption alignleft"><img loading="lazy" decoding="async" class="wp-image-10331 size-thumbnail" src="https://www.taller-palabras.com/WordPress_04/wp-content/uploads/2024/08/FranckThilliez-150x150.jpg" alt="" width="150" height="150" srcset="https://www.taller-palabras.com/WordPress_04/wp-content/uploads/2024/08/FranckThilliez-150x150.jpg 150w, https://www.taller-palabras.com/WordPress_04/wp-content/uploads/2024/08/FranckThilliez-100x100.jpg 100w, https://www.taller-palabras.com/WordPress_04/wp-content/uploads/2024/08/FranckThilliez.jpg 283w" sizes="auto, (max-width: 150px) 100vw, 150px" /><figcaption id="caption-attachment-10331" class="wp-caption-text">Autor Franck Thilliez</figcaption></figure>
<p>A pocos días de Navidad, un suceso de gran envergadura irrumpe en las vidas de Lucie Hennebelle y Franck Sharko, policías de la famosa sección criminal del número 36 del Quai des Orfèvres. Aparece el cadáver de Christophe Gamblin, periodista de sucesos, encerrado en el congelador de su casa y su compañera desaparece mientras llevaba a cabo una serie de entrevistas sobre un caso explosivo del que nadie conoce los detalles. La única huella que parece haber dejado es su nombre garabateado en un papel que conserva un niño vagabundo y muy enfermo. Al mismo tiempo, un antiguo caso de mujeres secuestradas vuelve a salir a la superficie: víctimas arrojadas vivas pero inconscientes a lagos prácticamente congelados, y rescatadas in extremis gracias a varias llamadas anónimas a la policía. Las señales de un asesino brutal obsesionado con la hipotermia arrastrarán a Lucie y a Sharko hacia la zona prohibida de un lugar aterrador y devastado. Mientras la investigación se acelera, Sharko se enfrenta a viejos demonios que le conducirán a un duelo secreto y cruel que le irá destruyendo.</p>

<p>A pocos días de Navidad, un suceso de gran envergadura irrumpe en las vidas de Lucie Hennebelle y Franck Sharko, policías de la famosa sección criminal del número 36 del Quai des Orfèvres. Aparece el cadáver de Christophe Gamblin, periodista de sucesos, encerrado en el congelador de su casa y su compañera desaparece mientras llevaba [&hellip;]</p>
