{"id":10468,"date":"2022-08-27T11:03:15","date_gmt":"2022-08-27T14:03:15","guid":{"rendered":"https:\/\/www.taller-palabras.com\/WordPress_04\/?post_type=product&#038;p=10468"},"modified":"2024-08-21T14:02:36","modified_gmt":"2024-08-21T17:02:36","slug":"saga-dios-emperador-de-dune-4-frank-herbert-ebook","status":"publish","type":"product","link":"https:\/\/www.taller-palabras.com\/WordPress_04\/producto\/saga-dios-emperador-de-dune-4-frank-herbert-ebook","title":{"rendered":"Saga: Dios emperador de Dune (4) &#8211; Frank Herbert \/ebook"},"content":{"rendered":"<figure id=\"attachment_6160\" aria-describedby=\"caption-attachment-6160\" style=\"width: 150px\" class=\"wp-caption alignleft\"><img loading=\"lazy\" decoding=\"async\" class=\"wp-image-6160 size-thumbnail\" src=\"https:\/\/www.taller-palabras.com\/WordPress_04\/wp-content\/uploads\/2022\/08\/Franck_Hebert-150x150.jpg\" alt=\"\" width=\"150\" height=\"150\" srcset=\"https:\/\/www.taller-palabras.com\/WordPress_04\/wp-content\/uploads\/2022\/08\/Franck_Hebert-150x150.jpg 150w, https:\/\/www.taller-palabras.com\/WordPress_04\/wp-content\/uploads\/2022\/08\/Franck_Hebert-100x100.jpg 100w\" sizes=\"auto, (max-width: 150px) 100vw, 150px\" \/><figcaption id=\"caption-attachment-6160\" class=\"wp-caption-text\">Autor Frank Herbert<\/figcaption><\/figure>\n<p>Dios emperador de Dune centra el inter\u00e9s en la figura mesi\u00e1nica de Leto Atreides II (hijo de Paul Atreides, h\u00e9roe cuya estirpe hunde sus ra\u00edces en la legendaria casa griega de los \u00c1tridas: una combinaci\u00f3n de Ulises, Jes\u00fas y Mahoma), y nos lleva a trav\u00e9s de la complejidad moral y el dilema \u00e9tico a comprender los mitos que necesita la humanidad y a los h\u00e9roes que los encarnan. El futuro, en el mundo de Dune, pertenece s\u00f3lo a los que son capaces de pensar por s\u00ed mismos.<\/p>\n","protected":false},"excerpt":{"rendered":"<p>Dios emperador de Dune centra el inter\u00e9s en la figura mesi\u00e1nica de Leto Atreides II (hijo de Paul Atreides, h\u00e9roe cuya estirpe hunde sus ra\u00edces en la legendaria casa griega de los \u00c1tridas: una combinaci\u00f3n de Ulises, Jes\u00fas y Mahoma), y nos lleva a trav\u00e9s de la complejidad moral y el dilema \u00e9tico a comprender [&hellip;]<\/p>\n","protected":false},"featured_media":10471,"template":"","meta":[],"product_brand":[],"product_cat":[25,47],"product_tag":[54,1383,889,45],"class_list":{"0":"post-10468","1":"product","2":"type-product","3":"status-publish","4":"has-post-thumbnail","6":"product_cat-libros-digitales-ebooks","7":"product_cat-libros-digitales-sagas","8":"product_tag-descargar-ebook","9":"product_tag-dios-emperador-de-dune","10":"product_tag-frank-herbert","11":"product_tag-mejor-novela","13":"first","14":"instock","15":"shipping-taxable","16":"purchasable","17":"product-type-variable","18":"has-default-attributes"},"_links":{"self":[{"href":"https:\/\/www.taller-palabras.com\/WordPress_04\/wp-json\/wp\/v2\/product\/10468","targetHints":{"allow":["GET"]}}],"collection":[{"href":"https:\/\/www.taller-palabras.com\/WordPress_04\/wp-json\/wp\/v2\/product"}],"about":[{"href":"https:\/\/www.taller-palabras.com\/WordPress_04\/wp-json\/wp\/v2\/types\/product"}],"wp:featuredmedia":[{"embeddable":true,"href":"https:\/\/www.taller-palabras.com\/WordPress_04\/wp-json\/wp\/v2\/media\/10471"}],"wp:attachment":[{"href":"https:\/\/www.taller-palabras.com\/WordPress_04\/wp-json\/wp\/v2\/media?parent=10468"}],"wp:term":[{"taxonomy":"product_brand","embeddable":true,"href":"https:\/\/www.taller-palabras.com\/WordPress_04\/wp-json\/wp\/v2\/product_brand?post=10468"},{"taxonomy":"product_cat","embeddable":true,"href":"https:\/\/www.taller-palabras.com\/WordPress_04\/wp-json\/wp\/v2\/product_cat?post=10468"},{"taxonomy":"product_tag","embeddable":true,"href":"https:\/\/www.taller-palabras.com\/WordPress_04\/wp-json\/wp\/v2\/product_tag?post=10468"}],"curies":[{"name":"wp","href":"https:\/\/api.w.org\/{rel}","templated":true}]}}