{"id":10617,"date":"2023-12-31T13:30:36","date_gmt":"2023-12-31T16:30:36","guid":{"rendered":"https:\/\/www.taller-palabras.com\/WordPress_04\/?post_type=product&#038;p=10617"},"modified":"2024-09-15T11:17:32","modified_gmt":"2024-09-15T14:17:32","slug":"la-casa-de-los-espiritus-isabel-allende-ebook","status":"publish","type":"product","link":"https:\/\/www.taller-palabras.com\/WordPress_04\/producto\/la-casa-de-los-espiritus-isabel-allende-ebook","title":{"rendered":"La casa de los esp\u00edritus &#8211; Isabel Allende \/ebook"},"content":{"rendered":"<figure id=\"attachment_861\" aria-describedby=\"caption-attachment-861\" style=\"width: 150px\" class=\"wp-caption alignleft\"><img loading=\"lazy\" decoding=\"async\" class=\"wp-image-861 size-thumbnail\" src=\"https:\/\/www.taller-palabras.com\/WordPress_04\/wp-content\/uploads\/2020\/01\/Isabel_Allende-150x150.jpg\" alt=\"\" width=\"150\" height=\"150\" srcset=\"https:\/\/www.taller-palabras.com\/WordPress_04\/wp-content\/uploads\/2020\/01\/Isabel_Allende-150x150.jpg 150w, https:\/\/www.taller-palabras.com\/WordPress_04\/wp-content\/uploads\/2020\/01\/Isabel_Allende-100x100.jpg 100w\" sizes=\"auto, (max-width: 150px) 100vw, 150px\" \/><figcaption id=\"caption-attachment-861\" class=\"wp-caption-text\">Autora Isabel Allende<\/figcaption><\/figure>\n<p>La novela recorre, con el paso de los a\u00f1os, la evoluci\u00f3n de los cambios sociales e ideol\u00f3gicos del pa\u00eds, sin perder de vista las peripecias personales -a menudo misteriosas- de la saga familiar. Entrar\u00e1n en escena los avances tecnol\u00f3gicos, la mudanza en las costumbres, las \u00abnuevas ideas\u00bb socialistas y de emancipaci\u00f3n de la mujer, el espiritismo y los fantasmas comunistas, hasta desembocar en el triunfo socialista y el posterior golpe militar. Estas convulsiones afectar\u00e1n a la familia de Esteban Trueba -cuyos miembros poseen siempre alg\u00fan rasgo extravagante y desmedido- con distintos matices de dramatismo y violencia. EL viejo terrateniente envejece y, con \u00e9l, una forma de ver el mundo basada en el dominio, el c\u00f3digo de honor y la venganza. La casa de los esp\u00edritus fue llevada al cine por Bille August en 1993. Antonio Banderas, Meryl Streep, Glenn Close, Winona Ryder y Jeremy Irons encarnaron a los personajes principales.<\/p>\n<p>&nbsp;<\/p>\n","protected":false},"excerpt":{"rendered":"<p>La novela recorre, con el paso de los a\u00f1os, la evoluci\u00f3n de los cambios sociales e ideol\u00f3gicos del pa\u00eds, sin perder de vista las peripecias personales -a menudo misteriosas- de la saga familiar. Entrar\u00e1n en escena los avances tecnol\u00f3gicos, la mudanza en las costumbres, las \u00abnuevas ideas\u00bb socialistas y de emancipaci\u00f3n de la mujer, el [&hellip;]<\/p>\n","protected":false},"featured_media":10622,"template":"","meta":[],"product_brand":[],"product_cat":[25],"product_tag":[54,139,1402,225],"class_list":{"0":"post-10617","1":"product","2":"type-product","3":"status-publish","4":"has-post-thumbnail","6":"product_cat-libros-digitales-ebooks","7":"product_tag-descargar-ebook","8":"product_tag-isabel-allende","9":"product_tag-la-casa-de-los-espiritus","10":"product_tag-mejores-novelas","12":"first","13":"instock","14":"shipping-taxable","15":"purchasable","16":"product-type-variable","17":"has-default-attributes"},"_links":{"self":[{"href":"https:\/\/www.taller-palabras.com\/WordPress_04\/wp-json\/wp\/v2\/product\/10617","targetHints":{"allow":["GET"]}}],"collection":[{"href":"https:\/\/www.taller-palabras.com\/WordPress_04\/wp-json\/wp\/v2\/product"}],"about":[{"href":"https:\/\/www.taller-palabras.com\/WordPress_04\/wp-json\/wp\/v2\/types\/product"}],"wp:featuredmedia":[{"embeddable":true,"href":"https:\/\/www.taller-palabras.com\/WordPress_04\/wp-json\/wp\/v2\/media\/10622"}],"wp:attachment":[{"href":"https:\/\/www.taller-palabras.com\/WordPress_04\/wp-json\/wp\/v2\/media?parent=10617"}],"wp:term":[{"taxonomy":"product_brand","embeddable":true,"href":"https:\/\/www.taller-palabras.com\/WordPress_04\/wp-json\/wp\/v2\/product_brand?post=10617"},{"taxonomy":"product_cat","embeddable":true,"href":"https:\/\/www.taller-palabras.com\/WordPress_04\/wp-json\/wp\/v2\/product_cat?post=10617"},{"taxonomy":"product_tag","embeddable":true,"href":"https:\/\/www.taller-palabras.com\/WordPress_04\/wp-json\/wp\/v2\/product_tag?post=10617"}],"curies":[{"name":"wp","href":"https:\/\/api.w.org\/{rel}","templated":true}]}}

La casa de los espíritus &#8211; Isabel Allende /ebook

<figure id="attachment_861" aria-describedby="caption-attachment-861" style="width: 150px" class="wp-caption alignleft"><img loading="lazy" decoding="async" class="wp-image-861 size-thumbnail" src="https://www.taller-palabras.com/WordPress_04/wp-content/uploads/2020/01/Isabel_Allende-150x150.jpg" alt="" width="150" height="150" srcset="https://www.taller-palabras.com/WordPress_04/wp-content/uploads/2020/01/Isabel_Allende-150x150.jpg 150w, https://www.taller-palabras.com/WordPress_04/wp-content/uploads/2020/01/Isabel_Allende-100x100.jpg 100w" sizes="auto, (max-width: 150px) 100vw, 150px" /><figcaption id="caption-attachment-861" class="wp-caption-text">Autora Isabel Allende</figcaption></figure>
<p>La novela recorre, con el paso de los años, la evolución de los cambios sociales e ideológicos del país, sin perder de vista las peripecias personales -a menudo misteriosas- de la saga familiar. Entrarán en escena los avances tecnológicos, la mudanza en las costumbres, las «nuevas ideas» socialistas y de emancipación de la mujer, el espiritismo y los fantasmas comunistas, hasta desembocar en el triunfo socialista y el posterior golpe militar. Estas convulsiones afectarán a la familia de Esteban Trueba -cuyos miembros poseen siempre algún rasgo extravagante y desmedido- con distintos matices de dramatismo y violencia. EL viejo terrateniente envejece y, con él, una forma de ver el mundo basada en el dominio, el código de honor y la venganza. La casa de los espíritus fue llevada al cine por Bille August en 1993. Antonio Banderas, Meryl Streep, Glenn Close, Winona Ryder y Jeremy Irons encarnaron a los personajes principales.</p>
<p>&nbsp;</p>

<p>La novela recorre, con el paso de los años, la evolución de los cambios sociales e ideológicos del país, sin perder de vista las peripecias personales -a menudo misteriosas- de la saga familiar. Entrarán en escena los avances tecnológicos, la mudanza en las costumbres, las «nuevas ideas» socialistas y de emancipación de la mujer, el [&hellip;]</p>
