{"id":10676,"date":"2024-09-29T13:24:05","date_gmt":"2024-09-29T16:24:05","guid":{"rendered":"https:\/\/www.taller-palabras.com\/WordPress_04\/?post_type=product&#038;p=10676"},"modified":"2024-09-30T12:08:57","modified_gmt":"2024-09-30T15:08:57","slug":"saga-la-torre-oscura-mago-y-cristal-4-stephen-king-ebook","status":"publish","type":"product","link":"https:\/\/www.taller-palabras.com\/WordPress_04\/producto\/saga-la-torre-oscura-mago-y-cristal-4-stephen-king-ebook","title":{"rendered":"Saga: La torre oscura &#8211; Mago y cristal (4) &#8211; Stephen King \/ebook"},"content":{"rendered":"<figure id=\"attachment_2450\" aria-describedby=\"caption-attachment-2450\" style=\"width: 150px\" class=\"wp-caption alignleft\"><img loading=\"lazy\" decoding=\"async\" class=\"wp-image-2450 size-thumbnail\" src=\"https:\/\/www.taller-palabras.com\/WordPress_04\/wp-content\/uploads\/2020\/09\/StephenKing-150x150.jpg\" alt=\"\" width=\"150\" height=\"150\" srcset=\"https:\/\/www.taller-palabras.com\/WordPress_04\/wp-content\/uploads\/2020\/09\/StephenKing-150x150.jpg 150w, https:\/\/www.taller-palabras.com\/WordPress_04\/wp-content\/uploads\/2020\/09\/StephenKing-100x100.jpg 100w\" sizes=\"auto, (max-width: 150px) 100vw, 150px\" \/><figcaption id=\"caption-attachment-2450\" class=\"wp-caption-text\">Autor Stephen King<\/figcaption><\/figure>\n<p>Rolando y el ka-tet han conseguido escapar de la ciudad de Lud a bordo de Blaine, el tren enloquecido. Vencen a este \u00faltimo en un concurso de adivinanzas y siguen su camino hacia la Torre Oscura. Rolando ahora cuenta su historia, una historia tr\u00e1gica de traiciones y de destierro y de c\u00f3mo se convirti\u00f3 en pistolero solitario, sin hogar, entregado a una b\u00fasqueda quiz\u00e1 imposible. Pero lo que fundamentalmente narra Rolando es la historia de su amor por Susan Delgado, su primer amor y probablemente el \u00fanico verdadero de su vida, y de las maniobras para separarlos. Y es que Rolando era demasiado joven para defenderse de las fuerzas naturales y sobrenaturales que conspiraban contra \u00e9l&#8230;<\/p>\n","protected":false},"excerpt":{"rendered":"<p>Rolando y el ka-tet han conseguido escapar de la ciudad de Lud a bordo de Blaine, el tren enloquecido. Vencen a este \u00faltimo en un concurso de adivinanzas y siguen su camino hacia la Torre Oscura. Rolando ahora cuenta su historia, una historia tr\u00e1gica de traiciones y de destierro y de c\u00f3mo se convirti\u00f3 en [&hellip;]<\/p>\n","protected":false},"featured_media":10681,"template":"","meta":[],"product_brand":[],"product_cat":[25,47],"product_tag":[54,1406,272],"class_list":{"0":"post-10676","1":"product","2":"type-product","3":"status-publish","4":"has-post-thumbnail","6":"product_cat-libros-digitales-ebooks","7":"product_cat-libros-digitales-sagas","8":"product_tag-descargar-ebook","9":"product_tag-mago-y-cristal","10":"product_tag-stephen-king","12":"first","13":"instock","14":"shipping-taxable","15":"purchasable","16":"product-type-variable","17":"has-default-attributes"},"_links":{"self":[{"href":"https:\/\/www.taller-palabras.com\/WordPress_04\/wp-json\/wp\/v2\/product\/10676","targetHints":{"allow":["GET"]}}],"collection":[{"href":"https:\/\/www.taller-palabras.com\/WordPress_04\/wp-json\/wp\/v2\/product"}],"about":[{"href":"https:\/\/www.taller-palabras.com\/WordPress_04\/wp-json\/wp\/v2\/types\/product"}],"wp:featuredmedia":[{"embeddable":true,"href":"https:\/\/www.taller-palabras.com\/WordPress_04\/wp-json\/wp\/v2\/media\/10681"}],"wp:attachment":[{"href":"https:\/\/www.taller-palabras.com\/WordPress_04\/wp-json\/wp\/v2\/media?parent=10676"}],"wp:term":[{"taxonomy":"product_brand","embeddable":true,"href":"https:\/\/www.taller-palabras.com\/WordPress_04\/wp-json\/wp\/v2\/product_brand?post=10676"},{"taxonomy":"product_cat","embeddable":true,"href":"https:\/\/www.taller-palabras.com\/WordPress_04\/wp-json\/wp\/v2\/product_cat?post=10676"},{"taxonomy":"product_tag","embeddable":true,"href":"https:\/\/www.taller-palabras.com\/WordPress_04\/wp-json\/wp\/v2\/product_tag?post=10676"}],"curies":[{"name":"wp","href":"https:\/\/api.w.org\/{rel}","templated":true}]}}