{"id":10700,"date":"2024-09-30T12:34:18","date_gmt":"2024-09-30T15:34:18","guid":{"rendered":"https:\/\/www.taller-palabras.com\/WordPress_04\/?post_type=product&#038;p=10700"},"modified":"2024-10-05T12:24:52","modified_gmt":"2024-10-05T15:24:52","slug":"matadero-cinco-kurt-vonnegut-ebook","status":"publish","type":"product","link":"https:\/\/www.taller-palabras.com\/WordPress_04\/producto\/matadero-cinco-kurt-vonnegut-ebook","title":{"rendered":"Matadero cinco &#8211; Kurt Vonnegut \/ebook"},"content":{"rendered":"<figure id=\"attachment_10717\" aria-describedby=\"caption-attachment-10717\" style=\"width: 150px\" class=\"wp-caption alignleft\"><img loading=\"lazy\" decoding=\"async\" class=\"wp-image-10717 size-thumbnail\" src=\"https:\/\/www.taller-palabras.com\/WordPress_04\/wp-content\/uploads\/2024\/09\/Kurt-Vonnegut-150x150.png\" alt=\"\" width=\"150\" height=\"150\" srcset=\"https:\/\/www.taller-palabras.com\/WordPress_04\/wp-content\/uploads\/2024\/09\/Kurt-Vonnegut-150x150.png 150w, https:\/\/www.taller-palabras.com\/WordPress_04\/wp-content\/uploads\/2024\/09\/Kurt-Vonnegut-100x100.png 100w\" sizes=\"auto, (max-width: 150px) 100vw, 150px\" \/><figcaption id=\"caption-attachment-10717\" class=\"wp-caption-text\">Autor Kurt Vonnegut<\/figcaption><\/figure>\n<p>Kurt Vonnegut quer\u00eda escribir una novela sobre la guerra. Pero ten\u00eda dos problemas. El primero, que le hac\u00eda volver a lo que \u00e9l hab\u00eda sufrido: sobrevivi\u00f3 al bombardeo de Dresde, el m\u00e1s cruento de la Segunda Guerra Mundial, y fue hecho prisionero de guerra. El segundo, que le daba pavor que llevasen la historia al cine (como le advirti\u00f3 que pasar\u00eda una buena amiga suya) y la interpretase una gran estrella, un actor muy machote, y los ni\u00f1os quisiesen ir tambi\u00e9n a la guerra y las guerras no se acabaran nunca. Pero escribi\u00f3 esa novela, y se prometi\u00f3 que ser\u00eda distinta a todas las dem\u00e1s. Que hablar\u00eda de \u00abla cruzada de los ni\u00f1os\u00bb. Y que en ella habr\u00eda miedo y risa y viajes en el tiempo y ternura y estupor y sorpresa y fragilidad. Y esa novela se convirti\u00f3 en la gran novela antib\u00e9lica de todos los tiempos. En el emblema de la contracultura de los sesenta. En uno de los mayores cl\u00e1sicos de la narrativa estadounidense. En este libro que ahora sostiene el lector, en el que late el coraz\u00f3n asustado y risue\u00f1o de Vonnegut dentro de un b\u00fanker bombardeado y tambi\u00e9n la promesa infantil (y bonita) de que no habr\u00e1 m\u00e1s guerras.<\/p>\n","protected":false},"excerpt":{"rendered":"<p>Kurt Vonnegut quer\u00eda escribir una novela sobre la guerra. Pero ten\u00eda dos problemas. El primero, que le hac\u00eda volver a lo que \u00e9l hab\u00eda sufrido: sobrevivi\u00f3 al bombardeo de Dresde, el m\u00e1s cruento de la Segunda Guerra Mundial, y fue hecho prisionero de guerra. El segundo, que le daba pavor que llevasen la historia al [&hellip;]<\/p>\n","protected":false},"featured_media":10718,"template":"","meta":[],"product_brand":[],"product_cat":[25],"product_tag":[54,1412,1413,1184],"class_list":{"0":"post-10700","1":"product","2":"type-product","3":"status-publish","4":"has-post-thumbnail","6":"product_cat-libros-digitales-ebooks","7":"product_tag-descargar-ebook","8":"product_tag-kurt-vonnegut","9":"product_tag-matadero-cinco","10":"product_tag-mejor-novelas","12":"first","13":"instock","14":"shipping-taxable","15":"purchasable","16":"product-type-variable","17":"has-default-attributes"},"_links":{"self":[{"href":"https:\/\/www.taller-palabras.com\/WordPress_04\/wp-json\/wp\/v2\/product\/10700","targetHints":{"allow":["GET"]}}],"collection":[{"href":"https:\/\/www.taller-palabras.com\/WordPress_04\/wp-json\/wp\/v2\/product"}],"about":[{"href":"https:\/\/www.taller-palabras.com\/WordPress_04\/wp-json\/wp\/v2\/types\/product"}],"wp:featuredmedia":[{"embeddable":true,"href":"https:\/\/www.taller-palabras.com\/WordPress_04\/wp-json\/wp\/v2\/media\/10718"}],"wp:attachment":[{"href":"https:\/\/www.taller-palabras.com\/WordPress_04\/wp-json\/wp\/v2\/media?parent=10700"}],"wp:term":[{"taxonomy":"product_brand","embeddable":true,"href":"https:\/\/www.taller-palabras.com\/WordPress_04\/wp-json\/wp\/v2\/product_brand?post=10700"},{"taxonomy":"product_cat","embeddable":true,"href":"https:\/\/www.taller-palabras.com\/WordPress_04\/wp-json\/wp\/v2\/product_cat?post=10700"},{"taxonomy":"product_tag","embeddable":true,"href":"https:\/\/www.taller-palabras.com\/WordPress_04\/wp-json\/wp\/v2\/product_tag?post=10700"}],"curies":[{"name":"wp","href":"https:\/\/api.w.org\/{rel}","templated":true}]}}