{"id":10756,"date":"2022-10-16T16:46:14","date_gmt":"2022-10-16T19:46:14","guid":{"rendered":"https:\/\/www.taller-palabras.com\/WordPress_04\/?post_type=product&#038;p=10756"},"modified":"2024-10-16T16:57:58","modified_gmt":"2024-10-16T19:57:58","slug":"las-ensenanzas-de-don-juan-carlos-castaneda-ebook","status":"publish","type":"product","link":"https:\/\/www.taller-palabras.com\/WordPress_04\/producto\/las-ensenanzas-de-don-juan-carlos-castaneda-ebook","title":{"rendered":"Serie: Las ense\u00f1anzas de don Juan (1) &#8211; Carlos Castaneda \/ebook"},"content":{"rendered":"<figure id=\"attachment_10760\" aria-describedby=\"caption-attachment-10760\" style=\"width: 150px\" class=\"wp-caption alignleft\"><img loading=\"lazy\" decoding=\"async\" class=\"wp-image-10760 size-thumbnail\" src=\"https:\/\/www.taller-palabras.com\/WordPress_04\/wp-content\/uploads\/2024\/10\/Carlos-Castaneda-150x150.jpg\" alt=\"\" width=\"150\" height=\"150\" srcset=\"https:\/\/www.taller-palabras.com\/WordPress_04\/wp-content\/uploads\/2024\/10\/Carlos-Castaneda-150x150.jpg 150w, https:\/\/www.taller-palabras.com\/WordPress_04\/wp-content\/uploads\/2024\/10\/Carlos-Castaneda-100x100.jpg 100w, https:\/\/www.taller-palabras.com\/WordPress_04\/wp-content\/uploads\/2024\/10\/Carlos-Castaneda.jpg 220w\" sizes=\"auto, (max-width: 150px) 100vw, 150px\" \/><figcaption id=\"caption-attachment-10760\" class=\"wp-caption-text\">Autor Carlos Castaneda<\/figcaption><\/figure>\n<p>\u00abComo L\u00e1zaro vuelto de la tumba\u00bb (dijo alg\u00fan cr\u00edtico), un antrop\u00f3logo narra la primera etapa del aprendizaje que lo convertir\u00e1 en \u00abhombre de conocimientos\u00bb bajo la gu\u00eda de un brujo yaqui. Con diversos medios, don Juan sumerge a su disc\u00edpulo en una \u00abrealidad no ordinaria\u00bb, tan objetiva como la cotidiana pero totalmente distinta, inexplicable para nuestros esquemas de pensamiento pero no para la sabidur\u00eda antigua que el maestro transmite con impecable coherencia l\u00f3gica y po\u00e9tica. As\u00ed, al tiempo que socava la \u00abdescripci\u00f3n del mundo\u00bb en que Castaneda ha cre\u00eddo, don Juan propone otra \u2014vasta, maravillosa, terrible\u2014 y, con lecciones pr\u00e1cticas, ense\u00f1a a habitarla desde el nivel m\u00e1s inmediato. Conforme pierde defensas, el aprendiz va experimentando el estado de ser al que lo llevan las ense\u00f1anzas, la \u00abvida de guerrero\u00bb, y sucumbe ante el primer enemigo de un hombre de conocimiento: el temor. No fue, sin embargo, una derrota definitiva: Castaneda reanud\u00f3 su aprendizaje y ha publicado otros dos libros sobre \u00e9l, considerados, como Las ense\u00f1anzas de don Juan, cl\u00e1sicos contempor\u00e1neos.<\/p>\n","protected":false},"excerpt":{"rendered":"<p>\u00abComo L\u00e1zaro vuelto de la tumba\u00bb (dijo alg\u00fan cr\u00edtico), un antrop\u00f3logo narra la primera etapa del aprendizaje que lo convertir\u00e1 en \u00abhombre de conocimientos\u00bb bajo la gu\u00eda de un brujo yaqui. Con diversos medios, don Juan sumerge a su disc\u00edpulo en una \u00abrealidad no ordinaria\u00bb, tan objetiva como la cotidiana pero totalmente distinta, inexplicable para [&hellip;]<\/p>\n","protected":false},"featured_media":10759,"template":"","meta":[],"product_brand":[],"product_cat":[25,47],"product_tag":[1418,54,1419,1184],"class_list":{"0":"post-10756","1":"product","2":"type-product","3":"status-publish","4":"has-post-thumbnail","6":"product_cat-libros-digitales-ebooks","7":"product_cat-libros-digitales-sagas","8":"product_tag-carlos-castaneda","9":"product_tag-descargar-ebook","10":"product_tag-las-ensenanzas-de-don-juan","11":"product_tag-mejor-novelas","13":"first","14":"instock","15":"shipping-taxable","16":"purchasable","17":"product-type-variable","18":"has-default-attributes"},"_links":{"self":[{"href":"https:\/\/www.taller-palabras.com\/WordPress_04\/wp-json\/wp\/v2\/product\/10756","targetHints":{"allow":["GET"]}}],"collection":[{"href":"https:\/\/www.taller-palabras.com\/WordPress_04\/wp-json\/wp\/v2\/product"}],"about":[{"href":"https:\/\/www.taller-palabras.com\/WordPress_04\/wp-json\/wp\/v2\/types\/product"}],"wp:featuredmedia":[{"embeddable":true,"href":"https:\/\/www.taller-palabras.com\/WordPress_04\/wp-json\/wp\/v2\/media\/10759"}],"wp:attachment":[{"href":"https:\/\/www.taller-palabras.com\/WordPress_04\/wp-json\/wp\/v2\/media?parent=10756"}],"wp:term":[{"taxonomy":"product_brand","embeddable":true,"href":"https:\/\/www.taller-palabras.com\/WordPress_04\/wp-json\/wp\/v2\/product_brand?post=10756"},{"taxonomy":"product_cat","embeddable":true,"href":"https:\/\/www.taller-palabras.com\/WordPress_04\/wp-json\/wp\/v2\/product_cat?post=10756"},{"taxonomy":"product_tag","embeddable":true,"href":"https:\/\/www.taller-palabras.com\/WordPress_04\/wp-json\/wp\/v2\/product_tag?post=10756"}],"curies":[{"name":"wp","href":"https:\/\/api.w.org\/{rel}","templated":true}]}}