{"id":10763,"date":"2022-10-16T16:42:36","date_gmt":"2022-10-16T19:42:36","guid":{"rendered":"https:\/\/www.taller-palabras.com\/WordPress_04\/?post_type=product&#038;p=10763"},"modified":"2024-12-05T16:47:17","modified_gmt":"2024-12-05T19:47:17","slug":"el-segundo-anillo-de-poder-carlos-castaneda-ebook","status":"publish","type":"product","link":"https:\/\/www.taller-palabras.com\/WordPress_04\/producto\/el-segundo-anillo-de-poder-carlos-castaneda-ebook","title":{"rendered":"Serie: El segundo anillo de poder (5)- Carlos Castaneda \/ebook"},"content":{"rendered":"<figure id=\"attachment_10760\" aria-describedby=\"caption-attachment-10760\" style=\"width: 150px\" class=\"wp-caption alignleft\"><img loading=\"lazy\" decoding=\"async\" class=\"wp-image-10760 size-thumbnail\" src=\"https:\/\/www.taller-palabras.com\/WordPress_04\/wp-content\/uploads\/2024\/10\/Carlos-Castaneda-150x150.jpg\" alt=\"\" width=\"150\" height=\"150\" srcset=\"https:\/\/www.taller-palabras.com\/WordPress_04\/wp-content\/uploads\/2024\/10\/Carlos-Castaneda-150x150.jpg 150w, https:\/\/www.taller-palabras.com\/WordPress_04\/wp-content\/uploads\/2024\/10\/Carlos-Castaneda-100x100.jpg 100w, https:\/\/www.taller-palabras.com\/WordPress_04\/wp-content\/uploads\/2024\/10\/Carlos-Castaneda.jpg 220w\" sizes=\"auto, (max-width: 150px) 100vw, 150px\" \/><figcaption id=\"caption-attachment-10760\" class=\"wp-caption-text\">Autor Carlos Castaneda<\/figcaption><\/figure>\n<p>El \u00faltimo encuentro de Carlos Castaneda con don Juan tuvo lugar en la cima de un cerro. Se encontraban tambi\u00e9n don Genaro y otros dos aprendices, Pablito y N\u00e9stor. Hacia el desenlace, Pablito y Carlos saltaron desde la cumbre de la monta\u00f1a, laz\u00e1ndose a un abismo. En este quinto libro, Carlos Castaneda regresa a M\u00e9xico con la intenci\u00f3n de ver a Pablito y N\u00e9stor y pedirles ayuda para resolver sus dudas y conflictos, puesto que aunque su raz\u00f3n se niega a aceptarlo, una parte de su ser tiene la convicci\u00f3n de que tal salto efectivamente se produjo, por incre\u00edble que parezca. Lo que se encuentra entonces es con un asalto final a su racionalidad, planificado por don Juan antes de su partida, junto con la revelaci\u00f3n de algunos de los aspectos pr\u00e1cticos del arte de enso\u00f1ar. \u00abCuando nacemos traemos un anillo de poder. Casi desde el principio, empezamos a usar este anillito. As\u00ed que cada uno de nosotros est\u00e1 enganchado desde el nacimiento, y nuestros anillos de poder est\u00e1n unidos con los anillos de los dem\u00e1s. En otras palabras, nuestros anillos de poder est\u00e1n enganchados al \u00abhacer\u00bb del mundo para construir el mundo. Un hombre de conocimiento, en cambio, desarrolla otro anillo de poder. Yo lo llamar\u00eda el anillo de \u00abno-hacer\u00bb. As\u00ed, con este anillo, puede urdir otros mundos\u00bb. (Don Juan)<\/p>\n","protected":false},"excerpt":{"rendered":"<p>El \u00faltimo encuentro de Carlos Castaneda con don Juan tuvo lugar en la cima de un cerro. Se encontraban tambi\u00e9n don Genaro y otros dos aprendices, Pablito y N\u00e9stor. Hacia el desenlace, Pablito y Carlos saltaron desde la cumbre de la monta\u00f1a, laz\u00e1ndose a un abismo. En este quinto libro, Carlos Castaneda regresa a M\u00e9xico [&hellip;]<\/p>\n","protected":false},"featured_media":10768,"template":"","meta":[],"product_brand":[],"product_cat":[25,47],"product_tag":[1418,54,1420,1184],"class_list":{"0":"post-10763","1":"product","2":"type-product","3":"status-publish","4":"has-post-thumbnail","6":"product_cat-libros-digitales-ebooks","7":"product_cat-libros-digitales-sagas","8":"product_tag-carlos-castaneda","9":"product_tag-descargar-ebook","10":"product_tag-el-segundo-anillo-de-poder","11":"product_tag-mejor-novelas","13":"first","14":"instock","15":"shipping-taxable","16":"purchasable","17":"product-type-variable","18":"has-default-attributes"},"_links":{"self":[{"href":"https:\/\/www.taller-palabras.com\/WordPress_04\/wp-json\/wp\/v2\/product\/10763","targetHints":{"allow":["GET"]}}],"collection":[{"href":"https:\/\/www.taller-palabras.com\/WordPress_04\/wp-json\/wp\/v2\/product"}],"about":[{"href":"https:\/\/www.taller-palabras.com\/WordPress_04\/wp-json\/wp\/v2\/types\/product"}],"wp:featuredmedia":[{"embeddable":true,"href":"https:\/\/www.taller-palabras.com\/WordPress_04\/wp-json\/wp\/v2\/media\/10768"}],"wp:attachment":[{"href":"https:\/\/www.taller-palabras.com\/WordPress_04\/wp-json\/wp\/v2\/media?parent=10763"}],"wp:term":[{"taxonomy":"product_brand","embeddable":true,"href":"https:\/\/www.taller-palabras.com\/WordPress_04\/wp-json\/wp\/v2\/product_brand?post=10763"},{"taxonomy":"product_cat","embeddable":true,"href":"https:\/\/www.taller-palabras.com\/WordPress_04\/wp-json\/wp\/v2\/product_cat?post=10763"},{"taxonomy":"product_tag","embeddable":true,"href":"https:\/\/www.taller-palabras.com\/WordPress_04\/wp-json\/wp\/v2\/product_tag?post=10763"}],"curies":[{"name":"wp","href":"https:\/\/api.w.org\/{rel}","templated":true}]}}

<figure id="attachment_10760" aria-describedby="caption-attachment-10760" style="width: 150px" class="wp-caption alignleft"><img loading="lazy" decoding="async" class="wp-image-10760 size-thumbnail" src="https://www.taller-palabras.com/WordPress_04/wp-content/uploads/2024/10/Carlos-Castaneda-150x150.jpg" alt="" width="150" height="150" srcset="https://www.taller-palabras.com/WordPress_04/wp-content/uploads/2024/10/Carlos-Castaneda-150x150.jpg 150w, https://www.taller-palabras.com/WordPress_04/wp-content/uploads/2024/10/Carlos-Castaneda-100x100.jpg 100w, https://www.taller-palabras.com/WordPress_04/wp-content/uploads/2024/10/Carlos-Castaneda.jpg 220w" sizes="auto, (max-width: 150px) 100vw, 150px" /><figcaption id="caption-attachment-10760" class="wp-caption-text">Autor Carlos Castaneda</figcaption></figure>
<p>El último encuentro de Carlos Castaneda con don Juan tuvo lugar en la cima de un cerro. Se encontraban también don Genaro y otros dos aprendices, Pablito y Néstor. Hacia el desenlace, Pablito y Carlos saltaron desde la cumbre de la montaña, lazándose a un abismo. En este quinto libro, Carlos Castaneda regresa a México con la intención de ver a Pablito y Néstor y pedirles ayuda para resolver sus dudas y conflictos, puesto que aunque su razón se niega a aceptarlo, una parte de su ser tiene la convicción de que tal salto efectivamente se produjo, por increíble que parezca. Lo que se encuentra entonces es con un asalto final a su racionalidad, planificado por don Juan antes de su partida, junto con la revelación de algunos de los aspectos prácticos del arte de ensoñar. «Cuando nacemos traemos un anillo de poder. Casi desde el principio, empezamos a usar este anillito. Así que cada uno de nosotros está enganchado desde el nacimiento, y nuestros anillos de poder están unidos con los anillos de los demás. En otras palabras, nuestros anillos de poder están enganchados al «hacer» del mundo para construir el mundo. Un hombre de conocimiento, en cambio, desarrolla otro anillo de poder. Yo lo llamaría el anillo de «no-hacer». Así, con este anillo, puede urdir otros mundos». (Don Juan)</p>

<p>El último encuentro de Carlos Castaneda con don Juan tuvo lugar en la cima de un cerro. Se encontraban también don Genaro y otros dos aprendices, Pablito y Néstor. Hacia el desenlace, Pablito y Carlos saltaron desde la cumbre de la montaña, lazándose a un abismo. En este quinto libro, Carlos Castaneda regresa a México [&hellip;]</p>
