{"id":10829,"date":"2022-11-02T11:00:37","date_gmt":"2022-11-02T14:00:37","guid":{"rendered":"https:\/\/www.taller-palabras.com\/WordPress_04\/?post_type=product&#038;p=10829"},"modified":"2024-11-02T11:09:46","modified_gmt":"2024-11-02T14:09:46","slug":"60-poemas-emily-dickinson-ebook","status":"publish","type":"product","link":"https:\/\/www.taller-palabras.com\/WordPress_04\/producto\/60-poemas-emily-dickinson-ebook","title":{"rendered":"60 poemas &#8211; Emily Dickinson  \/ebook"},"content":{"rendered":"<figure id=\"attachment_10832\" aria-describedby=\"caption-attachment-10832\" style=\"width: 150px\" class=\"wp-caption alignleft\"><img loading=\"lazy\" decoding=\"async\" class=\"wp-image-10832 size-thumbnail\" src=\"https:\/\/www.taller-palabras.com\/WordPress_04\/wp-content\/uploads\/2024\/11\/emily_dickinson-150x150.jpg\" alt=\"\" width=\"150\" height=\"150\" srcset=\"https:\/\/www.taller-palabras.com\/WordPress_04\/wp-content\/uploads\/2024\/11\/emily_dickinson-150x150.jpg 150w, https:\/\/www.taller-palabras.com\/WordPress_04\/wp-content\/uploads\/2024\/11\/emily_dickinson-100x100.jpg 100w, https:\/\/www.taller-palabras.com\/WordPress_04\/wp-content\/uploads\/2024\/11\/emily_dickinson.jpg 284w\" sizes=\"auto, (max-width: 150px) 100vw, 150px\" \/><figcaption id=\"caption-attachment-10832\" class=\"wp-caption-text\">Autora Emily Dickinson<\/figcaption><\/figure>\n<p>Excluidas algunas breves estancias en Washington, Filadelfia y Boston, Emily Dickinson llev\u00f3 una vida retirada y solitaria en la casa paterna de Amherst, ocup\u00e1ndose del jard\u00edn, escribiendo poes\u00eda y manteniendo una extensa correspondencia con amigos y tutores. Su obra, integrada por 1775 poemas, de los cuales no lleg\u00f3 a publicar ni una decena en vida, hace de ella una de las voces m\u00e1s significativas de la literatura norteamericana.<\/p>\n","protected":false},"excerpt":{"rendered":"<p>Excluidas algunas breves estancias en Washington, Filadelfia y Boston, Emily Dickinson llev\u00f3 una vida retirada y solitaria en la casa paterna de Amherst, ocup\u00e1ndose del jard\u00edn, escribiendo poes\u00eda y manteniendo una extensa correspondencia con amigos y tutores. Su obra, integrada por 1775 poemas, de los cuales no lleg\u00f3 a publicar ni una decena en vida, [&hellip;]<\/p>\n","protected":false},"featured_media":10833,"template":"","meta":[],"product_brand":[],"product_cat":[25],"product_tag":[1431,54,1430,45],"class_list":{"0":"post-10829","1":"product","2":"type-product","3":"status-publish","4":"has-post-thumbnail","6":"product_cat-libros-digitales-ebooks","7":"product_tag-60-poemas","8":"product_tag-descargar-ebook","9":"product_tag-emily-dickinson","10":"product_tag-mejor-novela","12":"first","13":"instock","14":"shipping-taxable","15":"purchasable","16":"product-type-variable","17":"has-default-attributes"},"_links":{"self":[{"href":"https:\/\/www.taller-palabras.com\/WordPress_04\/wp-json\/wp\/v2\/product\/10829","targetHints":{"allow":["GET"]}}],"collection":[{"href":"https:\/\/www.taller-palabras.com\/WordPress_04\/wp-json\/wp\/v2\/product"}],"about":[{"href":"https:\/\/www.taller-palabras.com\/WordPress_04\/wp-json\/wp\/v2\/types\/product"}],"wp:featuredmedia":[{"embeddable":true,"href":"https:\/\/www.taller-palabras.com\/WordPress_04\/wp-json\/wp\/v2\/media\/10833"}],"wp:attachment":[{"href":"https:\/\/www.taller-palabras.com\/WordPress_04\/wp-json\/wp\/v2\/media?parent=10829"}],"wp:term":[{"taxonomy":"product_brand","embeddable":true,"href":"https:\/\/www.taller-palabras.com\/WordPress_04\/wp-json\/wp\/v2\/product_brand?post=10829"},{"taxonomy":"product_cat","embeddable":true,"href":"https:\/\/www.taller-palabras.com\/WordPress_04\/wp-json\/wp\/v2\/product_cat?post=10829"},{"taxonomy":"product_tag","embeddable":true,"href":"https:\/\/www.taller-palabras.com\/WordPress_04\/wp-json\/wp\/v2\/product_tag?post=10829"}],"curies":[{"name":"wp","href":"https:\/\/api.w.org\/{rel}","templated":true}]}}