{"id":10841,"date":"2024-08-23T14:52:42","date_gmt":"2024-08-23T17:52:42","guid":{"rendered":"https:\/\/www.taller-palabras.com\/WordPress_04\/?post_type=product&#038;p=10841"},"modified":"2024-11-02T11:34:21","modified_gmt":"2024-11-02T14:34:21","slug":"amor-en-verso-colleen-hoover-ebook","status":"publish","type":"product","link":"https:\/\/www.taller-palabras.com\/WordPress_04\/producto\/amor-en-verso-colleen-hoover-ebook","title":{"rendered":"Amor en verso &#8211; Colleen Hoover  \/ebook"},"content":{"rendered":"<figure id=\"attachment_10838\" aria-describedby=\"caption-attachment-10838\" style=\"width: 150px\" class=\"wp-caption alignleft\"><img loading=\"lazy\" decoding=\"async\" class=\"wp-image-10838 size-thumbnail\" src=\"https:\/\/www.taller-palabras.com\/WordPress_04\/wp-content\/uploads\/2024\/08\/Coleen-Hoover-150x150.jpg\" alt=\"\" width=\"150\" height=\"150\" srcset=\"https:\/\/www.taller-palabras.com\/WordPress_04\/wp-content\/uploads\/2024\/08\/Coleen-Hoover-150x150.jpg 150w, https:\/\/www.taller-palabras.com\/WordPress_04\/wp-content\/uploads\/2024\/08\/Coleen-Hoover-100x100.jpg 100w, https:\/\/www.taller-palabras.com\/WordPress_04\/wp-content\/uploads\/2024\/08\/Coleen-Hoover.jpg 199w\" sizes=\"auto, (max-width: 150px) 100vw, 150px\" \/><figcaption id=\"caption-attachment-10838\" class=\"wp-caption-text\">Autora Colleen Hoover<\/figcaption><\/figure>\n<p>Sin haber superado a\u00fan el duro golpe que supuso la muerte de su padre, Layken y su hermano Kel deben mudarse a Michigan, donde su madre ha encontrado trabajo como enfermera. Nada m\u00e1s llegar, Layken congenia con el vecino de enfrente, Will. Entre los dos surge algo especial, que no son capaces de poner en palabras\u2026 todav\u00eda. Tras una primera cita, Lake ve Michigan con otros ojos y est\u00e1 dispuesta a darle una oportunidad, pero cuando empiezan las clases en el nuevo instituto descubre que Will es su profesor de poes\u00eda\u2026 \u00bfPreferir\u00edas no enamorarte jam\u00e1s, o enamorarte de alguien a quien no puedes tener? Una novela que te ense\u00f1ar\u00e1 a no tomarte la vida demasiado en serio. Dale un pu\u00f1etazo cuando se merezca un buen golpe y r\u00edete de ella.<\/p>\n","protected":false},"excerpt":{"rendered":"<p>Sin haber superado a\u00fan el duro golpe que supuso la muerte de su padre, Layken y su hermano Kel deben mudarse a Michigan, donde su madre ha encontrado trabajo como enfermera. Nada m\u00e1s llegar, Layken congenia con el vecino de enfrente, Will. Entre los dos surge algo especial, que no son capaces de poner en [&hellip;]<\/p>\n","protected":false},"featured_media":10837,"template":"","meta":[],"product_brand":[],"product_cat":[25],"product_tag":[1433,1432,54,45],"class_list":{"0":"post-10841","1":"product","2":"type-product","3":"status-publish","4":"has-post-thumbnail","6":"product_cat-libros-digitales-ebooks","7":"product_tag-amor-en-verso","8":"product_tag-colleen-hoover","9":"product_tag-descargar-ebook","10":"product_tag-mejor-novela","12":"first","13":"instock","14":"shipping-taxable","15":"purchasable","16":"product-type-variable","17":"has-default-attributes"},"_links":{"self":[{"href":"https:\/\/www.taller-palabras.com\/WordPress_04\/wp-json\/wp\/v2\/product\/10841","targetHints":{"allow":["GET"]}}],"collection":[{"href":"https:\/\/www.taller-palabras.com\/WordPress_04\/wp-json\/wp\/v2\/product"}],"about":[{"href":"https:\/\/www.taller-palabras.com\/WordPress_04\/wp-json\/wp\/v2\/types\/product"}],"wp:featuredmedia":[{"embeddable":true,"href":"https:\/\/www.taller-palabras.com\/WordPress_04\/wp-json\/wp\/v2\/media\/10837"}],"wp:attachment":[{"href":"https:\/\/www.taller-palabras.com\/WordPress_04\/wp-json\/wp\/v2\/media?parent=10841"}],"wp:term":[{"taxonomy":"product_brand","embeddable":true,"href":"https:\/\/www.taller-palabras.com\/WordPress_04\/wp-json\/wp\/v2\/product_brand?post=10841"},{"taxonomy":"product_cat","embeddable":true,"href":"https:\/\/www.taller-palabras.com\/WordPress_04\/wp-json\/wp\/v2\/product_cat?post=10841"},{"taxonomy":"product_tag","embeddable":true,"href":"https:\/\/www.taller-palabras.com\/WordPress_04\/wp-json\/wp\/v2\/product_tag?post=10841"}],"curies":[{"name":"wp","href":"https:\/\/api.w.org\/{rel}","templated":true}]}}