{"id":10844,"date":"2023-11-02T11:35:11","date_gmt":"2023-11-02T14:35:11","guid":{"rendered":"https:\/\/www.taller-palabras.com\/WordPress_04\/?post_type=product&#038;p=10844"},"modified":"2024-11-02T11:42:22","modified_gmt":"2024-11-02T14:42:22","slug":"saga-conjuro-de-luz-3-victoria-schwab-ebook","status":"publish","type":"product","link":"https:\/\/www.taller-palabras.com\/WordPress_04\/producto\/saga-conjuro-de-luz-3-victoria-schwab-ebook","title":{"rendered":"Saga: Conjuro de luz (3)- Victoria Schwab  \/ebook"},"content":{"rendered":"<figure id=\"attachment_10848\" aria-describedby=\"caption-attachment-10848\" style=\"width: 150px\" class=\"wp-caption alignleft\"><img loading=\"lazy\" decoding=\"async\" class=\"wp-image-10848 size-thumbnail\" src=\"https:\/\/www.taller-palabras.com\/WordPress_04\/wp-content\/uploads\/2024\/11\/Victoria-Schwab-150x150.jpg\" alt=\"\" width=\"150\" height=\"150\" srcset=\"https:\/\/www.taller-palabras.com\/WordPress_04\/wp-content\/uploads\/2024\/11\/Victoria-Schwab-150x150.jpg 150w, https:\/\/www.taller-palabras.com\/WordPress_04\/wp-content\/uploads\/2024\/11\/Victoria-Schwab-100x100.jpg 100w, https:\/\/www.taller-palabras.com\/WordPress_04\/wp-content\/uploads\/2024\/11\/Victoria-Schwab.jpg 225w\" sizes=\"auto, (max-width: 150px) 100vw, 150px\" \/><figcaption id=\"caption-attachment-10848\" class=\"wp-caption-text\">Autora Victoria Schwab<\/figcaption><\/figure>\n<p>El equilibrio de poder finalmente se ha roto\u2026 La precaria estabilidad entre los Londres finalmente ha llegado a su punto de quiebre. La oscuridad ha proyectado sus sombras sobre el Imperio Maresh, alguna vez vibrante con la vivacidad roja de la magia. \u00bfAprovechar\u00e1 otro Londres para resurgir? \u00bfQui\u00e9n caer\u00e1? Kell, que crey\u00f3 ser el \u00faltimo Antari vivo, comienza a flaquear bajo la presi\u00f3n de lealtades rivales. Frente a la tragedia, \u00bfpodr\u00e1 sobrevivir Arnes? \u00bfQui\u00e9n se alzar\u00e1? Lila Bard, alguna vez una ladrona com\u00fan \u2014pero jam\u00e1s corriente\u2014, ha sobrevivido y se ha vuelto cada vez m\u00e1s fuerte al atravesar una serie de combates m\u00e1gicos. Pero ahora deber\u00e1 aprender a controlar la magia, antes de que esta pueda consumirla. Mientras tanto, el desprestigiado capit\u00e1n del Aguja Nocturna, Alucard Emery, re\u00fane a su tripulaci\u00f3n y juntos emprenden una carrera contra el tiempo para conseguir lo imposible. \u00bfQui\u00e9n tomar\u00e1 el control? Adem\u00e1s, un viejo enemigo regresa a reclamar la corona, mientras un h\u00e9roe ca\u00eddo intenta salvar a un mundo de la descomposici\u00f3n.<\/p>\n","protected":false},"excerpt":{"rendered":"<p>El equilibrio de poder finalmente se ha roto\u2026 La precaria estabilidad entre los Londres finalmente ha llegado a su punto de quiebre. La oscuridad ha proyectado sus sombras sobre el Imperio Maresh, alguna vez vibrante con la vivacidad roja de la magia. \u00bfAprovechar\u00e1 otro Londres para resurgir? \u00bfQui\u00e9n caer\u00e1? Kell, que crey\u00f3 ser el \u00faltimo [&hellip;]<\/p>\n","protected":false},"featured_media":10847,"template":"","meta":[],"product_brand":[],"product_cat":[25,47],"product_tag":[1436,54,45,1435],"class_list":{"0":"post-10844","1":"product","2":"type-product","3":"status-publish","4":"has-post-thumbnail","6":"product_cat-libros-digitales-ebooks","7":"product_cat-libros-digitales-sagas","8":"product_tag-conjuro-de-luz","9":"product_tag-descargar-ebook","10":"product_tag-mejor-novela","11":"product_tag-victoria-schwab","13":"first","14":"instock","15":"shipping-taxable","16":"purchasable","17":"product-type-variable","18":"has-default-attributes"},"_links":{"self":[{"href":"https:\/\/www.taller-palabras.com\/WordPress_04\/wp-json\/wp\/v2\/product\/10844","targetHints":{"allow":["GET"]}}],"collection":[{"href":"https:\/\/www.taller-palabras.com\/WordPress_04\/wp-json\/wp\/v2\/product"}],"about":[{"href":"https:\/\/www.taller-palabras.com\/WordPress_04\/wp-json\/wp\/v2\/types\/product"}],"wp:featuredmedia":[{"embeddable":true,"href":"https:\/\/www.taller-palabras.com\/WordPress_04\/wp-json\/wp\/v2\/media\/10847"}],"wp:attachment":[{"href":"https:\/\/www.taller-palabras.com\/WordPress_04\/wp-json\/wp\/v2\/media?parent=10844"}],"wp:term":[{"taxonomy":"product_brand","embeddable":true,"href":"https:\/\/www.taller-palabras.com\/WordPress_04\/wp-json\/wp\/v2\/product_brand?post=10844"},{"taxonomy":"product_cat","embeddable":true,"href":"https:\/\/www.taller-palabras.com\/WordPress_04\/wp-json\/wp\/v2\/product_cat?post=10844"},{"taxonomy":"product_tag","embeddable":true,"href":"https:\/\/www.taller-palabras.com\/WordPress_04\/wp-json\/wp\/v2\/product_tag?post=10844"}],"curies":[{"name":"wp","href":"https:\/\/api.w.org\/{rel}","templated":true}]}}