{"id":11066,"date":"2025-01-01T13:34:41","date_gmt":"2025-01-01T16:34:41","guid":{"rendered":"https:\/\/www.taller-palabras.com\/WordPress_04\/?post_type=product&#038;p=11066"},"modified":"2025-07-17T18:09:24","modified_gmt":"2025-07-17T21:09:24","slug":"come-reza-ama-elizabeth-gilbert-ebook","status":"publish","type":"product","link":"https:\/\/www.taller-palabras.com\/WordPress_04\/producto\/come-reza-ama-elizabeth-gilbert-ebook","title":{"rendered":"Come, reza, ama &#8211; Elizabeth Gilbert \/ebook"},"content":{"rendered":"<figure id=\"attachment_11070\" aria-describedby=\"caption-attachment-11070\" style=\"width: 150px\" class=\"wp-caption alignleft\"><img loading=\"lazy\" decoding=\"async\" class=\"wp-image-11070 size-thumbnail\" src=\"https:\/\/www.taller-palabras.com\/WordPress_04\/wp-content\/uploads\/2025\/01\/Elizabeth-Gilbert-150x150.jpg\" alt=\"\" width=\"150\" height=\"150\" srcset=\"https:\/\/www.taller-palabras.com\/WordPress_04\/wp-content\/uploads\/2025\/01\/Elizabeth-Gilbert-150x150.jpg 150w, https:\/\/www.taller-palabras.com\/WordPress_04\/wp-content\/uploads\/2025\/01\/Elizabeth-Gilbert-100x100.jpg 100w, https:\/\/www.taller-palabras.com\/WordPress_04\/wp-content\/uploads\/2025\/01\/Elizabeth-Gilbert.jpg 283w\" sizes=\"auto, (max-width: 150px) 100vw, 150px\" \/><figcaption id=\"caption-attachment-11070\" class=\"wp-caption-text\">Autora Elizabeth Gilbert<\/figcaption><\/figure>\n<p>Despu\u00e9s de un divorcio traum\u00e1tico seguido de un desenga\u00f1o amoroso y en plena crisis emocional y espiritual, Elizabeth Gilbert decide empezar de nuevo y emprende un largo viaje que la llevar\u00e1 sucesivamente a Italia, la India e Indonesia, tres escalas geogr\u00e1ficas que se corresponden con otras tantas etapas de b\u00fasqueda interior. Este libro es la bit\u00e1cora de esa doble traves\u00eda, en la que la autora descubrir\u00e1 el placer sensual de la buena mesa y la buena conversaci\u00f3n (la dolce vita romana), la paz interior alcanzada mediante la meditaci\u00f3n en Bombay y, por fin, el deseado equilibrio entre cuerpo y esp\u00edritu en Bali. L\u00facida y valiente novela autobiogr\u00e1fica que ha sido un gran \u00e9xito de ventas desde su publicaci\u00f3n en Estados Unidos, \u00abCome, reza, ama\u00bb trata de lo que ocurre cuando decidimos ser art\u00edfices de nuestra felicidad y dejamos de intentar vivir seg\u00fan los modelos que nos imponen. Elegido por el New Tork Times entre los cien libros relevantes de 2006, este diario personal es tambi\u00e9n una intensa y divertida reflexi\u00f3n sobre el amor y las muchas formas que puede adoptar.<\/p>\n","protected":false},"excerpt":{"rendered":"<p>Despu\u00e9s de un divorcio traum\u00e1tico seguido de un desenga\u00f1o amoroso y en plena crisis emocional y espiritual, Elizabeth Gilbert decide empezar de nuevo y emprende un largo viaje que la llevar\u00e1 sucesivamente a Italia, la India e Indonesia, tres escalas geogr\u00e1ficas que se corresponden con otras tantas etapas de b\u00fasqueda interior. Este libro es la [&hellip;]<\/p>\n","protected":false},"featured_media":11069,"template":"","meta":[],"product_brand":[],"product_cat":[25],"product_tag":[1461,54,1460,1184],"class_list":{"0":"post-11066","1":"product","2":"type-product","3":"status-publish","4":"has-post-thumbnail","6":"product_cat-libros-digitales-ebooks","7":"product_tag-come-reza-ama","8":"product_tag-descargar-ebook","9":"product_tag-elizabeth-gilbert","10":"product_tag-mejor-novelas","12":"first","13":"instock","14":"shipping-taxable","15":"purchasable","16":"product-type-variable","17":"has-default-attributes"},"_links":{"self":[{"href":"https:\/\/www.taller-palabras.com\/WordPress_04\/wp-json\/wp\/v2\/product\/11066","targetHints":{"allow":["GET"]}}],"collection":[{"href":"https:\/\/www.taller-palabras.com\/WordPress_04\/wp-json\/wp\/v2\/product"}],"about":[{"href":"https:\/\/www.taller-palabras.com\/WordPress_04\/wp-json\/wp\/v2\/types\/product"}],"wp:featuredmedia":[{"embeddable":true,"href":"https:\/\/www.taller-palabras.com\/WordPress_04\/wp-json\/wp\/v2\/media\/11069"}],"wp:attachment":[{"href":"https:\/\/www.taller-palabras.com\/WordPress_04\/wp-json\/wp\/v2\/media?parent=11066"}],"wp:term":[{"taxonomy":"product_brand","embeddable":true,"href":"https:\/\/www.taller-palabras.com\/WordPress_04\/wp-json\/wp\/v2\/product_brand?post=11066"},{"taxonomy":"product_cat","embeddable":true,"href":"https:\/\/www.taller-palabras.com\/WordPress_04\/wp-json\/wp\/v2\/product_cat?post=11066"},{"taxonomy":"product_tag","embeddable":true,"href":"https:\/\/www.taller-palabras.com\/WordPress_04\/wp-json\/wp\/v2\/product_tag?post=11066"}],"curies":[{"name":"wp","href":"https:\/\/api.w.org\/{rel}","templated":true}]}}