{"id":11101,"date":"2025-01-03T11:26:18","date_gmt":"2025-01-03T14:26:18","guid":{"rendered":"https:\/\/www.taller-palabras.com\/WordPress_04\/?post_type=product&#038;p=11101"},"modified":"2025-07-17T12:33:36","modified_gmt":"2025-07-17T15:33:36","slug":"un-paseo-para-recordar-nicholas-sparks-ebook","status":"publish","type":"product","link":"https:\/\/www.taller-palabras.com\/WordPress_04\/producto\/un-paseo-para-recordar-nicholas-sparks-ebook","title":{"rendered":"Un paseo para recordar &#8211; Nicholas Sparks  \/ebook"},"content":{"rendered":"<figure id=\"attachment_5042\" aria-describedby=\"caption-attachment-5042\" style=\"width: 150px\" class=\"wp-caption alignleft\"><img loading=\"lazy\" decoding=\"async\" class=\"wp-image-5042 size-thumbnail\" src=\"https:\/\/www.taller-palabras.com\/WordPress_04\/wp-content\/uploads\/2022\/01\/Nicholas-Sparks-150x150.jpg\" alt=\"\" width=\"150\" height=\"150\" srcset=\"https:\/\/www.taller-palabras.com\/WordPress_04\/wp-content\/uploads\/2022\/01\/Nicholas-Sparks-150x150.jpg 150w, https:\/\/www.taller-palabras.com\/WordPress_04\/wp-content\/uploads\/2022\/01\/Nicholas-Sparks-100x100.jpg 100w\" sizes=\"auto, (max-width: 150px) 100vw, 150px\" \/><figcaption id=\"caption-attachment-5042\" class=\"wp-caption-text\">Autor Nicholas Sparks<\/figcaption><\/figure>\n<p>Cada mes de abril, cuando el viento sopla desde el mar y se mezcla con el aroma de las lilas, Landon Carter recuerda su \u00faltimo a\u00f1o en el instituto Beaufort. Era 1958 y Landon ya hab\u00eda tenido una o dos novias. Juraba incluso, que ya se hab\u00eda enamorado. Desde luego, la \u00faltima persona de la que se imagin\u00f3 que lo har\u00eda era Jamie Sullivan, la hija del pastor baptista del pueblo. Jamie era una chica callada, que siempre llevaba la Biblia entre sus libros para el colegio, y que parec\u00eda contenta viviendo en un mundo aparte del resto de los adolescentes: cuidaba de su padre viudo, rescataba animales abandonados y era voluntaria en el orfanato. Ning\u00fan chico le hab\u00eda pedido una cita jam\u00e1s. Landon nunca hubiera imaginado hacerlo. Sin embargo, un giro del destino hizo que Jamie se convirtiera en la pareja de Landon para el baile. Y desde ese momento, la vida del chico cambiar\u00eda para siempre. Estar con Jamie le ense\u00f1\u00f3 las profundidades del coraz\u00f3n humano y le llev\u00f3 a tomar una decisi\u00f3n asombrosa que marcar\u00eda el comienzo de su madurez.<\/p>\n","protected":false},"excerpt":{"rendered":"<p>Cada mes de abril, cuando el viento sopla desde el mar y se mezcla con el aroma de las lilas, Landon Carter recuerda su \u00faltimo a\u00f1o en el instituto Beaufort. Era 1958 y Landon ya hab\u00eda tenido una o dos novias. Juraba incluso, que ya se hab\u00eda enamorado. Desde luego, la \u00faltima persona de la [&hellip;]<\/p>\n","protected":false},"featured_media":11104,"template":"","meta":[],"product_brand":[],"product_cat":[25],"product_tag":[54,1184,686,1467],"class_list":{"0":"post-11101","1":"product","2":"type-product","3":"status-publish","4":"has-post-thumbnail","6":"product_cat-libros-digitales-ebooks","7":"product_tag-descargar-ebook","8":"product_tag-mejor-novelas","9":"product_tag-nicholas-sparks","10":"product_tag-un-paseo-para-recordar","12":"first","13":"instock","14":"shipping-taxable","15":"purchasable","16":"product-type-variable","17":"has-default-attributes"},"_links":{"self":[{"href":"https:\/\/www.taller-palabras.com\/WordPress_04\/wp-json\/wp\/v2\/product\/11101","targetHints":{"allow":["GET"]}}],"collection":[{"href":"https:\/\/www.taller-palabras.com\/WordPress_04\/wp-json\/wp\/v2\/product"}],"about":[{"href":"https:\/\/www.taller-palabras.com\/WordPress_04\/wp-json\/wp\/v2\/types\/product"}],"wp:featuredmedia":[{"embeddable":true,"href":"https:\/\/www.taller-palabras.com\/WordPress_04\/wp-json\/wp\/v2\/media\/11104"}],"wp:attachment":[{"href":"https:\/\/www.taller-palabras.com\/WordPress_04\/wp-json\/wp\/v2\/media?parent=11101"}],"wp:term":[{"taxonomy":"product_brand","embeddable":true,"href":"https:\/\/www.taller-palabras.com\/WordPress_04\/wp-json\/wp\/v2\/product_brand?post=11101"},{"taxonomy":"product_cat","embeddable":true,"href":"https:\/\/www.taller-palabras.com\/WordPress_04\/wp-json\/wp\/v2\/product_cat?post=11101"},{"taxonomy":"product_tag","embeddable":true,"href":"https:\/\/www.taller-palabras.com\/WordPress_04\/wp-json\/wp\/v2\/product_tag?post=11101"}],"curies":[{"name":"wp","href":"https:\/\/api.w.org\/{rel}","templated":true}]}}