{"id":11116,"date":"2025-01-11T15:06:42","date_gmt":"2025-01-11T18:06:42","guid":{"rendered":"https:\/\/www.taller-palabras.com\/WordPress_04\/?post_type=product&#038;p=11116"},"modified":"2025-11-08T11:53:18","modified_gmt":"2025-11-08T14:53:18","slug":"los-detectives-salvajes-roberto-bolano-ebook","status":"publish","type":"product","link":"https:\/\/www.taller-palabras.com\/WordPress_04\/producto\/los-detectives-salvajes-roberto-bolano-ebook","title":{"rendered":"Los detectives salvajes &#8211; Roberto Bolano  \/ebook"},"content":{"rendered":"<figure id=\"attachment_11120\" aria-describedby=\"caption-attachment-11120\" style=\"width: 150px\" class=\"wp-caption alignleft\"><img loading=\"lazy\" decoding=\"async\" class=\"wp-image-11120 size-thumbnail\" src=\"https:\/\/www.taller-palabras.com\/WordPress_04\/wp-content\/uploads\/2025\/01\/roberto-bolano-150x150.jpg\" alt=\"\" width=\"150\" height=\"150\" srcset=\"https:\/\/www.taller-palabras.com\/WordPress_04\/wp-content\/uploads\/2025\/01\/roberto-bolano-150x150.jpg 150w, https:\/\/www.taller-palabras.com\/WordPress_04\/wp-content\/uploads\/2025\/01\/roberto-bolano-100x100.jpg 100w, https:\/\/www.taller-palabras.com\/WordPress_04\/wp-content\/uploads\/2025\/01\/roberto-bolano.jpg 255w\" sizes=\"auto, (max-width: 150px) 100vw, 150px\" \/><figcaption id=\"caption-attachment-11120\" class=\"wp-caption-text\">Autor Roberto Bola\u00f1o<\/figcaption><\/figure>\n<p>Arturo Belano y Ulises Lima, los detectives salvajes, salen a buscar las huellas de Ces\u00e1rea Tinajero, la misteriosa escritora desaparecida en M\u00e9xico en los a\u00f1os inmediatamente posteriores a la Revoluci\u00f3n, y esa b\u00fasqueda \u2014el viaje y sus consecuencias\u2014 se prolonga durante veinte a\u00f1os, desde 1976 hasta 1996, el tiempo can\u00f3nico de cualquier errancia, bifurc\u00e1ndose a trav\u00e9s de m\u00faltiples personajes y continentes, en una novela en donde hay de todo: Amores y muertes, asesinatos y fugas tur\u00edsticas, manicomios y universidades, desapariciones y apariciones.<\/p>\n","protected":false},"excerpt":{"rendered":"<p>Arturo Belano y Ulises Lima, los detectives salvajes, salen a buscar las huellas de Ces\u00e1rea Tinajero, la misteriosa escritora desaparecida en M\u00e9xico en los a\u00f1os inmediatamente posteriores a la Revoluci\u00f3n, y esa b\u00fasqueda \u2014el viaje y sus consecuencias\u2014 se prolonga durante veinte a\u00f1os, desde 1976 hasta 1996, el tiempo can\u00f3nico de cualquier errancia, bifurc\u00e1ndose a [&hellip;]<\/p>\n","protected":false},"featured_media":11119,"template":"","meta":[],"product_brand":[],"product_cat":[25],"product_tag":[54,1470,1184,1469],"class_list":{"0":"post-11116","1":"product","2":"type-product","3":"status-publish","4":"has-post-thumbnail","6":"product_cat-libros-digitales-ebooks","7":"product_tag-descargar-ebook","8":"product_tag-los-detectives-salvajes","9":"product_tag-mejor-novelas","10":"product_tag-roberto-bolano","12":"first","13":"instock","14":"shipping-taxable","15":"purchasable","16":"product-type-variable","17":"has-default-attributes"},"_links":{"self":[{"href":"https:\/\/www.taller-palabras.com\/WordPress_04\/wp-json\/wp\/v2\/product\/11116","targetHints":{"allow":["GET"]}}],"collection":[{"href":"https:\/\/www.taller-palabras.com\/WordPress_04\/wp-json\/wp\/v2\/product"}],"about":[{"href":"https:\/\/www.taller-palabras.com\/WordPress_04\/wp-json\/wp\/v2\/types\/product"}],"wp:featuredmedia":[{"embeddable":true,"href":"https:\/\/www.taller-palabras.com\/WordPress_04\/wp-json\/wp\/v2\/media\/11119"}],"wp:attachment":[{"href":"https:\/\/www.taller-palabras.com\/WordPress_04\/wp-json\/wp\/v2\/media?parent=11116"}],"wp:term":[{"taxonomy":"product_brand","embeddable":true,"href":"https:\/\/www.taller-palabras.com\/WordPress_04\/wp-json\/wp\/v2\/product_brand?post=11116"},{"taxonomy":"product_cat","embeddable":true,"href":"https:\/\/www.taller-palabras.com\/WordPress_04\/wp-json\/wp\/v2\/product_cat?post=11116"},{"taxonomy":"product_tag","embeddable":true,"href":"https:\/\/www.taller-palabras.com\/WordPress_04\/wp-json\/wp\/v2\/product_tag?post=11116"}],"curies":[{"name":"wp","href":"https:\/\/api.w.org\/{rel}","templated":true}]}}