{"id":11277,"date":"2021-07-31T13:03:16","date_gmt":"2021-07-31T16:03:16","guid":{"rendered":"https:\/\/www.taller-palabras.com\/WordPress_04\/?post_type=product&#038;p=11277"},"modified":"2025-03-23T12:21:41","modified_gmt":"2025-03-23T15:21:41","slug":"el-extrano-caso-del-doctor-jekyll-y-el-senor-hyde-robert-l-stevenson-ebook","status":"publish","type":"product","link":"https:\/\/www.taller-palabras.com\/WordPress_04\/producto\/el-extrano-caso-del-doctor-jekyll-y-el-senor-hyde-robert-l-stevenson-ebook","title":{"rendered":"El extra\u00f1o caso del doctor Jekyll y el se\u00f1or Hyde &#8211; Robert L. Stevenson \/ebook"},"content":{"rendered":"<figure id=\"attachment_7362\" aria-describedby=\"caption-attachment-7362\" style=\"width: 150px\" class=\"wp-caption alignleft\"><img loading=\"lazy\" decoding=\"async\" class=\"wp-image-7362 size-thumbnail\" src=\"https:\/\/www.taller-palabras.com\/WordPress_04\/wp-content\/uploads\/2023\/07\/descarga-150x150.jpeg\" alt=\"\" width=\"150\" height=\"150\" srcset=\"https:\/\/www.taller-palabras.com\/WordPress_04\/wp-content\/uploads\/2023\/07\/descarga-150x150.jpeg 150w, https:\/\/www.taller-palabras.com\/WordPress_04\/wp-content\/uploads\/2023\/07\/descarga-100x100.jpeg 100w, https:\/\/www.taller-palabras.com\/WordPress_04\/wp-content\/uploads\/2023\/07\/descarga.jpeg 225w\" sizes=\"auto, (max-width: 150px) 100vw, 150px\" \/><figcaption id=\"caption-attachment-7362\" class=\"wp-caption-text\">Autor Robert Louis Stevenson<\/figcaption><\/figure>\n<p>\u00abY es que ciertamente parece que una personificaci\u00f3n de Hyde aceptablemente realista anda suelta por Whitechapel\u00bb, dec\u00eda la \u00abPall Mall Gazette\u00bb el 8 de septiembre de 1888 en referencia al segundo asesinato de Jack el Destripador. La novela de Stevenson El extra\u00f1o caso del doctor Jekyll y el se\u00f1or Hyde se hab\u00eda publicado dos a\u00f1os antes, en 1886, y se prestaba ya a esta clase de comparaciones. Hab\u00eda entrado de lleno en el imaginario popular y a\u00fan hoy, en el siglo XXI, no somos inmunes a su efecto. El caso \u00abesclavizaba\u00bb ya la \u00abimaginaci\u00f3n\u00bb del abogado Utterson, a quien le fue dada la horrible experiencia de ser testigo de la historia; podemos decir que tambi\u00e9n esclaviza la de sus lectores. Construido como una investigaci\u00f3n detectivesca, con una forma narrativa di\u00e1fana y perfecta, este \u00abrelato aleg\u00f3rico que finge ser policial\u00bb, seg\u00fan dir\u00eda Borges, es sin duda una de las piezas maestras de su autor. Esta edici\u00f3n presenta el texto en una nueva traducci\u00f3n de Catalina Mart\u00ednez Mu\u00f1oz, con las ilustraciones de Mervyn Peake para la edici\u00f3n de The Folio Society de 1948. Incluye asimismo un memorable art\u00edculo de Stevenson sobre la inspiraci\u00f3n de la obra y un revelador ap\u00e9ndice de Robert Mighall que la sit\u00faa en el contexto cient\u00edfico, psiqui\u00e1trico y criminol\u00f3gico de la \u00e9poca.<\/p>\n<p>&nbsp;<\/p>\n","protected":false},"excerpt":{"rendered":"<p>\u00abY es que ciertamente parece que una personificaci\u00f3n de Hyde aceptablemente realista anda suelta por Whitechapel\u00bb, dec\u00eda la \u00abPall Mall Gazette\u00bb el 8 de septiembre de 1888 en referencia al segundo asesinato de Jack el Destripador. La novela de Stevenson El extra\u00f1o caso del doctor Jekyll y el se\u00f1or Hyde se hab\u00eda publicado dos a\u00f1os [&hellip;]<\/p>\n","protected":false},"featured_media":11265,"template":"","meta":[],"product_brand":[],"product_cat":[25],"product_tag":[54,1487,45,1073],"class_list":{"0":"post-11277","1":"product","2":"type-product","3":"status-publish","4":"has-post-thumbnail","6":"product_cat-libros-digitales-ebooks","7":"product_tag-descargar-ebook","8":"product_tag-el-extrano-caso-del-doctor-jekyll-y-el-senor-hyde","9":"product_tag-mejor-novela","10":"product_tag-robert-louis-stevenson","12":"first","13":"instock","14":"shipping-taxable","15":"purchasable","16":"product-type-variable","17":"has-default-attributes"},"_links":{"self":[{"href":"https:\/\/www.taller-palabras.com\/WordPress_04\/wp-json\/wp\/v2\/product\/11277","targetHints":{"allow":["GET"]}}],"collection":[{"href":"https:\/\/www.taller-palabras.com\/WordPress_04\/wp-json\/wp\/v2\/product"}],"about":[{"href":"https:\/\/www.taller-palabras.com\/WordPress_04\/wp-json\/wp\/v2\/types\/product"}],"wp:featuredmedia":[{"embeddable":true,"href":"https:\/\/www.taller-palabras.com\/WordPress_04\/wp-json\/wp\/v2\/media\/11265"}],"wp:attachment":[{"href":"https:\/\/www.taller-palabras.com\/WordPress_04\/wp-json\/wp\/v2\/media?parent=11277"}],"wp:term":[{"taxonomy":"product_brand","embeddable":true,"href":"https:\/\/www.taller-palabras.com\/WordPress_04\/wp-json\/wp\/v2\/product_brand?post=11277"},{"taxonomy":"product_cat","embeddable":true,"href":"https:\/\/www.taller-palabras.com\/WordPress_04\/wp-json\/wp\/v2\/product_cat?post=11277"},{"taxonomy":"product_tag","embeddable":true,"href":"https:\/\/www.taller-palabras.com\/WordPress_04\/wp-json\/wp\/v2\/product_tag?post=11277"}],"curies":[{"name":"wp","href":"https:\/\/api.w.org\/{rel}","templated":true}]}}