{"id":11362,"date":"2023-12-31T13:18:39","date_gmt":"2023-12-31T16:18:39","guid":{"rendered":"https:\/\/www.taller-palabras.com\/WordPress_04\/?post_type=product&#038;p=11362"},"modified":"2025-06-19T11:17:27","modified_gmt":"2025-06-19T14:17:27","slug":"mi-nombre-es-emilia-del-valle-isabel-allende-ebook","status":"publish","type":"product","link":"https:\/\/www.taller-palabras.com\/WordPress_04\/producto\/mi-nombre-es-emilia-del-valle-isabel-allende-ebook","title":{"rendered":"Mi nombre es Emilia del Valle  &#8211; Isabel Allende \/ebook"},"content":{"rendered":"<figure id=\"attachment_861\" aria-describedby=\"caption-attachment-861\" style=\"width: 150px\" class=\"wp-caption alignleft\"><img loading=\"lazy\" decoding=\"async\" class=\"wp-image-861 size-thumbnail\" src=\"https:\/\/www.taller-palabras.com\/WordPress_04\/wp-content\/uploads\/2020\/01\/Isabel_Allende-150x150.jpg\" alt=\"\" width=\"150\" height=\"150\" srcset=\"https:\/\/www.taller-palabras.com\/WordPress_04\/wp-content\/uploads\/2020\/01\/Isabel_Allende-150x150.jpg 150w, https:\/\/www.taller-palabras.com\/WordPress_04\/wp-content\/uploads\/2020\/01\/Isabel_Allende-100x100.jpg 100w\" sizes=\"auto, (max-width: 150px) 100vw, 150px\" \/><figcaption id=\"caption-attachment-861\" class=\"wp-caption-text\">Autora Isabel Allende<\/figcaption><\/figure>\n<p>Una cautivadora e inolvidable historia de amor y de guerra, de descubrimiento y redenci\u00f3n, protagonizada por una mujer que, enfrentada a los mayores desaf\u00edos, sobrevive y se reinventa. San Francisco, 1866. Una monja irlandesa, embarazada y abandonada por un arist\u00f3crata chileno tras una apasionada relaci\u00f3n, da a luz a una ni\u00f1a a la que llama Emilia del Valle. Criada por su cari\u00f1oso padrastro, Emilia se convierte en una joven brillante de gran personalidad, aut\u00f3noma e independiente, que desaf\u00eda las normas sociales de su tiempo para profesar su verdadera pasi\u00f3n y vocaci\u00f3n: la escritura. Con tan solo diecisiete a\u00f1os, publicar\u00e1 novelas de aventuras bajo un pseud\u00f3nimo masculino. Pero, enseguida, su mundo ficticio se le quedar\u00e1 peque\u00f1o y optar\u00e1 al puesto de reportera en el peri\u00f3dico local para vivir de cerca la realidad. Tiempo despu\u00e9s, junto al avezado periodista Eric Whelan, viajar\u00e1 como corresponsal a la ferviente guerra civil en Chile, donde se encontrar\u00e1 una naci\u00f3n en quiebra, al borde del abismo. Mientras cubre el conflicto b\u00e9lico entre el presidente Balmaceda y el congreso rebelde, aprovechar\u00e1 la estancia en el pa\u00eds para explorar sus v\u00ednculos con la familia Del Valle y poder, al fin, conocer a su padre. Sus reportajes la llevar\u00e1n al centro de la guerra, soportando situaciones entre la vida y la muerte en el campo de batalla, en el hospital de sangre y en la c\u00e1rcel. Al tiempo, vivir\u00e1 \u2014y sufrir\u00e1\u2014 el amor y conocer\u00e1 tambi\u00e9n, entre bosques, lagos y volcanes, una tierra donde no llega el horror y donde, tal vez, acabe descubriendo no solo su destino sino su propia identidad. Emilia del Valle es desde ya un personaje inolvidable del universo m\u00e1s f\u00e9rtil de Isabel Allende, la saga Del Valle, que empez\u00f3 con su obra maestra La casa de los esp\u00edritus y continu\u00f3 con Hija de la fortuna y Retrato en sepia.<\/p>\n<p>&nbsp;<\/p>\n","protected":false},"excerpt":{"rendered":"<p>Una cautivadora e inolvidable historia de amor y de guerra, de descubrimiento y redenci\u00f3n, protagonizada por una mujer que, enfrentada a los mayores desaf\u00edos, sobrevive y se reinventa. San Francisco, 1866. Una monja irlandesa, embarazada y abandonada por un arist\u00f3crata chileno tras una apasionada relaci\u00f3n, da a luz a una ni\u00f1a a la que llama [&hellip;]<\/p>\n","protected":false},"featured_media":11365,"template":"","meta":[],"product_brand":[],"product_cat":[25],"product_tag":[54,139,225,1503],"class_list":{"0":"post-11362","1":"product","2":"type-product","3":"status-publish","4":"has-post-thumbnail","6":"product_cat-libros-digitales-ebooks","7":"product_tag-descargar-ebook","8":"product_tag-isabel-allende","9":"product_tag-mejores-novelas","10":"product_tag-mi-nombre-es-emilia-del-valle","12":"first","13":"instock","14":"shipping-taxable","15":"purchasable","16":"product-type-variable","17":"has-default-attributes"},"_links":{"self":[{"href":"https:\/\/www.taller-palabras.com\/WordPress_04\/wp-json\/wp\/v2\/product\/11362","targetHints":{"allow":["GET"]}}],"collection":[{"href":"https:\/\/www.taller-palabras.com\/WordPress_04\/wp-json\/wp\/v2\/product"}],"about":[{"href":"https:\/\/www.taller-palabras.com\/WordPress_04\/wp-json\/wp\/v2\/types\/product"}],"wp:featuredmedia":[{"embeddable":true,"href":"https:\/\/www.taller-palabras.com\/WordPress_04\/wp-json\/wp\/v2\/media\/11365"}],"wp:attachment":[{"href":"https:\/\/www.taller-palabras.com\/WordPress_04\/wp-json\/wp\/v2\/media?parent=11362"}],"wp:term":[{"taxonomy":"product_brand","embeddable":true,"href":"https:\/\/www.taller-palabras.com\/WordPress_04\/wp-json\/wp\/v2\/product_brand?post=11362"},{"taxonomy":"product_cat","embeddable":true,"href":"https:\/\/www.taller-palabras.com\/WordPress_04\/wp-json\/wp\/v2\/product_cat?post=11362"},{"taxonomy":"product_tag","embeddable":true,"href":"https:\/\/www.taller-palabras.com\/WordPress_04\/wp-json\/wp\/v2\/product_tag?post=11362"}],"curies":[{"name":"wp","href":"https:\/\/api.w.org\/{rel}","templated":true}]}}

<figure id="attachment_861" aria-describedby="caption-attachment-861" style="width: 150px" class="wp-caption alignleft"><img loading="lazy" decoding="async" class="wp-image-861 size-thumbnail" src="https://www.taller-palabras.com/WordPress_04/wp-content/uploads/2020/01/Isabel_Allende-150x150.jpg" alt="" width="150" height="150" srcset="https://www.taller-palabras.com/WordPress_04/wp-content/uploads/2020/01/Isabel_Allende-150x150.jpg 150w, https://www.taller-palabras.com/WordPress_04/wp-content/uploads/2020/01/Isabel_Allende-100x100.jpg 100w" sizes="auto, (max-width: 150px) 100vw, 150px" /><figcaption id="caption-attachment-861" class="wp-caption-text">Autora Isabel Allende</figcaption></figure>
<p>Una cautivadora e inolvidable historia de amor y de guerra, de descubrimiento y redención, protagonizada por una mujer que, enfrentada a los mayores desafíos, sobrevive y se reinventa. San Francisco, 1866. Una monja irlandesa, embarazada y abandonada por un aristócrata chileno tras una apasionada relación, da a luz a una niña a la que llama Emilia del Valle. Criada por su cariñoso padrastro, Emilia se convierte en una joven brillante de gran personalidad, autónoma e independiente, que desafía las normas sociales de su tiempo para profesar su verdadera pasión y vocación: la escritura. Con tan solo diecisiete años, publicará novelas de aventuras bajo un pseudónimo masculino. Pero, enseguida, su mundo ficticio se le quedará pequeño y optará al puesto de reportera en el periódico local para vivir de cerca la realidad. Tiempo después, junto al avezado periodista Eric Whelan, viajará como corresponsal a la ferviente guerra civil en Chile, donde se encontrará una nación en quiebra, al borde del abismo. Mientras cubre el conflicto bélico entre el presidente Balmaceda y el congreso rebelde, aprovechará la estancia en el país para explorar sus vínculos con la familia Del Valle y poder, al fin, conocer a su padre. Sus reportajes la llevarán al centro de la guerra, soportando situaciones entre la vida y la muerte en el campo de batalla, en el hospital de sangre y en la cárcel. Al tiempo, vivirá —y sufrirá— el amor y conocerá también, entre bosques, lagos y volcanes, una tierra donde no llega el horror y donde, tal vez, acabe descubriendo no solo su destino sino su propia identidad. Emilia del Valle es desde ya un personaje inolvidable del universo más fértil de Isabel Allende, la saga Del Valle, que empezó con su obra maestra La casa de los espíritus y continuó con Hija de la fortuna y Retrato en sepia.</p>
<p>&nbsp;</p>

<p>Una cautivadora e inolvidable historia de amor y de guerra, de descubrimiento y redención, protagonizada por una mujer que, enfrentada a los mayores desafíos, sobrevive y se reinventa. San Francisco, 1866. Una monja irlandesa, embarazada y abandonada por un aristócrata chileno tras una apasionada relación, da a luz a una niña a la que llama [&hellip;]</p>
