{"id":11417,"date":"2018-10-08T10:37:21","date_gmt":"2018-10-08T13:37:21","guid":{"rendered":"https:\/\/www.taller-palabras.com\/WordPress_04\/?post_type=product&#038;p=11417"},"modified":"2025-07-08T16:07:02","modified_gmt":"2025-07-08T19:07:02","slug":"3-la-leona-blanca-henning-mankell-ebook","status":"publish","type":"product","link":"https:\/\/www.taller-palabras.com\/WordPress_04\/producto\/3-la-leona-blanca-henning-mankell-ebook","title":{"rendered":"3-La leona blanca &#8211; Henning Mankell  \/ebook"},"content":{"rendered":"<figure id=\"attachment_106\" aria-describedby=\"caption-attachment-106\" style=\"width: 150px\" class=\"wp-caption alignleft\"><img loading=\"lazy\" decoding=\"async\" class=\"wp-image-106 size-thumbnail\" src=\"https:\/\/www.taller-palabras.com\/WordPress_04\/wp-content\/uploads\/2018\/10\/Henning-Mankell-150x150.jpg\" alt=\"\" width=\"150\" height=\"150\" srcset=\"https:\/\/www.taller-palabras.com\/WordPress_04\/wp-content\/uploads\/2018\/10\/Henning-Mankell-150x150.jpg 150w, https:\/\/www.taller-palabras.com\/WordPress_04\/wp-content\/uploads\/2018\/10\/Henning-Mankell-324x324.jpg 324w, https:\/\/www.taller-palabras.com\/WordPress_04\/wp-content\/uploads\/2018\/10\/Henning-Mankell-100x100.jpg 100w\" sizes=\"auto, (max-width: 150px) 100vw, 150px\" \/><figcaption id=\"caption-attachment-106\" class=\"wp-caption-text\">Autor Henning Mankell<\/figcaption><\/figure>\n<p>El hallazgo del cad\u00e1ver de una joven agente inmobiliaria, asesinada brutalmente sin ning\u00fan motivo aparente, supone para Wallander un descenso a los infiernos mucho m\u00e1s largo y profundo de lo que nunca hubiera imaginado al iniciarse un caso. Y esta vez, adem\u00e1s, se trata de una conspiraci\u00f3n internacional detr\u00e1s de la cual se encuentra una organizaci\u00f3n de extrema derecha. \u00c9sta, decidida a dinamitar el proceso antiapartheid en la lejana Sud\u00e1frica, ha contratado a un asesino a sueldo, quien, con la ayuda de un antiguo agente de la KGB, planea atentar contra un importante dirigente muy cerca de donde Wallander investiga. Acosado por sus persistentes problemas personales, el inspector entrar\u00e1 en una espiral de suspense cada vez m\u00e1s vertiginoso. Una de las novelas pol\u00edticamente m\u00e1s comprometidas de Henning Mankell.<\/p>\n","protected":false},"excerpt":{"rendered":"<p>El hallazgo del cad\u00e1ver de una joven agente inmobiliaria, asesinada brutalmente sin ning\u00fan motivo aparente, supone para Wallander un descenso a los infiernos mucho m\u00e1s largo y profundo de lo que nunca hubiera imaginado al iniciarse un caso. Y esta vez, adem\u00e1s, se trata de una conspiraci\u00f3n internacional detr\u00e1s de la cual se encuentra una [&hellip;]<\/p>\n","protected":false},"featured_media":11404,"template":"","meta":[],"product_brand":[],"product_cat":[25],"product_tag":[54,56,1510,55],"class_list":{"0":"post-11417","1":"product","2":"type-product","3":"status-publish","4":"has-post-thumbnail","6":"product_cat-libros-digitales-ebooks","7":"product_tag-descargar-ebook","8":"product_tag-henning-mankell","9":"product_tag-la-leona-blanca","10":"product_tag-novelas","12":"first","13":"instock","14":"shipping-taxable","15":"purchasable","16":"product-type-variable","17":"has-default-attributes"},"_links":{"self":[{"href":"https:\/\/www.taller-palabras.com\/WordPress_04\/wp-json\/wp\/v2\/product\/11417","targetHints":{"allow":["GET"]}}],"collection":[{"href":"https:\/\/www.taller-palabras.com\/WordPress_04\/wp-json\/wp\/v2\/product"}],"about":[{"href":"https:\/\/www.taller-palabras.com\/WordPress_04\/wp-json\/wp\/v2\/types\/product"}],"wp:featuredmedia":[{"embeddable":true,"href":"https:\/\/www.taller-palabras.com\/WordPress_04\/wp-json\/wp\/v2\/media\/11404"}],"wp:attachment":[{"href":"https:\/\/www.taller-palabras.com\/WordPress_04\/wp-json\/wp\/v2\/media?parent=11417"}],"wp:term":[{"taxonomy":"product_brand","embeddable":true,"href":"https:\/\/www.taller-palabras.com\/WordPress_04\/wp-json\/wp\/v2\/product_brand?post=11417"},{"taxonomy":"product_cat","embeddable":true,"href":"https:\/\/www.taller-palabras.com\/WordPress_04\/wp-json\/wp\/v2\/product_cat?post=11417"},{"taxonomy":"product_tag","embeddable":true,"href":"https:\/\/www.taller-palabras.com\/WordPress_04\/wp-json\/wp\/v2\/product_tag?post=11417"}],"curies":[{"name":"wp","href":"https:\/\/api.w.org\/{rel}","templated":true}]}}

<figure id="attachment_106" aria-describedby="caption-attachment-106" style="width: 150px" class="wp-caption alignleft"><img loading="lazy" decoding="async" class="wp-image-106 size-thumbnail" src="https://www.taller-palabras.com/WordPress_04/wp-content/uploads/2018/10/Henning-Mankell-150x150.jpg" alt="" width="150" height="150" srcset="https://www.taller-palabras.com/WordPress_04/wp-content/uploads/2018/10/Henning-Mankell-150x150.jpg 150w, https://www.taller-palabras.com/WordPress_04/wp-content/uploads/2018/10/Henning-Mankell-324x324.jpg 324w, https://www.taller-palabras.com/WordPress_04/wp-content/uploads/2018/10/Henning-Mankell-100x100.jpg 100w" sizes="auto, (max-width: 150px) 100vw, 150px" /><figcaption id="caption-attachment-106" class="wp-caption-text">Autor Henning Mankell</figcaption></figure>
<p>El hallazgo del cadáver de una joven agente inmobiliaria, asesinada brutalmente sin ningún motivo aparente, supone para Wallander un descenso a los infiernos mucho más largo y profundo de lo que nunca hubiera imaginado al iniciarse un caso. Y esta vez, además, se trata de una conspiración internacional detrás de la cual se encuentra una organización de extrema derecha. Ésta, decidida a dinamitar el proceso antiapartheid en la lejana Sudáfrica, ha contratado a un asesino a sueldo, quien, con la ayuda de un antiguo agente de la KGB, planea atentar contra un importante dirigente muy cerca de donde Wallander investiga. Acosado por sus persistentes problemas personales, el inspector entrará en una espiral de suspense cada vez más vertiginoso. Una de las novelas políticamente más comprometidas de Henning Mankell.</p>

<p>El hallazgo del cadáver de una joven agente inmobiliaria, asesinada brutalmente sin ningún motivo aparente, supone para Wallander un descenso a los infiernos mucho más largo y profundo de lo que nunca hubiera imaginado al iniciarse un caso. Y esta vez, además, se trata de una conspiración internacional detrás de la cual se encuentra una [&hellip;]</p>
