{"id":11475,"date":"2025-07-17T11:52:10","date_gmt":"2025-07-17T14:52:10","guid":{"rendered":"https:\/\/www.taller-palabras.com\/WordPress_04\/?post_type=product&#038;p=11475"},"modified":"2025-07-17T12:00:04","modified_gmt":"2025-07-17T15:00:04","slug":"la-luz-que-no-puedes-ver-anthony-doerr-ebook","status":"publish","type":"product","link":"https:\/\/www.taller-palabras.com\/WordPress_04\/producto\/la-luz-que-no-puedes-ver-anthony-doerr-ebook","title":{"rendered":"La luz que no puedes ver &#8211; Anthony Doerr  \/ebook"},"content":{"rendered":"<figure id=\"attachment_11478\" aria-describedby=\"caption-attachment-11478\" style=\"width: 150px\" class=\"wp-caption alignleft\"><img loading=\"lazy\" decoding=\"async\" class=\"wp-image-11478 size-thumbnail\" src=\"https:\/\/www.taller-palabras.com\/WordPress_04\/wp-content\/uploads\/2025\/07\/Anthony-Doerr-150x150.jpg\" alt=\"\" width=\"150\" height=\"150\" srcset=\"https:\/\/www.taller-palabras.com\/WordPress_04\/wp-content\/uploads\/2025\/07\/Anthony-Doerr-150x150.jpg 150w, https:\/\/www.taller-palabras.com\/WordPress_04\/wp-content\/uploads\/2025\/07\/Anthony-Doerr-100x100.jpg 100w, https:\/\/www.taller-palabras.com\/WordPress_04\/wp-content\/uploads\/2025\/07\/Anthony-Doerr.jpg 283w\" sizes=\"auto, (max-width: 150px) 100vw, 150px\" \/><figcaption id=\"caption-attachment-11478\" class=\"wp-caption-text\">Autor Anthony Doerr<\/figcaption><\/figure>\n<p>Marie-Laure vive con su padre en Par\u00eds, cerca del Museo de Historia Natural, donde \u00e9l trabaja como responsable de sus mil cerraduras. Cuando, siendo muy ni\u00f1a, Marie-Laure se queda ciega, su padre le construye una perfecta miniatura de su barrio para que pueda memorizarla gracias al tacto y encontrar el camino a casa. A sus doce a\u00f1os, los nazis ocupan Par\u00eds y padre e hija tienen que huir a la ciudad amurallada de Saint-Malo. Con ellos se llevan la que podr\u00eda ser la m\u00e1s preciada y peligrosa joya del museo. En una ciudad minera de Alemania, el joven hu\u00e9rfano Werner crece junto a su hermana peque\u00f1a, cautivado por una rudimentaria radio que ambos encuentran. Werner se convierte en un experto en construir y reparar estos aparatos cruciales para los nuevos tiempos, un talento que no pasa desapercibido a las Juventudes Hitlerianas. Siguiendo al ej\u00e9rcito alem\u00e1n, Werner deber\u00e1 atravesar el coraz\u00f3n en guerra de Europa. Hasta que en la \u00faltima noche antes de la liberaci\u00f3n de Saint-Malo los caminos de Werner y Marie-Laure por fin se crucen. Y sus vidas cambien para siempre.<\/p>\n","protected":false},"excerpt":{"rendered":"<p>Marie-Laure vive con su padre en Par\u00eds, cerca del Museo de Historia Natural, donde \u00e9l trabaja como responsable de sus mil cerraduras. Cuando, siendo muy ni\u00f1a, Marie-Laure se queda ciega, su padre le construye una perfecta miniatura de su barrio para que pueda memorizarla gracias al tacto y encontrar el camino a casa. A sus [&hellip;]<\/p>\n","protected":false},"featured_media":11473,"template":"","meta":[],"product_brand":[],"product_cat":[25],"product_tag":[1520,54,1521,1184],"class_list":{"0":"post-11475","1":"product","2":"type-product","3":"status-publish","4":"has-post-thumbnail","6":"product_cat-libros-digitales-ebooks","7":"product_tag-anthony-doerr","8":"product_tag-descargar-ebook","9":"product_tag-la-luz-que-no-puedes-ver","10":"product_tag-mejor-novelas","12":"first","13":"instock","14":"shipping-taxable","15":"purchasable","16":"product-type-variable","17":"has-default-attributes"},"_links":{"self":[{"href":"https:\/\/www.taller-palabras.com\/WordPress_04\/wp-json\/wp\/v2\/product\/11475","targetHints":{"allow":["GET"]}}],"collection":[{"href":"https:\/\/www.taller-palabras.com\/WordPress_04\/wp-json\/wp\/v2\/product"}],"about":[{"href":"https:\/\/www.taller-palabras.com\/WordPress_04\/wp-json\/wp\/v2\/types\/product"}],"wp:featuredmedia":[{"embeddable":true,"href":"https:\/\/www.taller-palabras.com\/WordPress_04\/wp-json\/wp\/v2\/media\/11473"}],"wp:attachment":[{"href":"https:\/\/www.taller-palabras.com\/WordPress_04\/wp-json\/wp\/v2\/media?parent=11475"}],"wp:term":[{"taxonomy":"product_brand","embeddable":true,"href":"https:\/\/www.taller-palabras.com\/WordPress_04\/wp-json\/wp\/v2\/product_brand?post=11475"},{"taxonomy":"product_cat","embeddable":true,"href":"https:\/\/www.taller-palabras.com\/WordPress_04\/wp-json\/wp\/v2\/product_cat?post=11475"},{"taxonomy":"product_tag","embeddable":true,"href":"https:\/\/www.taller-palabras.com\/WordPress_04\/wp-json\/wp\/v2\/product_tag?post=11475"}],"curies":[{"name":"wp","href":"https:\/\/api.w.org\/{rel}","templated":true}]}}

<figure id="attachment_11478" aria-describedby="caption-attachment-11478" style="width: 150px" class="wp-caption alignleft"><img loading="lazy" decoding="async" class="wp-image-11478 size-thumbnail" src="https://www.taller-palabras.com/WordPress_04/wp-content/uploads/2025/07/Anthony-Doerr-150x150.jpg" alt="" width="150" height="150" srcset="https://www.taller-palabras.com/WordPress_04/wp-content/uploads/2025/07/Anthony-Doerr-150x150.jpg 150w, https://www.taller-palabras.com/WordPress_04/wp-content/uploads/2025/07/Anthony-Doerr-100x100.jpg 100w, https://www.taller-palabras.com/WordPress_04/wp-content/uploads/2025/07/Anthony-Doerr.jpg 283w" sizes="auto, (max-width: 150px) 100vw, 150px" /><figcaption id="caption-attachment-11478" class="wp-caption-text">Autor Anthony Doerr</figcaption></figure>
<p>Marie-Laure vive con su padre en París, cerca del Museo de Historia Natural, donde él trabaja como responsable de sus mil cerraduras. Cuando, siendo muy niña, Marie-Laure se queda ciega, su padre le construye una perfecta miniatura de su barrio para que pueda memorizarla gracias al tacto y encontrar el camino a casa. A sus doce años, los nazis ocupan París y padre e hija tienen que huir a la ciudad amurallada de Saint-Malo. Con ellos se llevan la que podría ser la más preciada y peligrosa joya del museo. En una ciudad minera de Alemania, el joven huérfano Werner crece junto a su hermana pequeña, cautivado por una rudimentaria radio que ambos encuentran. Werner se convierte en un experto en construir y reparar estos aparatos cruciales para los nuevos tiempos, un talento que no pasa desapercibido a las Juventudes Hitlerianas. Siguiendo al ejército alemán, Werner deberá atravesar el corazón en guerra de Europa. Hasta que en la última noche antes de la liberación de Saint-Malo los caminos de Werner y Marie-Laure por fin se crucen. Y sus vidas cambien para siempre.</p>

<p>Marie-Laure vive con su padre en París, cerca del Museo de Historia Natural, donde él trabaja como responsable de sus mil cerraduras. Cuando, siendo muy niña, Marie-Laure se queda ciega, su padre le construye una perfecta miniatura de su barrio para que pueda memorizarla gracias al tacto y encontrar el camino a casa. A sus [&hellip;]</p>
