{"id":11499,"date":"2018-11-13T11:57:17","date_gmt":"2018-11-13T14:57:17","guid":{"rendered":"https:\/\/www.taller-palabras.com\/WordPress_04\/?post_type=product&#038;p=11499"},"modified":"2025-07-27T13:11:13","modified_gmt":"2025-07-27T16:11:13","slug":"vengadoras-angelicales-isak-dinesen-ebook","status":"publish","type":"product","link":"https:\/\/www.taller-palabras.com\/WordPress_04\/producto\/vengadoras-angelicales-isak-dinesen-ebook","title":{"rendered":"Vengadoras angelicales &#8211; Isak Dinesen  \/ebook"},"content":{"rendered":"<figure id=\"attachment_407\" aria-describedby=\"caption-attachment-407\" style=\"width: 150px\" class=\"wp-caption alignleft\"><img loading=\"lazy\" decoding=\"async\" class=\"wp-image-407 size-thumbnail\" src=\"https:\/\/www.taller-palabras.com\/WordPress_04\/wp-content\/uploads\/2018\/11\/IsakDinesen_Karen_Blixenl-150x150.jpg\" alt=\"\" width=\"150\" height=\"150\" srcset=\"https:\/\/www.taller-palabras.com\/WordPress_04\/wp-content\/uploads\/2018\/11\/IsakDinesen_Karen_Blixenl-150x150.jpg 150w, https:\/\/www.taller-palabras.com\/WordPress_04\/wp-content\/uploads\/2018\/11\/IsakDinesen_Karen_Blixenl-324x324.jpg 324w, https:\/\/www.taller-palabras.com\/WordPress_04\/wp-content\/uploads\/2018\/11\/IsakDinesen_Karen_Blixenl-100x100.jpg 100w\" sizes=\"auto, (max-width: 150px) 100vw, 150px\" \/><figcaption id=\"caption-attachment-407\" class=\"wp-caption-text\">Autora Karen Christenze von Blixen alias Isak Dinesen<\/figcaption><\/figure>\n<p>Cuando una tiene \u00abnazis en el jard\u00edn y jud\u00edos en la cocina\u00bb, lo mejor es ponerse a escribir una novela. Eso hizo Karen Blixen (m\u00e1s conocida como Isak Dinesen, autora de Memorias de \u00c1frica) en 1944, con su pa\u00eds ocupado por los alemanes, y de ello result\u00f3 Vengadoras angelicales. En su momento, el libro se ley\u00f3 como una alegor\u00eda pol\u00edtica. Hoy sabemos que su contenido era mucho m\u00e1s ancho y m\u00e1s profundo. Una reflexi\u00f3n sobre la fuerza de la maldad, la potencia del amor, el significado y la necesidad del coraje. Y tambi\u00e9n una l\u00facida visi\u00f3n del papel contradictorio de la mujer en el mundo: adorada y ultrajada, apenas libre, objeto de comercio infame, manipulada hasta todos los abusos. Lectura amena y reveladora, Vengadoras angelicales es el m\u00e1s ambicioso y completo trabajo narrativo de Isak Dinesen.<\/p>\n","protected":false},"excerpt":{"rendered":"<p>Cuando una tiene \u00abnazis en el jard\u00edn y jud\u00edos en la cocina\u00bb, lo mejor es ponerse a escribir una novela. Eso hizo Karen Blixen (m\u00e1s conocida como Isak Dinesen, autora de Memorias de \u00c1frica) en 1944, con su pa\u00eds ocupado por los alemanes, y de ello result\u00f3 Vengadoras angelicales. En su momento, el libro se [&hellip;]<\/p>\n","protected":false},"featured_media":11498,"template":"","meta":[],"product_brand":[],"product_cat":[25],"product_tag":[136,156,55,1525],"class_list":{"0":"post-11499","1":"product","2":"type-product","3":"status-publish","4":"has-post-thumbnail","6":"product_cat-libros-digitales-ebooks","7":"product_tag-decargar-ebook","8":"product_tag-isak-dinesen","9":"product_tag-novelas","10":"product_tag-vengadoras-angelicales","12":"first","13":"instock","14":"shipping-taxable","15":"purchasable","16":"product-type-variable","17":"has-default-attributes"},"_links":{"self":[{"href":"https:\/\/www.taller-palabras.com\/WordPress_04\/wp-json\/wp\/v2\/product\/11499","targetHints":{"allow":["GET"]}}],"collection":[{"href":"https:\/\/www.taller-palabras.com\/WordPress_04\/wp-json\/wp\/v2\/product"}],"about":[{"href":"https:\/\/www.taller-palabras.com\/WordPress_04\/wp-json\/wp\/v2\/types\/product"}],"wp:featuredmedia":[{"embeddable":true,"href":"https:\/\/www.taller-palabras.com\/WordPress_04\/wp-json\/wp\/v2\/media\/11498"}],"wp:attachment":[{"href":"https:\/\/www.taller-palabras.com\/WordPress_04\/wp-json\/wp\/v2\/media?parent=11499"}],"wp:term":[{"taxonomy":"product_brand","embeddable":true,"href":"https:\/\/www.taller-palabras.com\/WordPress_04\/wp-json\/wp\/v2\/product_brand?post=11499"},{"taxonomy":"product_cat","embeddable":true,"href":"https:\/\/www.taller-palabras.com\/WordPress_04\/wp-json\/wp\/v2\/product_cat?post=11499"},{"taxonomy":"product_tag","embeddable":true,"href":"https:\/\/www.taller-palabras.com\/WordPress_04\/wp-json\/wp\/v2\/product_tag?post=11499"}],"curies":[{"name":"wp","href":"https:\/\/api.w.org\/{rel}","templated":true}]}}