{"id":11569,"date":"2024-09-20T15:15:57","date_gmt":"2024-09-20T18:15:57","guid":{"rendered":"https:\/\/www.taller-palabras.com\/WordPress_04\/?post_type=product&#038;p=11569"},"modified":"2026-04-10T12:37:41","modified_gmt":"2026-04-10T15:37:41","slug":"samanta-schweblin-el-buen-mal-ebook","status":"publish","type":"product","link":"https:\/\/www.taller-palabras.com\/WordPress_04\/producto\/samanta-schweblin-el-buen-mal-ebook","title":{"rendered":"Samanta Schweblin &#8211; El buen mal \/ebook"},"content":{"rendered":"<p><img loading=\"lazy\" decoding=\"async\" class=\"wp-image-5549 size-full alignleft\" src=\"https:\/\/www.taller-palabras.com\/WordPress_04\/wp-content\/uploads\/2022\/04\/samanta-schweblin.jpg\" alt=\"\" width=\"283\" height=\"283\" srcset=\"https:\/\/www.taller-palabras.com\/WordPress_04\/wp-content\/uploads\/2022\/04\/samanta-schweblin.jpg 283w, https:\/\/www.taller-palabras.com\/WordPress_04\/wp-content\/uploads\/2022\/04\/samanta-schweblin-150x150.jpg 150w, https:\/\/www.taller-palabras.com\/WordPress_04\/wp-content\/uploads\/2022\/04\/samanta-schweblin-100x100.jpg 100w\" sizes=\"auto, (max-width: 283px) 100vw, 283px\" \/><\/p>\n<p>Samanta Schweblin, la maestra del cuento contempor\u00e1neo latinoamericano, regresa con un libro destinado a convertirse en un cl\u00e1sico global. Magn\u00e9ticos e irresistibles. En cada uno de los cuentos de El buen mal, Samanta Schweblin nos abduce a otra dimensi\u00f3n donde quedamos en contacto intimo con sus personajes. Encandilados por el fulgor de la inminente tragedia, vulnerables y profundamente humanos, advierten cuanto podr\u00eda transformarlos la irrupci\u00f3n de lo inesperado. A algunos los dejara de pie frente al dolor, a otros dialogando con la culpa y a todos atravesados por la incertidumbre. Importa saber que es verdad? Se trata, de principio a fin, de ser participes de un fenomenal artificio literario. Con in\u00e9dita perspicacia, Schweblin intuye el punto de quiebre de una voluntad, la intensidad premonitoria de un temblor y la lejan\u00eda que impone la ternura. Conoce la mejor de las infinitas posibilidades de una historia y el modo de encajar las piezas de una trama para dar con un gran relato que se hunda y proyecte, oscurezca e ilumine el d\u00eda a d\u00eda de la \u00e9poca y el alma de quienes la habitan. En su literatura, premiada internacionalmente, los filos entre realidad y ensue\u00f1o deslumbran como los de un cuchillo.<\/p>\n","protected":false},"excerpt":{"rendered":"<p>Samanta Schweblin, la maestra del cuento contempor\u00e1neo latinoamericano, regresa con un libro destinado a convertirse en un cl\u00e1sico global. Magn\u00e9ticos e irresistibles. En cada uno de los cuentos de El buen mal, Samanta Schweblin nos abduce a otra dimensi\u00f3n donde quedamos en contacto intimo con sus personajes. Encandilados por el fulgor de la inminente tragedia, [&hellip;]<\/p>\n","protected":false},"featured_media":11572,"template":"","meta":[],"product_brand":[],"product_cat":[25],"product_tag":[54,1542,1184,769],"class_list":{"0":"post-11569","1":"product","2":"type-product","3":"status-publish","4":"has-post-thumbnail","6":"product_cat-libros-digitales-ebooks","7":"product_tag-descargar-ebook","8":"product_tag-el-buen-mal","9":"product_tag-mejor-novelas","10":"product_tag-samanta-schweblin","12":"first","13":"instock","14":"shipping-taxable","15":"purchasable","16":"product-type-variable","17":"has-default-attributes"},"_links":{"self":[{"href":"https:\/\/www.taller-palabras.com\/WordPress_04\/wp-json\/wp\/v2\/product\/11569","targetHints":{"allow":["GET"]}}],"collection":[{"href":"https:\/\/www.taller-palabras.com\/WordPress_04\/wp-json\/wp\/v2\/product"}],"about":[{"href":"https:\/\/www.taller-palabras.com\/WordPress_04\/wp-json\/wp\/v2\/types\/product"}],"wp:featuredmedia":[{"embeddable":true,"href":"https:\/\/www.taller-palabras.com\/WordPress_04\/wp-json\/wp\/v2\/media\/11572"}],"wp:attachment":[{"href":"https:\/\/www.taller-palabras.com\/WordPress_04\/wp-json\/wp\/v2\/media?parent=11569"}],"wp:term":[{"taxonomy":"product_brand","embeddable":true,"href":"https:\/\/www.taller-palabras.com\/WordPress_04\/wp-json\/wp\/v2\/product_brand?post=11569"},{"taxonomy":"product_cat","embeddable":true,"href":"https:\/\/www.taller-palabras.com\/WordPress_04\/wp-json\/wp\/v2\/product_cat?post=11569"},{"taxonomy":"product_tag","embeddable":true,"href":"https:\/\/www.taller-palabras.com\/WordPress_04\/wp-json\/wp\/v2\/product_tag?post=11569"}],"curies":[{"name":"wp","href":"https:\/\/api.w.org\/{rel}","templated":true}]}}

<p><img loading="lazy" decoding="async" class="wp-image-5549 size-full alignleft" src="https://www.taller-palabras.com/WordPress_04/wp-content/uploads/2022/04/samanta-schweblin.jpg" alt="" width="283" height="283" srcset="https://www.taller-palabras.com/WordPress_04/wp-content/uploads/2022/04/samanta-schweblin.jpg 283w, https://www.taller-palabras.com/WordPress_04/wp-content/uploads/2022/04/samanta-schweblin-150x150.jpg 150w, https://www.taller-palabras.com/WordPress_04/wp-content/uploads/2022/04/samanta-schweblin-100x100.jpg 100w" sizes="auto, (max-width: 283px) 100vw, 283px" /></p>
<p>Samanta Schweblin, la maestra del cuento contemporáneo latinoamericano, regresa con un libro destinado a convertirse en un clásico global. Magnéticos e irresistibles. En cada uno de los cuentos de El buen mal, Samanta Schweblin nos abduce a otra dimensión donde quedamos en contacto intimo con sus personajes. Encandilados por el fulgor de la inminente tragedia, vulnerables y profundamente humanos, advierten cuanto podría transformarlos la irrupción de lo inesperado. A algunos los dejara de pie frente al dolor, a otros dialogando con la culpa y a todos atravesados por la incertidumbre. Importa saber que es verdad? Se trata, de principio a fin, de ser participes de un fenomenal artificio literario. Con inédita perspicacia, Schweblin intuye el punto de quiebre de una voluntad, la intensidad premonitoria de un temblor y la lejanía que impone la ternura. Conoce la mejor de las infinitas posibilidades de una historia y el modo de encajar las piezas de una trama para dar con un gran relato que se hunda y proyecte, oscurezca e ilumine el día a día de la época y el alma de quienes la habitan. En su literatura, premiada internacionalmente, los filos entre realidad y ensueño deslumbran como los de un cuchillo.</p>

<p>Samanta Schweblin, la maestra del cuento contemporáneo latinoamericano, regresa con un libro destinado a convertirse en un clásico global. Magnéticos e irresistibles. En cada uno de los cuentos de El buen mal, Samanta Schweblin nos abduce a otra dimensión donde quedamos en contacto intimo con sus personajes. Encandilados por el fulgor de la inminente tragedia, [&hellip;]</p>
