{"id":11607,"date":"2024-09-29T13:29:19","date_gmt":"2024-09-29T16:29:19","guid":{"rendered":"https:\/\/www.taller-palabras.com\/WordPress_04\/?post_type=product&#038;p=11607"},"modified":"2025-09-27T13:40:41","modified_gmt":"2025-09-27T16:40:41","slug":"saga-alas-de-onix-3-rebecca-yarros-ebook","status":"publish","type":"product","link":"https:\/\/www.taller-palabras.com\/WordPress_04\/producto\/saga-alas-de-onix-3-rebecca-yarros-ebook","title":{"rendered":"Saga: Alas de Onix (3) &#8211; Rebecca Yarros\/ ebook"},"content":{"rendered":"<figure id=\"attachment_11611\" aria-describedby=\"caption-attachment-11611\" style=\"width: 150px\" class=\"wp-caption alignleft\"><img loading=\"lazy\" decoding=\"async\" class=\"wp-image-11611 size-thumbnail\" src=\"https:\/\/www.taller-palabras.com\/WordPress_04\/wp-content\/uploads\/2025\/09\/rebecca-yarros-150x150.jpg\" alt=\"\" width=\"150\" height=\"150\" srcset=\"https:\/\/www.taller-palabras.com\/WordPress_04\/wp-content\/uploads\/2025\/09\/rebecca-yarros-150x150.jpg 150w, https:\/\/www.taller-palabras.com\/WordPress_04\/wp-content\/uploads\/2025\/09\/rebecca-yarros-100x100.jpg 100w, https:\/\/www.taller-palabras.com\/WordPress_04\/wp-content\/uploads\/2025\/09\/rebecca-yarros.jpg 283w\" sizes=\"auto, (max-width: 150px) 100vw, 150px\" \/><figcaption id=\"caption-attachment-11611\" class=\"wp-caption-text\">Autora Rebecca Yarros<\/figcaption><\/figure>\n<p>Tras casi dieciocho meses en el Colegio de Guerra Basgiath, Violet Sorrengail tiene claro que no queda tiempo para entrenar. Hay que tomar decisiones. La batalla ha comenzado y, con enemigos acerc\u00e1ndose a las murallas e infiltrados en sus propias filas, es imposible saber en qui\u00e9n confiar. Ahora Violet deber\u00e1 emprender un viaje fuera de los l\u00edmites de Aretia, en busca de aliados de tierras desconocidas que acepten pelear por Navarre. La misi\u00f3n pondr\u00e1 a prueba su suerte, y la obligar\u00e1 a usar todo su ingenio y fortaleza para salvar lo que m\u00e1s ama: sus dragones, su familia, su hogar\u2026 y a \u00e9l. Aunque eso signifique tener que guardar un secreto tan peligroso que podr\u00eda destruir su mundo. Navarre necesita un ej\u00e9rcito. Necesita poder. Necesita magia. Y necesitar\u00e1 algo que solo Violet puede encontrar: la verdad. Pero una tormenta se aproxima\u2026 y no todos sobrevivir\u00e1n a su furia.<\/p>\n","protected":false},"excerpt":{"rendered":"<p>Tras casi dieciocho meses en el Colegio de Guerra Basgiath, Violet Sorrengail tiene claro que no queda tiempo para entrenar. Hay que tomar decisiones. La batalla ha comenzado y, con enemigos acerc\u00e1ndose a las murallas e infiltrados en sus propias filas, es imposible saber en qui\u00e9n confiar. Ahora Violet deber\u00e1 emprender un viaje fuera de [&hellip;]<\/p>\n","protected":false},"featured_media":11610,"template":"","meta":[],"product_brand":[],"product_cat":[25,47],"product_tag":[1550,54,1549],"class_list":{"0":"post-11607","1":"product","2":"type-product","3":"status-publish","4":"has-post-thumbnail","6":"product_cat-libros-digitales-ebooks","7":"product_cat-libros-digitales-sagas","8":"product_tag-alas-de-onix","9":"product_tag-descargar-ebook","10":"product_tag-ebecca-yarros","12":"first","13":"instock","14":"shipping-taxable","15":"purchasable","16":"product-type-variable","17":"has-default-attributes"},"_links":{"self":[{"href":"https:\/\/www.taller-palabras.com\/WordPress_04\/wp-json\/wp\/v2\/product\/11607","targetHints":{"allow":["GET"]}}],"collection":[{"href":"https:\/\/www.taller-palabras.com\/WordPress_04\/wp-json\/wp\/v2\/product"}],"about":[{"href":"https:\/\/www.taller-palabras.com\/WordPress_04\/wp-json\/wp\/v2\/types\/product"}],"wp:featuredmedia":[{"embeddable":true,"href":"https:\/\/www.taller-palabras.com\/WordPress_04\/wp-json\/wp\/v2\/media\/11610"}],"wp:attachment":[{"href":"https:\/\/www.taller-palabras.com\/WordPress_04\/wp-json\/wp\/v2\/media?parent=11607"}],"wp:term":[{"taxonomy":"product_brand","embeddable":true,"href":"https:\/\/www.taller-palabras.com\/WordPress_04\/wp-json\/wp\/v2\/product_brand?post=11607"},{"taxonomy":"product_cat","embeddable":true,"href":"https:\/\/www.taller-palabras.com\/WordPress_04\/wp-json\/wp\/v2\/product_cat?post=11607"},{"taxonomy":"product_tag","embeddable":true,"href":"https:\/\/www.taller-palabras.com\/WordPress_04\/wp-json\/wp\/v2\/product_tag?post=11607"}],"curies":[{"name":"wp","href":"https:\/\/api.w.org\/{rel}","templated":true}]}}