{"id":11794,"date":"2020-07-30T12:21:46","date_gmt":"2020-07-30T15:21:46","guid":{"rendered":"https:\/\/www.taller-palabras.com\/WordPress_04\/?post_type=product&#038;p=11794"},"modified":"2025-11-25T16:50:36","modified_gmt":"2025-11-25T19:50:36","slug":"el-ultimo-seceto-dan-brown-ebook","status":"publish","type":"product","link":"https:\/\/www.taller-palabras.com\/WordPress_04\/producto\/el-ultimo-seceto-dan-brown-ebook","title":{"rendered":"El \u00faltimo seceto- Dan Brown  \/ebook"},"content":{"rendered":"<p><img loading=\"lazy\" decoding=\"async\" class=\"wp-image-633 size-thumbnail alignleft\" src=\"https:\/\/www.taller-palabras.com\/WordPress_04\/wp-content\/uploads\/2019\/04\/danbrown-150x150.jpg\" alt=\"\" width=\"150\" height=\"150\" srcset=\"https:\/\/www.taller-palabras.com\/WordPress_04\/wp-content\/uploads\/2019\/04\/danbrown-150x150.jpg 150w, https:\/\/www.taller-palabras.com\/WordPress_04\/wp-content\/uploads\/2019\/04\/danbrown-324x324.jpg 324w, https:\/\/www.taller-palabras.com\/WordPress_04\/wp-content\/uploads\/2019\/04\/danbrown-100x100.jpg 100w\" sizes=\"auto, (max-width: 150px) 100vw, 150px\" \/>Robert Langdon, el c\u00e9lebre profesor de simbolog\u00eda, llega a Praga para asistir a una conferencia revolucionaria impartida por Katherine Solomon, una brillante cient\u00edfica con quien ha iniciado una relaci\u00f3n. Katherine est\u00e1 a punto de publicar un libro cuyos asombrosos descubrimientos sobre la naturaleza de la conciencia humana prometen desafiar siglos de creencias consolidadas. Pero un brutal asesinato desata el caos, y Katherine desaparece sin dejar rastro junto a su valioso manuscrito.<br \/>\nCon un tel\u00f3n de fondo de enormes castillos, imponentes iglesias, cementerios ancestrales y laber\u00ednticos pasajes subterr\u00e1neos, Langdon debe recorrer Praga, una ciudad que ha guardado celosamente sus misterios durante siglos, mientras se enfrenta a fuerzas desconocidas. La ciudad de las mil torres es un campo de batalla ins\u00f3lito para Robert, uno en el que no solo est\u00e1 en juego la vida de la persona que ama sino tambi\u00e9n un secreto que podr\u00eda cambiar el futuro de la humanidad.<br \/>\n\u00abEl \u00faltimo secreto es, con diferencia, la novela m\u00e1s meticulosamente trazada y ambiciosa que he escrito hasta ahora, y tambi\u00e9n la m\u00e1s entretenida. Escribir esta historia ha sido un inolvidable viaje de descubrimiento.\u00bb Dan Brown<\/p>\n<p>Dan Brown, autor de El c\u00f3digo Da Vinci, regresa con una nueva y trepidante aventura de Robert Langdon.<\/p>\n<p>&nbsp;<\/p>\n","protected":false},"excerpt":{"rendered":"<p>Robert Langdon, el c\u00e9lebre profesor de simbolog\u00eda, llega a Praga para asistir a una conferencia revolucionaria impartida por Katherine Solomon, una brillante cient\u00edfica con quien ha iniciado una relaci\u00f3n. Katherine est\u00e1 a punto de publicar un libro cuyos asombrosos descubrimientos sobre la naturaleza de la conciencia humana prometen desafiar siglos de creencias consolidadas. Pero un [&hellip;]<\/p>\n","protected":false},"featured_media":11797,"template":"","meta":[],"product_brand":[],"product_cat":[25],"product_tag":[118,54,55],"class_list":{"0":"post-11794","1":"product","2":"type-product","3":"status-publish","4":"has-post-thumbnail","6":"product_cat-libros-digitales-ebooks","7":"product_tag-dan-brown","8":"product_tag-descargar-ebook","9":"product_tag-novelas","11":"first","12":"instock","13":"shipping-taxable","14":"purchasable","15":"product-type-variable","16":"has-default-attributes"},"_links":{"self":[{"href":"https:\/\/www.taller-palabras.com\/WordPress_04\/wp-json\/wp\/v2\/product\/11794","targetHints":{"allow":["GET"]}}],"collection":[{"href":"https:\/\/www.taller-palabras.com\/WordPress_04\/wp-json\/wp\/v2\/product"}],"about":[{"href":"https:\/\/www.taller-palabras.com\/WordPress_04\/wp-json\/wp\/v2\/types\/product"}],"wp:featuredmedia":[{"embeddable":true,"href":"https:\/\/www.taller-palabras.com\/WordPress_04\/wp-json\/wp\/v2\/media\/11797"}],"wp:attachment":[{"href":"https:\/\/www.taller-palabras.com\/WordPress_04\/wp-json\/wp\/v2\/media?parent=11794"}],"wp:term":[{"taxonomy":"product_brand","embeddable":true,"href":"https:\/\/www.taller-palabras.com\/WordPress_04\/wp-json\/wp\/v2\/product_brand?post=11794"},{"taxonomy":"product_cat","embeddable":true,"href":"https:\/\/www.taller-palabras.com\/WordPress_04\/wp-json\/wp\/v2\/product_cat?post=11794"},{"taxonomy":"product_tag","embeddable":true,"href":"https:\/\/www.taller-palabras.com\/WordPress_04\/wp-json\/wp\/v2\/product_tag?post=11794"}],"curies":[{"name":"wp","href":"https:\/\/api.w.org\/{rel}","templated":true}]}}