{"id":11825,"date":"2025-11-28T10:09:45","date_gmt":"2025-11-28T13:09:45","guid":{"rendered":"https:\/\/www.taller-palabras.com\/WordPress_04\/?post_type=product&#038;p=11825"},"modified":"2025-11-28T10:12:26","modified_gmt":"2025-11-28T13:12:26","slug":"medea-euripides-ebook","status":"publish","type":"product","link":"https:\/\/www.taller-palabras.com\/WordPress_04\/producto\/medea-euripides-ebook","title":{"rendered":"Medea &#8211; Eur\u00edpides \/ebook"},"content":{"rendered":"<figure id=\"attachment_11821\" aria-describedby=\"caption-attachment-11821\" style=\"width: 150px\" class=\"wp-caption alignleft\"><img loading=\"lazy\" decoding=\"async\" class=\"wp-image-11821 size-thumbnail\" src=\"https:\/\/www.taller-palabras.com\/WordPress_04\/wp-content\/uploads\/2025\/11\/euripides-150x150.jpg\" alt=\"\" width=\"150\" height=\"150\" srcset=\"https:\/\/www.taller-palabras.com\/WordPress_04\/wp-content\/uploads\/2025\/11\/euripides-150x150.jpg 150w, https:\/\/www.taller-palabras.com\/WordPress_04\/wp-content\/uploads\/2025\/11\/euripides-100x100.jpg 100w, https:\/\/www.taller-palabras.com\/WordPress_04\/wp-content\/uploads\/2025\/11\/euripides.jpg 283w\" sizes=\"auto, (max-width: 150px) 100vw, 150px\" \/><figcaption id=\"caption-attachment-11821\" class=\"wp-caption-text\">Autor Eur\u00edpides<\/figcaption><\/figure>\n<p>Jas\u00f3n no solo regres\u00f3 de la C\u00f3lquide con el vellocino de oro, sino que tambi\u00e9n sedujo a la hija del rey Eetes, Medea. A su vuelta a Yolco, hallan un escenario de traici\u00f3n familiar del que huyen dejando un rastro carmes\u00ed. Cuando recalen en Corinto, Medea desplegar\u00e1 una pavorosa venganza contra Jas\u00f3n al descubrir que pretende a la hija del rey Creonte. Este imperecedero personaje femenino recoge las leyendas que ve\u00edan a la hechicera como una mujer ex\u00f3tica y salvaje que, por amor, despierta el lado atroz de lo humano. Sus coet\u00e1neos dec\u00edan que Eur\u00edpides prefer\u00eda representar \u00ablas cosas como son y no como debieran\u00bb, y ello quiz\u00e1 sea lo que nos sigue atrayendo de esta princesa extranjera: su cruda realidad, su repulsi\u00f3n natural hacia el perjurio, su asimilaci\u00f3n negada, su temible ira, su compromiso con la sangre. La presente edici\u00f3n de Medea cuenta con la versi\u00f3n y la introducci\u00f3n del helenista, escritor y traductor Ram\u00f3n Irigoyen. Asimismo, los profesores de comunicaci\u00f3n audiovisual de la Universidad Pompeu Fabra Jordi Ball\u00f3 y Xavier P\u00e9rez han escrito a cuatro manos el ep\u00edlogo \u00abLa venganza triunfal\u00bb.<\/p>\n","protected":false},"excerpt":{"rendered":"<p>Jas\u00f3n no solo regres\u00f3 de la C\u00f3lquide con el vellocino de oro, sino que tambi\u00e9n sedujo a la hija del rey Eetes, Medea. A su vuelta a Yolco, hallan un escenario de traici\u00f3n familiar del que huyen dejando un rastro carmes\u00ed. Cuando recalen en Corinto, Medea desplegar\u00e1 una pavorosa venganza contra Jas\u00f3n al descubrir que [&hellip;]<\/p>\n","protected":false},"featured_media":11822,"template":"","meta":[],"product_brand":[],"product_cat":[25],"product_tag":[54,1586,1587,1184],"class_list":{"0":"post-11825","1":"product","2":"type-product","3":"status-publish","4":"has-post-thumbnail","6":"product_cat-libros-digitales-ebooks","7":"product_tag-descargar-ebook","8":"product_tag-euripides","9":"product_tag-medea","10":"product_tag-mejor-novelas","12":"first","13":"instock","14":"shipping-taxable","15":"purchasable","16":"product-type-variable","17":"has-default-attributes"},"_links":{"self":[{"href":"https:\/\/www.taller-palabras.com\/WordPress_04\/wp-json\/wp\/v2\/product\/11825","targetHints":{"allow":["GET"]}}],"collection":[{"href":"https:\/\/www.taller-palabras.com\/WordPress_04\/wp-json\/wp\/v2\/product"}],"about":[{"href":"https:\/\/www.taller-palabras.com\/WordPress_04\/wp-json\/wp\/v2\/types\/product"}],"wp:featuredmedia":[{"embeddable":true,"href":"https:\/\/www.taller-palabras.com\/WordPress_04\/wp-json\/wp\/v2\/media\/11822"}],"wp:attachment":[{"href":"https:\/\/www.taller-palabras.com\/WordPress_04\/wp-json\/wp\/v2\/media?parent=11825"}],"wp:term":[{"taxonomy":"product_brand","embeddable":true,"href":"https:\/\/www.taller-palabras.com\/WordPress_04\/wp-json\/wp\/v2\/product_brand?post=11825"},{"taxonomy":"product_cat","embeddable":true,"href":"https:\/\/www.taller-palabras.com\/WordPress_04\/wp-json\/wp\/v2\/product_cat?post=11825"},{"taxonomy":"product_tag","embeddable":true,"href":"https:\/\/www.taller-palabras.com\/WordPress_04\/wp-json\/wp\/v2\/product_tag?post=11825"}],"curies":[{"name":"wp","href":"https:\/\/api.w.org\/{rel}","templated":true}]}}