{"id":11835,"date":"2023-07-11T13:07:03","date_gmt":"2023-07-11T16:07:03","guid":{"rendered":"https:\/\/www.taller-palabras.com\/WordPress_04\/?post_type=product&#038;p=11835"},"modified":"2025-12-01T11:43:02","modified_gmt":"2025-12-01T14:43:02","slug":"rincon-de-haikus-mario-benedetti-ebook","status":"publish","type":"product","link":"https:\/\/www.taller-palabras.com\/WordPress_04\/producto\/rincon-de-haikus-mario-benedetti-ebook","title":{"rendered":"Rinc\u00f3n de haikus &#8211; Mario Benedetti \/ebook"},"content":{"rendered":"<figure id=\"attachment_7183\" aria-describedby=\"caption-attachment-7183\" style=\"width: 150px\" class=\"wp-caption alignleft\"><img loading=\"lazy\" decoding=\"async\" class=\"wp-image-7183 size-thumbnail\" src=\"https:\/\/www.taller-palabras.com\/WordPress_04\/wp-content\/uploads\/2023\/07\/Mario-Benedetti-150x150.jpg\" alt=\"\" width=\"150\" height=\"150\" srcset=\"https:\/\/www.taller-palabras.com\/WordPress_04\/wp-content\/uploads\/2023\/07\/Mario-Benedetti-150x150.jpg 150w, https:\/\/www.taller-palabras.com\/WordPress_04\/wp-content\/uploads\/2023\/07\/Mario-Benedetti-100x100.jpg 100w\" sizes=\"auto, (max-width: 150px) 100vw, 150px\" \/><figcaption id=\"caption-attachment-7183\" class=\"wp-caption-text\">Autor Mario Benedetti<\/figcaption><\/figure>\n<p>\u00abEncerrar en diecisiete s\u00edlabas (y adem\u00e1s, con escisiones predeterminadas) una sensaci\u00f3n, un paisaje, y hasta una breve an\u00e9cdota, empez\u00f3 siendo un juego. Pero de a poco uno va captando las nuevas posibilidades de la vieja estructura. As\u00ed, la dificultad formal pasa a ser un aliciente y la brevedad una provocativa forma de s\u00edntesis. Simplemente, el haiku cl\u00e1sico, como forma l\u00edrica, se me figur\u00f3 siempre un desaf\u00edo. Es obvio que no me he puesto a imitar a poetas japoneses, ni siquiera a incorporar sus im\u00e1genes y temas preferidos. Apenas he tenido la osad\u00eda de introducirme en esa pauta l\u00edrica, pero no apelando a t\u00f3picos japoneses sino a mis propios vaivenes, inquietudes, paisajes y sentimientos.\u00bb M. B.<\/p>\n<p>&nbsp;<\/p>\n","protected":false},"excerpt":{"rendered":"<p>\u00abEncerrar en diecisiete s\u00edlabas (y adem\u00e1s, con escisiones predeterminadas) una sensaci\u00f3n, un paisaje, y hasta una breve an\u00e9cdota, empez\u00f3 siendo un juego. Pero de a poco uno va captando las nuevas posibilidades de la vieja estructura. As\u00ed, la dificultad formal pasa a ser un aliciente y la brevedad una provocativa forma de s\u00edntesis. Simplemente, el [&hellip;]<\/p>\n","protected":false},"featured_media":11838,"template":"","meta":[],"product_brand":[],"product_cat":[25],"product_tag":[54,1044,45,1590],"class_list":{"0":"post-11835","1":"product","2":"type-product","3":"status-publish","4":"has-post-thumbnail","6":"product_cat-libros-digitales-ebooks","7":"product_tag-descargar-ebook","8":"product_tag-mario-benedetti","9":"product_tag-mejor-novela","10":"product_tag-rincon-de-haikus","12":"first","13":"instock","14":"shipping-taxable","15":"purchasable","16":"product-type-variable","17":"has-default-attributes"},"_links":{"self":[{"href":"https:\/\/www.taller-palabras.com\/WordPress_04\/wp-json\/wp\/v2\/product\/11835","targetHints":{"allow":["GET"]}}],"collection":[{"href":"https:\/\/www.taller-palabras.com\/WordPress_04\/wp-json\/wp\/v2\/product"}],"about":[{"href":"https:\/\/www.taller-palabras.com\/WordPress_04\/wp-json\/wp\/v2\/types\/product"}],"wp:featuredmedia":[{"embeddable":true,"href":"https:\/\/www.taller-palabras.com\/WordPress_04\/wp-json\/wp\/v2\/media\/11838"}],"wp:attachment":[{"href":"https:\/\/www.taller-palabras.com\/WordPress_04\/wp-json\/wp\/v2\/media?parent=11835"}],"wp:term":[{"taxonomy":"product_brand","embeddable":true,"href":"https:\/\/www.taller-palabras.com\/WordPress_04\/wp-json\/wp\/v2\/product_brand?post=11835"},{"taxonomy":"product_cat","embeddable":true,"href":"https:\/\/www.taller-palabras.com\/WordPress_04\/wp-json\/wp\/v2\/product_cat?post=11835"},{"taxonomy":"product_tag","embeddable":true,"href":"https:\/\/www.taller-palabras.com\/WordPress_04\/wp-json\/wp\/v2\/product_tag?post=11835"}],"curies":[{"name":"wp","href":"https:\/\/api.w.org\/{rel}","templated":true}]}}