{"id":11875,"date":"2022-08-12T16:12:32","date_gmt":"2022-08-12T19:12:32","guid":{"rendered":"https:\/\/www.taller-palabras.com\/WordPress_04\/?post_type=product&#038;p=11875"},"modified":"2025-12-05T11:54:20","modified_gmt":"2025-12-05T14:54:20","slug":"todo-alatriste-arturo-perez-reverte-ebook","status":"publish","type":"product","link":"https:\/\/www.taller-palabras.com\/WordPress_04\/producto\/todo-alatriste-arturo-perez-reverte-ebook","title":{"rendered":"Todo Alatriste &#8211; Arturo P\u00e9rez Reverte \/ebook"},"content":{"rendered":"<figure id=\"attachment_1878\" aria-describedby=\"caption-attachment-1878\" style=\"width: 150px\" class=\"wp-caption alignleft\"><img loading=\"lazy\" decoding=\"async\" class=\"wp-image-1878 size-thumbnail\" src=\"https:\/\/www.taller-palabras.com\/WordPress_04\/wp-content\/uploads\/2020\/04\/Reverte-150x150.jpg\" alt=\"\" width=\"150\" height=\"150\" srcset=\"https:\/\/www.taller-palabras.com\/WordPress_04\/wp-content\/uploads\/2020\/04\/Reverte-150x150.jpg 150w, https:\/\/www.taller-palabras.com\/WordPress_04\/wp-content\/uploads\/2020\/04\/Reverte-300x300.jpg 300w, https:\/\/www.taller-palabras.com\/WordPress_04\/wp-content\/uploads\/2020\/04\/Reverte-324x324.jpg 324w, https:\/\/www.taller-palabras.com\/WordPress_04\/wp-content\/uploads\/2020\/04\/Reverte-100x100.jpg 100w, https:\/\/www.taller-palabras.com\/WordPress_04\/wp-content\/uploads\/2020\/04\/Reverte.jpg 400w\" sizes=\"auto, (max-width: 150px) 100vw, 150px\" \/><figcaption id=\"caption-attachment-1878\" class=\"wp-caption-text\">Autor Arturo P\u00e9rez Reverte<\/figcaption><\/figure>\n<p>Todo Alatriste re\u00fane por primera vez en un solo volumen las siete novelas que componen la aclamada serie de Las aventuras del capit\u00e1n Alatriste. \u00abNo era el hombre m\u00e1s honesto ni el m\u00e1s piadoso, pero era un hombre valiente\u2026\u00bb. Con esta frase ya legendaria, Arturo P\u00e9rez-Reverte daba comienzo, hace veinte a\u00f1os, a la primera de las novelas protagonizadas por el capit\u00e1n Alatriste, un soldado veterano de los tercios de Flandes que malvive como espadach\u00edn en el Madrid del siglo XVII. Sus aventuras constituyen uno de los grandes hitos de la historia editorial reciente en lengua espa\u00f1ola: la serie, compuesta por siete novelas, ha vendido millones de libros en todo el mundo, ha inspirado c\u00f3mics, pel\u00edculas, obras de teatro, series televisivas y juegos de rol, y con ella han crecido como lectores miles de j\u00f3venes.<\/p>\n","protected":false},"excerpt":{"rendered":"<p>Todo Alatriste re\u00fane por primera vez en un solo volumen las siete novelas que componen la aclamada serie de Las aventuras del capit\u00e1n Alatriste. \u00abNo era el hombre m\u00e1s honesto ni el m\u00e1s piadoso, pero era un hombre valiente\u2026\u00bb. Con esta frase ya legendaria, Arturo P\u00e9rez-Reverte daba comienzo, hace veinte a\u00f1os, a la primera de [&hellip;]<\/p>\n","protected":false},"featured_media":11878,"template":"","meta":[],"product_brand":[],"product_cat":[25],"product_tag":[1598,202,54,45],"class_list":{"0":"post-11875","1":"product","2":"type-product","3":"status-publish","4":"has-post-thumbnail","6":"product_cat-libros-digitales-ebooks","7":"product_tag-alatriste","8":"product_tag-arturo-perez-reverte","9":"product_tag-descargar-ebook","10":"product_tag-mejor-novela","12":"first","13":"instock","14":"shipping-taxable","15":"purchasable","16":"product-type-variable","17":"has-default-attributes"},"_links":{"self":[{"href":"https:\/\/www.taller-palabras.com\/WordPress_04\/wp-json\/wp\/v2\/product\/11875","targetHints":{"allow":["GET"]}}],"collection":[{"href":"https:\/\/www.taller-palabras.com\/WordPress_04\/wp-json\/wp\/v2\/product"}],"about":[{"href":"https:\/\/www.taller-palabras.com\/WordPress_04\/wp-json\/wp\/v2\/types\/product"}],"wp:featuredmedia":[{"embeddable":true,"href":"https:\/\/www.taller-palabras.com\/WordPress_04\/wp-json\/wp\/v2\/media\/11878"}],"wp:attachment":[{"href":"https:\/\/www.taller-palabras.com\/WordPress_04\/wp-json\/wp\/v2\/media?parent=11875"}],"wp:term":[{"taxonomy":"product_brand","embeddable":true,"href":"https:\/\/www.taller-palabras.com\/WordPress_04\/wp-json\/wp\/v2\/product_brand?post=11875"},{"taxonomy":"product_cat","embeddable":true,"href":"https:\/\/www.taller-palabras.com\/WordPress_04\/wp-json\/wp\/v2\/product_cat?post=11875"},{"taxonomy":"product_tag","embeddable":true,"href":"https:\/\/www.taller-palabras.com\/WordPress_04\/wp-json\/wp\/v2\/product_tag?post=11875"}],"curies":[{"name":"wp","href":"https:\/\/api.w.org\/{rel}","templated":true}]}}