{"id":11943,"date":"2025-12-13T09:55:01","date_gmt":"2025-12-13T12:55:01","guid":{"rendered":"https:\/\/www.taller-palabras.com\/WordPress_04\/?post_type=product&#038;p=11943"},"modified":"2025-12-13T10:02:14","modified_gmt":"2025-12-13T13:02:14","slug":"la-ultima-migracion-charlotte-mcconaghy-ebook","status":"publish","type":"product","link":"https:\/\/www.taller-palabras.com\/WordPress_04\/producto\/la-ultima-migracion-charlotte-mcconaghy-ebook","title":{"rendered":"La ultima migraci\u00f3n &#8211; Charlotte McConaghy \/ebook"},"content":{"rendered":"<figure id=\"attachment_11947\" aria-describedby=\"caption-attachment-11947\" style=\"width: 150px\" class=\"wp-caption alignleft\"><img loading=\"lazy\" decoding=\"async\" class=\"wp-image-11947 size-thumbnail\" src=\"https:\/\/www.taller-palabras.com\/WordPress_04\/wp-content\/uploads\/2025\/12\/Charlotte-McConaghy-150x150.jpg\" alt=\"\" width=\"150\" height=\"150\" srcset=\"https:\/\/www.taller-palabras.com\/WordPress_04\/wp-content\/uploads\/2025\/12\/Charlotte-McConaghy-150x150.jpg 150w, https:\/\/www.taller-palabras.com\/WordPress_04\/wp-content\/uploads\/2025\/12\/Charlotte-McConaghy-100x100.jpg 100w, https:\/\/www.taller-palabras.com\/WordPress_04\/wp-content\/uploads\/2025\/12\/Charlotte-McConaghy.jpg 225w\" sizes=\"auto, (max-width: 150px) 100vw, 150px\" \/><figcaption id=\"caption-attachment-11947\" class=\"wp-caption-text\">Autora Charlotte McConaghy<\/figcaption><\/figure>\n<p>Franny Stone es el tipo de mujer incapaz de comprometerse. Sin embargo, cuando la naturaleza que adora comienza a desaparecer, no puede seguir por el mundo sin un destino. Dejando todo atr\u00e1s, llega a Groenlandia para seguir a los \u00faltimos charranes \u00e1rticos del mundo en su migraci\u00f3n final hacia la Ant\u00e1rtida. Convence a Ennis Malone, capit\u00e1n del Saghani, de que la acepte a bordo con la promesa de que las aves los llevar\u00e1n a un sitio de pesca. Pero a medida que la historia de Franny comienza a desvelarse \u2014una apasionada relaci\u00f3n amorosa, una familia ausente y un crimen devastador\u2014, queda claro que est\u00e1 persiguiendo algo m\u00e1s. \u00abLa \u00faltima migraci\u00f3n\u00bb es una novela fascinante sobre la capacidad de perdonarse, la resiliencia y la posibilidad de esperanza ante un mundo al borde del colapso.<\/p>\n","protected":false},"excerpt":{"rendered":"<p>Franny Stone es el tipo de mujer incapaz de comprometerse. Sin embargo, cuando la naturaleza que adora comienza a desaparecer, no puede seguir por el mundo sin un destino. Dejando todo atr\u00e1s, llega a Groenlandia para seguir a los \u00faltimos charranes \u00e1rticos del mundo en su migraci\u00f3n final hacia la Ant\u00e1rtida. Convence a Ennis Malone, [&hellip;]<\/p>\n","protected":false},"featured_media":11946,"template":"","meta":[],"product_brand":[],"product_cat":[25],"product_tag":[1621,54,1622,1184],"class_list":{"0":"post-11943","1":"product","2":"type-product","3":"status-publish","4":"has-post-thumbnail","6":"product_cat-libros-digitales-ebooks","7":"product_tag-charlotte-mcconaghy","8":"product_tag-descargar-ebook","9":"product_tag-la-ultima-migracion","10":"product_tag-mejor-novelas","12":"first","13":"instock","14":"shipping-taxable","15":"purchasable","16":"product-type-variable","17":"has-default-attributes"},"_links":{"self":[{"href":"https:\/\/www.taller-palabras.com\/WordPress_04\/wp-json\/wp\/v2\/product\/11943","targetHints":{"allow":["GET"]}}],"collection":[{"href":"https:\/\/www.taller-palabras.com\/WordPress_04\/wp-json\/wp\/v2\/product"}],"about":[{"href":"https:\/\/www.taller-palabras.com\/WordPress_04\/wp-json\/wp\/v2\/types\/product"}],"wp:featuredmedia":[{"embeddable":true,"href":"https:\/\/www.taller-palabras.com\/WordPress_04\/wp-json\/wp\/v2\/media\/11946"}],"wp:attachment":[{"href":"https:\/\/www.taller-palabras.com\/WordPress_04\/wp-json\/wp\/v2\/media?parent=11943"}],"wp:term":[{"taxonomy":"product_brand","embeddable":true,"href":"https:\/\/www.taller-palabras.com\/WordPress_04\/wp-json\/wp\/v2\/product_brand?post=11943"},{"taxonomy":"product_cat","embeddable":true,"href":"https:\/\/www.taller-palabras.com\/WordPress_04\/wp-json\/wp\/v2\/product_cat?post=11943"},{"taxonomy":"product_tag","embeddable":true,"href":"https:\/\/www.taller-palabras.com\/WordPress_04\/wp-json\/wp\/v2\/product_tag?post=11943"}],"curies":[{"name":"wp","href":"https:\/\/api.w.org\/{rel}","templated":true}]}}