{"id":11979,"date":"2026-01-01T12:40:07","date_gmt":"2026-01-01T15:40:07","guid":{"rendered":"https:\/\/www.taller-palabras.com\/WordPress_04\/?post_type=product&#038;p=11979"},"modified":"2026-01-01T12:49:28","modified_gmt":"2026-01-01T15:49:28","slug":"platero-y-yo-juan-ramon-jimenez-ebook","status":"publish","type":"product","link":"https:\/\/www.taller-palabras.com\/WordPress_04\/producto\/platero-y-yo-juan-ramon-jimenez-ebook","title":{"rendered":"Platero y yo &#8211; Juan Ramon Jim\u00e9nez \/ebook"},"content":{"rendered":"<figure id=\"attachment_11983\" aria-describedby=\"caption-attachment-11983\" style=\"width: 150px\" class=\"wp-caption alignleft\"><img loading=\"lazy\" decoding=\"async\" class=\"wp-image-11983 size-thumbnail\" src=\"https:\/\/www.taller-palabras.com\/WordPress_04\/wp-content\/uploads\/2026\/01\/juan-ramon-jimenez-150x150.jpg\" alt=\"\" width=\"150\" height=\"150\" srcset=\"https:\/\/www.taller-palabras.com\/WordPress_04\/wp-content\/uploads\/2026\/01\/juan-ramon-jimenez-150x150.jpg 150w, https:\/\/www.taller-palabras.com\/WordPress_04\/wp-content\/uploads\/2026\/01\/juan-ramon-jimenez-100x100.jpg 100w, https:\/\/www.taller-palabras.com\/WordPress_04\/wp-content\/uploads\/2026\/01\/juan-ramon-jimenez.jpg 283w\" sizes=\"auto, (max-width: 150px) 100vw, 150px\" \/><figcaption id=\"caption-attachment-11983\" class=\"wp-caption-text\">Autor Juan Ramon Jim\u00e9nez<\/figcaption><\/figure>\n<p>Platero y yo es un libro muy breve\u2026 o mejor\u2026 una breve historia de amor. Amor hacia un borriquillo, inseparable compa\u00f1ero de penas y alegr\u00edas, pero tambi\u00e9n, hacia la naturaleza que nos regala en su diversidad desde los colores divinos del amanecer hasta la presencia inefable de todo lo que nos rodea. A medio camino entre la poes\u00eda y la prosa, canta al burro compa\u00f1ero, pero tambi\u00e9n a la colina, al oto\u00f1o, al racimo olvidado, el camino, la plaza vieja, la casa de enfrente, Los Reyes Magos, el vino, la muerte, la nostalgia\u2026 la vida toda es tocada por la magia de la poes\u00eda\u2026 y salta en mil colores ante nuestra vista asombrada. Es un libro en colores. Un canto a la amistad. Una bell\u00edsima colecci\u00f3n de estampas de la vida cotidiana y de profundas reflexiones acerca de la existencia humana. En breves prosas, el poeta, en di\u00e1logo con Platero unas veces, en su compa\u00f1\u00eda otras, va captando la belleza de la realidad exterior por un lado; por otro, la belleza de la relaci\u00f3n entre el hombre y su amigo Platero. En plena \u00e9poca modernista, Juan Ram\u00f3n Jim\u00e9nez supo crear, con un lenguaje exquisito y a la vez sencillo, lleno de hermosas met\u00e1foras y de elementos visuales, un mundo de relaciones con las cosas m\u00e1s cotidianas y diminutas para realzar sus valores m\u00e1s m\u00ednimos. Y, en medio de ese di\u00e1logo entre el poeta y el mundo, convierte a Platero en figura m\u00edtica de delicadeza y sensualidad pura.<\/p>\n","protected":false},"excerpt":{"rendered":"<p>Platero y yo es un libro muy breve\u2026 o mejor\u2026 una breve historia de amor. Amor hacia un borriquillo, inseparable compa\u00f1ero de penas y alegr\u00edas, pero tambi\u00e9n, hacia la naturaleza que nos regala en su diversidad desde los colores divinos del amanecer hasta la presencia inefable de todo lo que nos rodea. A medio camino [&hellip;]<\/p>\n","protected":false},"featured_media":11982,"template":"","meta":[],"product_brand":[],"product_cat":[25],"product_tag":[54,1626,1184,1627],"class_list":{"0":"post-11979","1":"product","2":"type-product","3":"status-publish","4":"has-post-thumbnail","6":"product_cat-libros-digitales-ebooks","7":"product_tag-descargar-ebook","8":"product_tag-juan-ramon-jimenez","9":"product_tag-mejor-novelas","10":"product_tag-platero-y-yo","12":"first","13":"instock","14":"shipping-taxable","15":"purchasable","16":"product-type-variable","17":"has-default-attributes"},"_links":{"self":[{"href":"https:\/\/www.taller-palabras.com\/WordPress_04\/wp-json\/wp\/v2\/product\/11979","targetHints":{"allow":["GET"]}}],"collection":[{"href":"https:\/\/www.taller-palabras.com\/WordPress_04\/wp-json\/wp\/v2\/product"}],"about":[{"href":"https:\/\/www.taller-palabras.com\/WordPress_04\/wp-json\/wp\/v2\/types\/product"}],"wp:featuredmedia":[{"embeddable":true,"href":"https:\/\/www.taller-palabras.com\/WordPress_04\/wp-json\/wp\/v2\/media\/11982"}],"wp:attachment":[{"href":"https:\/\/www.taller-palabras.com\/WordPress_04\/wp-json\/wp\/v2\/media?parent=11979"}],"wp:term":[{"taxonomy":"product_brand","embeddable":true,"href":"https:\/\/www.taller-palabras.com\/WordPress_04\/wp-json\/wp\/v2\/product_brand?post=11979"},{"taxonomy":"product_cat","embeddable":true,"href":"https:\/\/www.taller-palabras.com\/WordPress_04\/wp-json\/wp\/v2\/product_cat?post=11979"},{"taxonomy":"product_tag","embeddable":true,"href":"https:\/\/www.taller-palabras.com\/WordPress_04\/wp-json\/wp\/v2\/product_tag?post=11979"}],"curies":[{"name":"wp","href":"https:\/\/api.w.org\/{rel}","templated":true}]}}