{"id":11987,"date":"2021-02-11T10:53:21","date_gmt":"2021-02-11T13:53:21","guid":{"rendered":"https:\/\/www.taller-palabras.com\/WordPress_04\/?post_type=product&#038;p=11987"},"modified":"2026-03-31T12:12:16","modified_gmt":"2026-03-31T15:12:16","slug":"las-armas-secretas-julio-cortazar-ebook","status":"publish","type":"product","link":"https:\/\/www.taller-palabras.com\/WordPress_04\/producto\/las-armas-secretas-julio-cortazar-ebook","title":{"rendered":"Las armas secretas &#8211; Julio Cort\u00e1zar \/ebook"},"content":{"rendered":"<figure id=\"attachment_2903\" aria-describedby=\"caption-attachment-2903\" style=\"width: 150px\" class=\"wp-caption alignleft\"><img loading=\"lazy\" decoding=\"async\" class=\"wp-image-2903 size-thumbnail\" src=\"https:\/\/www.taller-palabras.com\/WordPress_04\/wp-content\/uploads\/2020\/12\/Julio_Cortazar-150x150.jpg\" alt=\"\" width=\"150\" height=\"150\" srcset=\"https:\/\/www.taller-palabras.com\/WordPress_04\/wp-content\/uploads\/2020\/12\/Julio_Cortazar-150x150.jpg 150w, https:\/\/www.taller-palabras.com\/WordPress_04\/wp-content\/uploads\/2020\/12\/Julio_Cortazar-100x100.jpg 100w\" sizes=\"auto, (max-width: 150px) 100vw, 150px\" \/><figcaption id=\"caption-attachment-2903\" class=\"wp-caption-text\">Autor Julio Cort\u00e1zar<\/figcaption><\/figure>\n<p style=\"text-align: left;\">Las Armas Secretas es un libro de cuentos publicado por primera vez en 1959 que est\u00e1 compuesto por cinco relatos que nos ofrecen un espl\u00e9ndido resumen de lo que es Cort\u00e1zar, sus temas recurrentes, sus juegos ling\u00fc\u00edsticos que obligan al lector a implicarse como parte activa de la obra y, sobre todo, la inutilidad de las palabras para expresar la verdad. Recopila relatos como El Perseguidor \u2014 se\u00f1alado como uno de los cl\u00e1sicos de Cort\u00e1zar \u2014 o las Babas del Diablo \u2014 cuento con superposici\u00f3n de planos y realidades que es c\u00e9lebre tambi\u00e9n por ser la inspiraci\u00f3n para el film blow-up de Antonioni. Los cuentos de las Armas secretas ya se\u00f1alan la pauta que tomar\u00e1 Cort\u00e1zar en su narrativa y que tendr\u00e1 su apogeo en la experimental Rayuela.<\/p>\n","protected":false},"excerpt":{"rendered":"<p>Las Armas Secretas es un libro de cuentos publicado por primera vez en 1959 que est\u00e1 compuesto por cinco relatos que nos ofrecen un espl\u00e9ndido resumen de lo que es Cort\u00e1zar, sus temas recurrentes, sus juegos ling\u00fc\u00edsticos que obligan al lector a implicarse como parte activa de la obra y, sobre todo, la inutilidad de [&hellip;]<\/p>\n","protected":false},"featured_media":11990,"template":"","meta":[],"product_brand":[1706],"product_cat":[25],"product_tag":[54,348,1628],"class_list":{"0":"post-11987","1":"product","2":"type-product","3":"status-publish","4":"has-post-thumbnail","6":"product_brand-grupo1","7":"product_cat-libros-digitales-ebooks","8":"product_tag-descargar-ebook","9":"product_tag-julio-cortazar","10":"product_tag-las-armas-secretas","12":"first","13":"instock","14":"shipping-taxable","15":"purchasable","16":"product-type-variable","17":"has-default-attributes"},"_links":{"self":[{"href":"https:\/\/www.taller-palabras.com\/WordPress_04\/wp-json\/wp\/v2\/product\/11987","targetHints":{"allow":["GET"]}}],"collection":[{"href":"https:\/\/www.taller-palabras.com\/WordPress_04\/wp-json\/wp\/v2\/product"}],"about":[{"href":"https:\/\/www.taller-palabras.com\/WordPress_04\/wp-json\/wp\/v2\/types\/product"}],"wp:featuredmedia":[{"embeddable":true,"href":"https:\/\/www.taller-palabras.com\/WordPress_04\/wp-json\/wp\/v2\/media\/11990"}],"wp:attachment":[{"href":"https:\/\/www.taller-palabras.com\/WordPress_04\/wp-json\/wp\/v2\/media?parent=11987"}],"wp:term":[{"taxonomy":"product_brand","embeddable":true,"href":"https:\/\/www.taller-palabras.com\/WordPress_04\/wp-json\/wp\/v2\/product_brand?post=11987"},{"taxonomy":"product_cat","embeddable":true,"href":"https:\/\/www.taller-palabras.com\/WordPress_04\/wp-json\/wp\/v2\/product_cat?post=11987"},{"taxonomy":"product_tag","embeddable":true,"href":"https:\/\/www.taller-palabras.com\/WordPress_04\/wp-json\/wp\/v2\/product_tag?post=11987"}],"curies":[{"name":"wp","href":"https:\/\/api.w.org\/{rel}","templated":true}]}}