{"id":12034,"date":"2026-01-12T17:27:40","date_gmt":"2026-01-12T20:27:40","guid":{"rendered":"https:\/\/www.taller-palabras.com\/WordPress_04\/?post_type=product&#038;p=12034"},"modified":"2026-01-12T17:37:29","modified_gmt":"2026-01-12T20:37:29","slug":"los-ilusionistas-marcos-giralt-torrente-ebook","status":"publish","type":"product","link":"https:\/\/www.taller-palabras.com\/WordPress_04\/producto\/los-ilusionistas-marcos-giralt-torrente-ebook","title":{"rendered":"Los ilusionistas &#8211; Marcos Giralt Torrente \/ebook"},"content":{"rendered":"<figure id=\"attachment_12038\" aria-describedby=\"caption-attachment-12038\" style=\"width: 150px\" class=\"wp-caption alignleft\"><img loading=\"lazy\" decoding=\"async\" class=\"wp-image-12038 size-thumbnail\" src=\"https:\/\/www.taller-palabras.com\/WordPress_04\/wp-content\/uploads\/2026\/01\/Marcos-Torrentz-150x150.jpg\" alt=\"\" width=\"150\" height=\"150\" srcset=\"https:\/\/www.taller-palabras.com\/WordPress_04\/wp-content\/uploads\/2026\/01\/Marcos-Torrentz-150x150.jpg 150w, https:\/\/www.taller-palabras.com\/WordPress_04\/wp-content\/uploads\/2026\/01\/Marcos-Torrentz-100x100.jpg 100w, https:\/\/www.taller-palabras.com\/WordPress_04\/wp-content\/uploads\/2026\/01\/Marcos-Torrentz.jpg 201w\" sizes=\"auto, (max-width: 150px) 100vw, 150px\" \/><figcaption id=\"caption-attachment-12038\" class=\"wp-caption-text\">Autor Marcos G. Torrente<\/figcaption><\/figure>\n<p><span style=\"font-size: 16px;\">\u00bfQu\u00e9 nos hace ser como somos? \u00bfEs el pasado algo m\u00e1s que la justificaci\u00f3n del presente? \u00bfHay un principio, una sola causa que englobe las dem\u00e1s? \u00bfQu\u00e9 papel juegan los viejos relatos familiares en la construcci\u00f3n del porvenir? \u00bfPuede domarse la vida mediante palabras?<\/span><\/p>\n<p>En el verano de 1931, una pareja de veintea\u00f1eros \u2014los abuelos maternos del autor\u2014 se conocen en un pueblo costero de Galicia. Ella, de origen campesino, educada en los rigores de una madre hecha a s\u00ed misma, est\u00e1 a punto de salir de la escuela de magisterio, y \u00e9l es un escritor en ciernes, inflamado de literatura y con unas aspiraciones de grandeza que su condici\u00f3n no respalda. Apenas un a\u00f1o despu\u00e9s se casan, y mientras \u00e9l emprende b\u00fasquedas no siempre compatibles con la vida familiar que condicionan la intensa pasi\u00f3n entre ambos, llegan los hijos y, con los a\u00f1os, sus distintas formas de afrontar una historia compartida de ausencias y renuncias, de anhelos y enso\u00f1aciones. <span style=\"font-size: 16px;\">\u00bfQu\u00e9 nos hace ser como somos? \u00bfEs el pasado algo m\u00e1s que la justificaci\u00f3n del presente? \u00bfHay un principio, una sola causa que englobe las dem\u00e1s? \u00bfQu\u00e9 papel juegan los viejos relatos familiares en la construcci\u00f3n del porvenir? \u00bfPuede domarse la vida mediante palabras?<\/span><\/p>\n","protected":false},"excerpt":{"rendered":"<p>\u00bfQu\u00e9 nos hace ser como somos? \u00bfEs el pasado algo m\u00e1s que la justificaci\u00f3n del presente? \u00bfHay un principio, una sola causa que englobe las dem\u00e1s? \u00bfQu\u00e9 papel juegan los viejos relatos familiares en la construcci\u00f3n del porvenir? \u00bfPuede domarse la vida mediante palabras? En el verano de 1931, una pareja de veintea\u00f1eros \u2014los abuelos [&hellip;]<\/p>\n","protected":false},"featured_media":12037,"template":"","meta":[],"product_brand":[],"product_cat":[25],"product_tag":[54,1638,1637,1184],"class_list":{"0":"post-12034","1":"product","2":"type-product","3":"status-publish","4":"has-post-thumbnail","6":"product_cat-libros-digitales-ebooks","7":"product_tag-descargar-ebook","8":"product_tag-los-ilusionistas","9":"product_tag-marcos-giralt-torrente","10":"product_tag-mejor-novelas","12":"first","13":"instock","14":"shipping-taxable","15":"purchasable","16":"product-type-variable","17":"has-default-attributes"},"_links":{"self":[{"href":"https:\/\/www.taller-palabras.com\/WordPress_04\/wp-json\/wp\/v2\/product\/12034","targetHints":{"allow":["GET"]}}],"collection":[{"href":"https:\/\/www.taller-palabras.com\/WordPress_04\/wp-json\/wp\/v2\/product"}],"about":[{"href":"https:\/\/www.taller-palabras.com\/WordPress_04\/wp-json\/wp\/v2\/types\/product"}],"wp:featuredmedia":[{"embeddable":true,"href":"https:\/\/www.taller-palabras.com\/WordPress_04\/wp-json\/wp\/v2\/media\/12037"}],"wp:attachment":[{"href":"https:\/\/www.taller-palabras.com\/WordPress_04\/wp-json\/wp\/v2\/media?parent=12034"}],"wp:term":[{"taxonomy":"product_brand","embeddable":true,"href":"https:\/\/www.taller-palabras.com\/WordPress_04\/wp-json\/wp\/v2\/product_brand?post=12034"},{"taxonomy":"product_cat","embeddable":true,"href":"https:\/\/www.taller-palabras.com\/WordPress_04\/wp-json\/wp\/v2\/product_cat?post=12034"},{"taxonomy":"product_tag","embeddable":true,"href":"https:\/\/www.taller-palabras.com\/WordPress_04\/wp-json\/wp\/v2\/product_tag?post=12034"}],"curies":[{"name":"wp","href":"https:\/\/api.w.org\/{rel}","templated":true}]}}