{"id":12044,"date":"2026-01-12T17:50:12","date_gmt":"2026-01-12T20:50:12","guid":{"rendered":"https:\/\/www.taller-palabras.com\/WordPress_04\/?post_type=product&#038;p=12044"},"modified":"2026-01-12T17:56:05","modified_gmt":"2026-01-12T20:56:05","slug":"ahora-y-en-la-hora-hector-abad-faciolince-ebook","status":"publish","type":"product","link":"https:\/\/www.taller-palabras.com\/WordPress_04\/producto\/ahora-y-en-la-hora-hector-abad-faciolince-ebook","title":{"rendered":"Ahora y en la hora &#8211; H\u00e9ctor Abad Faciolince \/ebook"},"content":{"rendered":"<figure id=\"attachment_12048\" aria-describedby=\"caption-attachment-12048\" style=\"width: 150px\" class=\"wp-caption alignleft\"><img loading=\"lazy\" decoding=\"async\" class=\"wp-image-12048 size-thumbnail\" src=\"https:\/\/www.taller-palabras.com\/WordPress_04\/wp-content\/uploads\/2026\/01\/Hector-Abad-150x150.jpg\" alt=\"\" width=\"150\" height=\"150\" srcset=\"https:\/\/www.taller-palabras.com\/WordPress_04\/wp-content\/uploads\/2026\/01\/Hector-Abad-150x150.jpg 150w, https:\/\/www.taller-palabras.com\/WordPress_04\/wp-content\/uploads\/2026\/01\/Hector-Abad-100x100.jpg 100w, https:\/\/www.taller-palabras.com\/WordPress_04\/wp-content\/uploads\/2026\/01\/Hector-Abad.jpg 283w\" sizes=\"auto, (max-width: 150px) 100vw, 150px\" \/><figcaption id=\"caption-attachment-12048\" class=\"wp-caption-text\">Autora H\u00e9ctor Abad Faciolince<\/figcaption><\/figure>\n<p>En junio de 2023, H\u00e9ctor Abad viaj\u00f3 a Ucrania junto a otros intelectuales colombianos para presentar la iniciativa Aguanta Ucrania. Guiados por la escritora ucraniana Victoria Amelina, entraron en el Donb\u00e1s y llegaron a Kramatorsk. All\u00ed, estaban cenando en una pizzer\u00eda muy popular en el momento en que cay\u00f3 un misil ruso que destruy\u00f3 el local y asesin\u00f3 a diez personas, entre ellas Amelina. H\u00e9ctor Abad entrelaza realidad y ficci\u00f3n a partir de esta experiencia personal relacionada con la violencia y con la muerte. A trav\u00e9s de su forma de narrar, c\u00e1lida y llena de emociones, el autor no solo trata de entender lo que vivi\u00f3, sino tambi\u00e9n de entenderse a s\u00ed mismo, y denunciar ese crimen de guerra contra la poblaci\u00f3n civil.<\/p>\n","protected":false},"excerpt":{"rendered":"<p>En junio de 2023, H\u00e9ctor Abad viaj\u00f3 a Ucrania junto a otros intelectuales colombianos para presentar la iniciativa Aguanta Ucrania. Guiados por la escritora ucraniana Victoria Amelina, entraron en el Donb\u00e1s y llegaron a Kramatorsk. All\u00ed, estaban cenando en una pizzer\u00eda muy popular en el momento en que cay\u00f3 un misil ruso que destruy\u00f3 el [&hellip;]<\/p>\n","protected":false},"featured_media":12047,"template":"","meta":[],"product_brand":[],"product_cat":[25],"product_tag":[1640,54,1639,1184],"class_list":{"0":"post-12044","1":"product","2":"type-product","3":"status-publish","4":"has-post-thumbnail","6":"product_cat-libros-digitales-ebooks","7":"product_tag-ahora-y-en-la-hora","8":"product_tag-descargar-ebook","9":"product_tag-hector-abad-faciolince","10":"product_tag-mejor-novelas","12":"first","13":"instock","14":"shipping-taxable","15":"purchasable","16":"product-type-variable","17":"has-default-attributes"},"_links":{"self":[{"href":"https:\/\/www.taller-palabras.com\/WordPress_04\/wp-json\/wp\/v2\/product\/12044","targetHints":{"allow":["GET"]}}],"collection":[{"href":"https:\/\/www.taller-palabras.com\/WordPress_04\/wp-json\/wp\/v2\/product"}],"about":[{"href":"https:\/\/www.taller-palabras.com\/WordPress_04\/wp-json\/wp\/v2\/types\/product"}],"wp:featuredmedia":[{"embeddable":true,"href":"https:\/\/www.taller-palabras.com\/WordPress_04\/wp-json\/wp\/v2\/media\/12047"}],"wp:attachment":[{"href":"https:\/\/www.taller-palabras.com\/WordPress_04\/wp-json\/wp\/v2\/media?parent=12044"}],"wp:term":[{"taxonomy":"product_brand","embeddable":true,"href":"https:\/\/www.taller-palabras.com\/WordPress_04\/wp-json\/wp\/v2\/product_brand?post=12044"},{"taxonomy":"product_cat","embeddable":true,"href":"https:\/\/www.taller-palabras.com\/WordPress_04\/wp-json\/wp\/v2\/product_cat?post=12044"},{"taxonomy":"product_tag","embeddable":true,"href":"https:\/\/www.taller-palabras.com\/WordPress_04\/wp-json\/wp\/v2\/product_tag?post=12044"}],"curies":[{"name":"wp","href":"https:\/\/api.w.org\/{rel}","templated":true}]}}