{"id":12161,"date":"2026-01-30T11:48:25","date_gmt":"2026-01-30T14:48:25","guid":{"rendered":"https:\/\/www.taller-palabras.com\/WordPress_04\/?post_type=product&#038;p=12161"},"modified":"2026-01-30T12:01:45","modified_gmt":"2026-01-30T15:01:45","slug":"quedara-el-amor-alice-kellen-ebook","status":"publish","type":"product","link":"https:\/\/www.taller-palabras.com\/WordPress_04\/producto\/quedara-el-amor-alice-kellen-ebook","title":{"rendered":"Quedar\u00e1 el amor &#8211; Alice Kellen \/ebook"},"content":{"rendered":"<figure id=\"attachment_12167\" aria-describedby=\"caption-attachment-12167\" style=\"width: 150px\" class=\"wp-caption alignleft\"><img loading=\"lazy\" decoding=\"async\" class=\"wp-image-12167 size-thumbnail\" src=\"https:\/\/www.taller-palabras.com\/WordPress_04\/wp-content\/uploads\/2026\/01\/Alice-Kellen-150x150.jpg\" alt=\"\" width=\"150\" height=\"150\" srcset=\"https:\/\/www.taller-palabras.com\/WordPress_04\/wp-content\/uploads\/2026\/01\/Alice-Kellen-150x150.jpg 150w, https:\/\/www.taller-palabras.com\/WordPress_04\/wp-content\/uploads\/2026\/01\/Alice-Kellen-100x100.jpg 100w, https:\/\/www.taller-palabras.com\/WordPress_04\/wp-content\/uploads\/2026\/01\/Alice-Kellen.jpg 284w\" sizes=\"auto, (max-width: 150px) 100vw, 150px\" \/><figcaption id=\"caption-attachment-12167\" class=\"wp-caption-text\">Autora Alice Kellen<\/figcaption><\/figure>\n<p>El sol ba\u00f1a los acantilados y las aguas turquesas del mar de Cornualles cuando Jane Bellamy y Cedric Stone se conocen en el verano de 1939. No est\u00e1n destinados a ser una ecuaci\u00f3n perfecta, pero son j\u00f3venes y el amor lo arrolla todo a su paso. As\u00ed que esta historia comienza como otras muchas: \u00e9l y ella se enamoran. Hay primeras palabras, primeras miradas y primeros besos. Y luego la guerra, la nada. Solo oscuridad. Todo cambia. A\u00f1os m\u00e1s tarde, en un hospital de Edimburgo, Margot Abbot sostiene en la mano un anillo que pertenece al paciente que dormita en la cama, Cedric Stone. Ella todav\u00eda no lo sabe, pero est\u00e1 a punto de abrir un ba\u00fal de recuerdos y descubrir qu\u00e9 ocurri\u00f3 tras aquellos luminosos d\u00edas de est\u00edo que quedaron atr\u00e1s.<\/p>\n","protected":false},"excerpt":{"rendered":"<p>El sol ba\u00f1a los acantilados y las aguas turquesas del mar de Cornualles cuando Jane Bellamy y Cedric Stone se conocen en el verano de 1939. No est\u00e1n destinados a ser una ecuaci\u00f3n perfecta, pero son j\u00f3venes y el amor lo arrolla todo a su paso. As\u00ed que esta historia comienza como otras muchas: \u00e9l [&hellip;]<\/p>\n","protected":false},"featured_media":12164,"template":"","meta":[],"product_brand":[],"product_cat":[25],"product_tag":[1661,54,1184,1662],"class_list":{"0":"post-12161","1":"product","2":"type-product","3":"status-publish","4":"has-post-thumbnail","6":"product_cat-libros-digitales-ebooks","7":"product_tag-alice-kellen","8":"product_tag-descargar-ebook","9":"product_tag-mejor-novelas","10":"product_tag-quedara-el-amor","12":"first","13":"instock","14":"shipping-taxable","15":"purchasable","16":"product-type-variable","17":"has-default-attributes"},"_links":{"self":[{"href":"https:\/\/www.taller-palabras.com\/WordPress_04\/wp-json\/wp\/v2\/product\/12161","targetHints":{"allow":["GET"]}}],"collection":[{"href":"https:\/\/www.taller-palabras.com\/WordPress_04\/wp-json\/wp\/v2\/product"}],"about":[{"href":"https:\/\/www.taller-palabras.com\/WordPress_04\/wp-json\/wp\/v2\/types\/product"}],"wp:featuredmedia":[{"embeddable":true,"href":"https:\/\/www.taller-palabras.com\/WordPress_04\/wp-json\/wp\/v2\/media\/12164"}],"wp:attachment":[{"href":"https:\/\/www.taller-palabras.com\/WordPress_04\/wp-json\/wp\/v2\/media?parent=12161"}],"wp:term":[{"taxonomy":"product_brand","embeddable":true,"href":"https:\/\/www.taller-palabras.com\/WordPress_04\/wp-json\/wp\/v2\/product_brand?post=12161"},{"taxonomy":"product_cat","embeddable":true,"href":"https:\/\/www.taller-palabras.com\/WordPress_04\/wp-json\/wp\/v2\/product_cat?post=12161"},{"taxonomy":"product_tag","embeddable":true,"href":"https:\/\/www.taller-palabras.com\/WordPress_04\/wp-json\/wp\/v2\/product_tag?post=12161"}],"curies":[{"name":"wp","href":"https:\/\/api.w.org\/{rel}","templated":true}]}}