{"id":12171,"date":"2025-09-04T13:20:38","date_gmt":"2025-09-04T16:20:38","guid":{"rendered":"https:\/\/www.taller-palabras.com\/WordPress_04\/?post_type=product&#038;p=12171"},"modified":"2026-01-31T13:18:47","modified_gmt":"2026-01-31T16:18:47","slug":"vera-una-historia-de-amor-juan-del-val-ebook","status":"publish","type":"product","link":"https:\/\/www.taller-palabras.com\/WordPress_04\/producto\/vera-una-historia-de-amor-juan-del-val-ebook","title":{"rendered":"Vera, una historia de amor &#8211; Juan del Val \/ebook"},"content":{"rendered":"<figure id=\"attachment_12175\" aria-describedby=\"caption-attachment-12175\" style=\"width: 150px\" class=\"wp-caption alignleft\"><img loading=\"lazy\" decoding=\"async\" class=\"wp-image-12175 size-thumbnail\" src=\"https:\/\/www.taller-palabras.com\/WordPress_04\/wp-content\/uploads\/2026\/01\/Juan-del-Val-150x150.jpg\" alt=\"\" width=\"150\" height=\"150\" srcset=\"https:\/\/www.taller-palabras.com\/WordPress_04\/wp-content\/uploads\/2026\/01\/Juan-del-Val-150x150.jpg 150w, https:\/\/www.taller-palabras.com\/WordPress_04\/wp-content\/uploads\/2026\/01\/Juan-del-Val-100x100.jpg 100w, https:\/\/www.taller-palabras.com\/WordPress_04\/wp-content\/uploads\/2026\/01\/Juan-del-Val.jpg 283w\" sizes=\"auto, (max-width: 150px) 100vw, 150px\" \/><figcaption id=\"caption-attachment-12175\" class=\"wp-caption-text\">Autor Juan del Val<\/figcaption><\/figure>\n<p>Cuando el deseo tambi\u00e9n es el peligro. Vera ha seguido siempre las ha vivido durante m\u00e1s de veinte a\u00f1os con la elegancia, la discreci\u00f3n y la dignidad exigidas a la esposa de un marqu\u00e9s. Pero ahora, a los cuarenta y cinco, reci\u00e9n separada y sin nadie que le dicte qu\u00e9 hacer, empieza a plantearse preguntas que nunca se hab\u00eda permitido. En medio de esta b\u00fasqueda aparece Antonio. Es m\u00e1s joven, de origen modesto y ajeno a su mundo. No es solo la atracci\u00f3n lo que los une, sino algo m\u00e1s la posibilidad de salirse del guion. Ese v\u00ednculo, tan improbable como provocador, ser\u00e1 el detonante de unos hechos que nadie anticipa. El exmarido de Vera no acepta que esta se haya rebelado, y lo que comienza como despecho se va convirtiendo en algo mucho m\u00e1s siniestro. Hay cosas que el marqu\u00e9s no soporta perder. Y algunas p\u00e9rdidas, cuando se acumulan, pueden llevarte al l\u00edmite.<\/p>\n","protected":false},"excerpt":{"rendered":"<p>Cuando el deseo tambi\u00e9n es el peligro. Vera ha seguido siempre las ha vivido durante m\u00e1s de veinte a\u00f1os con la elegancia, la discreci\u00f3n y la dignidad exigidas a la esposa de un marqu\u00e9s. Pero ahora, a los cuarenta y cinco, reci\u00e9n separada y sin nadie que le dicte qu\u00e9 hacer, empieza a plantearse preguntas [&hellip;]<\/p>\n","protected":false},"featured_media":12174,"template":"","meta":[],"product_brand":[],"product_cat":[25],"product_tag":[54,1663,1184,1664],"class_list":{"0":"post-12171","1":"product","2":"type-product","3":"status-publish","4":"has-post-thumbnail","6":"product_cat-libros-digitales-ebooks","7":"product_tag-descargar-ebook","8":"product_tag-juan-del-val","9":"product_tag-mejor-novelas","10":"product_tag-vera-una-historia-de-amor","12":"first","13":"instock","14":"shipping-taxable","15":"purchasable","16":"product-type-variable","17":"has-default-attributes"},"_links":{"self":[{"href":"https:\/\/www.taller-palabras.com\/WordPress_04\/wp-json\/wp\/v2\/product\/12171","targetHints":{"allow":["GET"]}}],"collection":[{"href":"https:\/\/www.taller-palabras.com\/WordPress_04\/wp-json\/wp\/v2\/product"}],"about":[{"href":"https:\/\/www.taller-palabras.com\/WordPress_04\/wp-json\/wp\/v2\/types\/product"}],"wp:featuredmedia":[{"embeddable":true,"href":"https:\/\/www.taller-palabras.com\/WordPress_04\/wp-json\/wp\/v2\/media\/12174"}],"wp:attachment":[{"href":"https:\/\/www.taller-palabras.com\/WordPress_04\/wp-json\/wp\/v2\/media?parent=12171"}],"wp:term":[{"taxonomy":"product_brand","embeddable":true,"href":"https:\/\/www.taller-palabras.com\/WordPress_04\/wp-json\/wp\/v2\/product_brand?post=12171"},{"taxonomy":"product_cat","embeddable":true,"href":"https:\/\/www.taller-palabras.com\/WordPress_04\/wp-json\/wp\/v2\/product_cat?post=12171"},{"taxonomy":"product_tag","embeddable":true,"href":"https:\/\/www.taller-palabras.com\/WordPress_04\/wp-json\/wp\/v2\/product_tag?post=12171"}],"curies":[{"name":"wp","href":"https:\/\/api.w.org\/{rel}","templated":true}]}}