{"id":12220,"date":"2024-02-05T16:02:55","date_gmt":"2024-02-05T19:02:55","guid":{"rendered":"https:\/\/www.taller-palabras.com\/WordPress_04\/?post_type=product&#038;p=12220"},"modified":"2026-02-05T16:43:43","modified_gmt":"2026-02-05T19:43:43","slug":"saga-el-mentiroso-1-mikel-santiago-ebook","status":"publish","type":"product","link":"https:\/\/www.taller-palabras.com\/WordPress_04\/producto\/saga-el-mentiroso-1-mikel-santiago-ebook","title":{"rendered":"Saga: El mentiroso (1) &#8211; Mikel Santiago \/ebook"},"content":{"rendered":"<p><img loading=\"lazy\" decoding=\"async\" class=\"wp-image-12224 size-full alignleft\" src=\"https:\/\/www.taller-palabras.com\/WordPress_04\/wp-content\/uploads\/2026\/02\/Mikel-Santiago.jpg\" alt=\"\" width=\"183\" height=\"183\" srcset=\"https:\/\/www.taller-palabras.com\/WordPress_04\/wp-content\/uploads\/2026\/02\/Mikel-Santiago.jpg 183w, https:\/\/www.taller-palabras.com\/WordPress_04\/wp-content\/uploads\/2026\/02\/Mikel-Santiago-150x150.jpg 150w, https:\/\/www.taller-palabras.com\/WordPress_04\/wp-content\/uploads\/2026\/02\/Mikel-Santiago-100x100.jpg 100w\" sizes=\"auto, (max-width: 183px) 100vw, 183px\" \/>Hay novelas imposibles de abandonar una vez le\u00eddas las primeras p\u00e1ginas. Historias que reinventan el suspense y hacen dudar al lector cada vez que termina un cap\u00edtulo. En este thriller absolutamente original y adictivo, Mikel Santiago rompe los l\u00edmites de la intriga psicol\u00f3gica con un relato que explora las fr\u00e1giles fronteras entre el recuerdo y la amnesia, la verdad y la mentira. En la primera escena, el protagonista despierta en una f\u00e1brica abandonada junto al cad\u00e1ver de un hombre desconocido y una piedra con restos de sangre. Cuando huye, decide tratar de reconstruir \u00e9l mismo los hechos. Sin embargo, tiene un problema: no recuerda apenas nada de lo ocurrido en las \u00faltimas cuarenta y ocho horas. Y lo poco que s\u00ed sabe es mejor no cont\u00e1rselo a nadie. As\u00ed arranca este thriller que nos traslada a un pueblo costero del Pa\u00eds Vasco, entre sinuosas carreteras al borde de acantilados y casas de muros resquebrajados por las noches de tormenta: una peque\u00f1a comunidad donde, solo aparentemente, nadie tiene secretos para nadie.<\/p>\n","protected":false},"excerpt":{"rendered":"<p>Hay novelas imposibles de abandonar una vez le\u00eddas las primeras p\u00e1ginas. Historias que reinventan el suspense y hacen dudar al lector cada vez que termina un cap\u00edtulo. En este thriller absolutamente original y adictivo, Mikel Santiago rompe los l\u00edmites de la intriga psicol\u00f3gica con un relato que explora las fr\u00e1giles fronteras entre el recuerdo y [&hellip;]<\/p>\n","protected":false},"featured_media":12223,"template":"","meta":[],"product_brand":[],"product_cat":[25,47],"product_tag":[54,1672,1184,1671],"class_list":{"0":"post-12220","1":"product","2":"type-product","3":"status-publish","4":"has-post-thumbnail","6":"product_cat-libros-digitales-ebooks","7":"product_cat-libros-digitales-sagas","8":"product_tag-descargar-ebook","9":"product_tag-el-mentiroso","10":"product_tag-mejor-novelas","11":"product_tag-mikel-santiago","13":"first","14":"instock","15":"shipping-taxable","16":"purchasable","17":"product-type-variable","18":"has-default-attributes"},"_links":{"self":[{"href":"https:\/\/www.taller-palabras.com\/WordPress_04\/wp-json\/wp\/v2\/product\/12220","targetHints":{"allow":["GET"]}}],"collection":[{"href":"https:\/\/www.taller-palabras.com\/WordPress_04\/wp-json\/wp\/v2\/product"}],"about":[{"href":"https:\/\/www.taller-palabras.com\/WordPress_04\/wp-json\/wp\/v2\/types\/product"}],"wp:featuredmedia":[{"embeddable":true,"href":"https:\/\/www.taller-palabras.com\/WordPress_04\/wp-json\/wp\/v2\/media\/12223"}],"wp:attachment":[{"href":"https:\/\/www.taller-palabras.com\/WordPress_04\/wp-json\/wp\/v2\/media?parent=12220"}],"wp:term":[{"taxonomy":"product_brand","embeddable":true,"href":"https:\/\/www.taller-palabras.com\/WordPress_04\/wp-json\/wp\/v2\/product_brand?post=12220"},{"taxonomy":"product_cat","embeddable":true,"href":"https:\/\/www.taller-palabras.com\/WordPress_04\/wp-json\/wp\/v2\/product_cat?post=12220"},{"taxonomy":"product_tag","embeddable":true,"href":"https:\/\/www.taller-palabras.com\/WordPress_04\/wp-json\/wp\/v2\/product_tag?post=12220"}],"curies":[{"name":"wp","href":"https:\/\/api.w.org\/{rel}","templated":true}]}}