{"id":12289,"date":"2026-02-15T10:53:33","date_gmt":"2026-02-15T13:53:33","guid":{"rendered":"https:\/\/www.taller-palabras.com\/WordPress_04\/?post_type=product&#038;p=12289"},"modified":"2026-02-15T10:57:53","modified_gmt":"2026-02-15T13:57:53","slug":"sobre-la-muerte-y-los-moribundos-elisabeth-kubler-ross-ebook","status":"publish","type":"product","link":"https:\/\/www.taller-palabras.com\/WordPress_04\/producto\/sobre-la-muerte-y-los-moribundos-elisabeth-kubler-ross-ebook","title":{"rendered":"Sobre la muerte y los moribundos &#8211; Elisabeth K\u00fcbler-Ross  \/ebook"},"content":{"rendered":"<p><img loading=\"lazy\" decoding=\"async\" class=\"wp-image-12293 size-full alignleft\" src=\"https:\/\/www.taller-palabras.com\/WordPress_04\/wp-content\/uploads\/2026\/02\/Elizabeth-K-Ross.jpg\" alt=\"\" width=\"192\" height=\"192\" srcset=\"https:\/\/www.taller-palabras.com\/WordPress_04\/wp-content\/uploads\/2026\/02\/Elizabeth-K-Ross.jpg 192w, https:\/\/www.taller-palabras.com\/WordPress_04\/wp-content\/uploads\/2026\/02\/Elizabeth-K-Ross-150x150.jpg 150w, https:\/\/www.taller-palabras.com\/WordPress_04\/wp-content\/uploads\/2026\/02\/Elizabeth-K-Ross-100x100.jpg 100w\" sizes=\"auto, (max-width: 192px) 100vw, 192px\" \/>Negar la muerte como hecho individual o social (con mecanismos del tipo \u00abya me preocupar\u00e9 cuando sea necesario\u00bb) tiene una importante consecuencia: la falta de preparaci\u00f3n psicol\u00f3gica cuando se presenta el trance; especialmente en el paciente, pero tambi\u00e9n en los allegados o el equipo que lo atiende. Sobre la muerte y los moribundos cubre esta carencia. A trav\u00e9s de la identificaci\u00f3n y comprensi\u00f3n de los sentimientos \u2014ira, negaci\u00f3n, aceptaci\u00f3n&#8230;\u2014 de los moribundos, esta obra muestra c\u00f3mo controlar dichas emociones y c\u00f3mo transformar las actitudes para aliviar el sufrimiento psicol\u00f3gico. Por ello, este libro es no solo indispensable para profesionales de la sanidad y psic\u00f3logos, sino tambi\u00e9n para todas las personas que deseen abordar su futuro con responsabilidad.<\/p>\n","protected":false},"excerpt":{"rendered":"<p>Negar la muerte como hecho individual o social (con mecanismos del tipo \u00abya me preocupar\u00e9 cuando sea necesario\u00bb) tiene una importante consecuencia: la falta de preparaci\u00f3n psicol\u00f3gica cuando se presenta el trance; especialmente en el paciente, pero tambi\u00e9n en los allegados o el equipo que lo atiende. Sobre la muerte y los moribundos cubre esta [&hellip;]<\/p>\n","protected":false},"featured_media":12292,"template":"","meta":[],"product_brand":[],"product_cat":[25],"product_tag":[54,1683,1184,1684],"class_list":{"0":"post-12289","1":"product","2":"type-product","3":"status-publish","4":"has-post-thumbnail","6":"product_cat-libros-digitales-ebooks","7":"product_tag-descargar-ebook","8":"product_tag-elisabeth-kubler-ross","9":"product_tag-mejor-novelas","10":"product_tag-sobre-la-muerte-y-los-moribundos","12":"first","13":"instock","14":"shipping-taxable","15":"purchasable","16":"product-type-variable","17":"has-default-attributes"},"_links":{"self":[{"href":"https:\/\/www.taller-palabras.com\/WordPress_04\/wp-json\/wp\/v2\/product\/12289","targetHints":{"allow":["GET"]}}],"collection":[{"href":"https:\/\/www.taller-palabras.com\/WordPress_04\/wp-json\/wp\/v2\/product"}],"about":[{"href":"https:\/\/www.taller-palabras.com\/WordPress_04\/wp-json\/wp\/v2\/types\/product"}],"wp:featuredmedia":[{"embeddable":true,"href":"https:\/\/www.taller-palabras.com\/WordPress_04\/wp-json\/wp\/v2\/media\/12292"}],"wp:attachment":[{"href":"https:\/\/www.taller-palabras.com\/WordPress_04\/wp-json\/wp\/v2\/media?parent=12289"}],"wp:term":[{"taxonomy":"product_brand","embeddable":true,"href":"https:\/\/www.taller-palabras.com\/WordPress_04\/wp-json\/wp\/v2\/product_brand?post=12289"},{"taxonomy":"product_cat","embeddable":true,"href":"https:\/\/www.taller-palabras.com\/WordPress_04\/wp-json\/wp\/v2\/product_cat?post=12289"},{"taxonomy":"product_tag","embeddable":true,"href":"https:\/\/www.taller-palabras.com\/WordPress_04\/wp-json\/wp\/v2\/product_tag?post=12289"}],"curies":[{"name":"wp","href":"https:\/\/api.w.org\/{rel}","templated":true}]}}