{"id":12333,"date":"2026-03-13T10:12:56","date_gmt":"2026-03-13T13:12:56","guid":{"rendered":"https:\/\/www.taller-palabras.com\/WordPress_04\/?post_type=product&#038;p=12333"},"modified":"2026-03-13T10:20:21","modified_gmt":"2026-03-13T13:20:21","slug":"la-condicion-humana-hannah-arendt-ebook","status":"publish","type":"product","link":"https:\/\/www.taller-palabras.com\/WordPress_04\/producto\/la-condicion-humana-hannah-arendt-ebook","title":{"rendered":"La condici\u00f3n humana &#8211; Hannah Arendt  \/ebook"},"content":{"rendered":"<figure id=\"attachment_12337\" aria-describedby=\"caption-attachment-12337\" style=\"width: 150px\" class=\"wp-caption alignleft\"><img loading=\"lazy\" decoding=\"async\" class=\"wp-image-12337 size-thumbnail\" src=\"https:\/\/www.taller-palabras.com\/WordPress_04\/wp-content\/uploads\/2026\/03\/Hanna-Arendt-150x150.jpg\" alt=\"\" width=\"150\" height=\"150\" srcset=\"https:\/\/www.taller-palabras.com\/WordPress_04\/wp-content\/uploads\/2026\/03\/Hanna-Arendt-150x150.jpg 150w, https:\/\/www.taller-palabras.com\/WordPress_04\/wp-content\/uploads\/2026\/03\/Hanna-Arendt-300x300.jpg 300w, https:\/\/www.taller-palabras.com\/WordPress_04\/wp-content\/uploads\/2026\/03\/Hanna-Arendt-100x100.jpg 100w, https:\/\/www.taller-palabras.com\/WordPress_04\/wp-content\/uploads\/2026\/03\/Hanna-Arendt.jpg 318w\" sizes=\"auto, (max-width: 150px) 100vw, 150px\" \/><figcaption id=\"caption-attachment-12337\" class=\"wp-caption-text\">Autora Hannah Arendt<\/figcaption><\/figure>\n<p>El presente libro es un penetrante estudio sobre el estado de la humanidad en el mundo contempor\u00e1neo, contemplada desde el punto de vista de las acciones de que es capaz. En este sentido, no ofrece r\u00e9plicas a ciertas preocupaciones y perplejidades que ya reciben respuesta por parte de la pol\u00edtica pr\u00e1ctica, sino que propone una reconsideraci\u00f3n de la condici\u00f3n humana desde el ventajoso punto de vista de nuestros m\u00e1s recientes temores y experiencias. De ah\u00ed que lo que plantea sea muy sencillo: nada m\u00e1s que pensar en lo que hacemos.<br \/>\nA la vez an\u00e1lisis hist\u00f3rico y propuesta pol\u00edtica de amplio alcance filos\u00f3fico, La condici\u00f3n humana no s\u00f3lo es la clave de Hannah Arendt, sino tambi\u00e9n un texto b\u00e1sico para comprender hacia d\u00f3nde se dirige la contemporaneidad.<\/p>\n","protected":false},"excerpt":{"rendered":"<p>El presente libro es un penetrante estudio sobre el estado de la humanidad en el mundo contempor\u00e1neo, contemplada desde el punto de vista de las acciones de que es capaz. En este sentido, no ofrece r\u00e9plicas a ciertas preocupaciones y perplejidades que ya reciben respuesta por parte de la pol\u00edtica pr\u00e1ctica, sino que propone una [&hellip;]<\/p>\n","protected":false},"featured_media":12336,"template":"","meta":[],"product_brand":[],"product_cat":[25],"product_tag":[54,1693,1694,1184],"class_list":{"0":"post-12333","1":"product","2":"type-product","3":"status-publish","4":"has-post-thumbnail","6":"product_cat-libros-digitales-ebooks","7":"product_tag-descargar-ebook","8":"product_tag-hannah-arendt","9":"product_tag-la-condicion-humana","10":"product_tag-mejor-novelas","12":"first","13":"instock","14":"shipping-taxable","15":"purchasable","16":"product-type-variable","17":"has-default-attributes"},"_links":{"self":[{"href":"https:\/\/www.taller-palabras.com\/WordPress_04\/wp-json\/wp\/v2\/product\/12333","targetHints":{"allow":["GET"]}}],"collection":[{"href":"https:\/\/www.taller-palabras.com\/WordPress_04\/wp-json\/wp\/v2\/product"}],"about":[{"href":"https:\/\/www.taller-palabras.com\/WordPress_04\/wp-json\/wp\/v2\/types\/product"}],"wp:featuredmedia":[{"embeddable":true,"href":"https:\/\/www.taller-palabras.com\/WordPress_04\/wp-json\/wp\/v2\/media\/12336"}],"wp:attachment":[{"href":"https:\/\/www.taller-palabras.com\/WordPress_04\/wp-json\/wp\/v2\/media?parent=12333"}],"wp:term":[{"taxonomy":"product_brand","embeddable":true,"href":"https:\/\/www.taller-palabras.com\/WordPress_04\/wp-json\/wp\/v2\/product_brand?post=12333"},{"taxonomy":"product_cat","embeddable":true,"href":"https:\/\/www.taller-palabras.com\/WordPress_04\/wp-json\/wp\/v2\/product_cat?post=12333"},{"taxonomy":"product_tag","embeddable":true,"href":"https:\/\/www.taller-palabras.com\/WordPress_04\/wp-json\/wp\/v2\/product_tag?post=12333"}],"curies":[{"name":"wp","href":"https:\/\/api.w.org\/{rel}","templated":true}]}}

La condición humana &#8211; Hannah Arendt  /ebook

<figure id="attachment_12337" aria-describedby="caption-attachment-12337" style="width: 150px" class="wp-caption alignleft"><img loading="lazy" decoding="async" class="wp-image-12337 size-thumbnail" src="https://www.taller-palabras.com/WordPress_04/wp-content/uploads/2026/03/Hanna-Arendt-150x150.jpg" alt="" width="150" height="150" srcset="https://www.taller-palabras.com/WordPress_04/wp-content/uploads/2026/03/Hanna-Arendt-150x150.jpg 150w, https://www.taller-palabras.com/WordPress_04/wp-content/uploads/2026/03/Hanna-Arendt-300x300.jpg 300w, https://www.taller-palabras.com/WordPress_04/wp-content/uploads/2026/03/Hanna-Arendt-100x100.jpg 100w, https://www.taller-palabras.com/WordPress_04/wp-content/uploads/2026/03/Hanna-Arendt.jpg 318w" sizes="auto, (max-width: 150px) 100vw, 150px" /><figcaption id="caption-attachment-12337" class="wp-caption-text">Autora Hannah Arendt</figcaption></figure>
<p>El presente libro es un penetrante estudio sobre el estado de la humanidad en el mundo contemporáneo, contemplada desde el punto de vista de las acciones de que es capaz. En este sentido, no ofrece réplicas a ciertas preocupaciones y perplejidades que ya reciben respuesta por parte de la política práctica, sino que propone una reconsideración de la condición humana desde el ventajoso punto de vista de nuestros más recientes temores y experiencias. De ahí que lo que plantea sea muy sencillo: nada más que pensar en lo que hacemos.<br />
A la vez análisis histórico y propuesta política de amplio alcance filosófico, La condición humana no sólo es la clave de Hannah Arendt, sino también un texto básico para comprender hacia dónde se dirige la contemporaneidad.</p>

<p>El presente libro es un penetrante estudio sobre el estado de la humanidad en el mundo contemporáneo, contemplada desde el punto de vista de las acciones de que es capaz. En este sentido, no ofrece réplicas a ciertas preocupaciones y perplejidades que ya reciben respuesta por parte de la política práctica, sino que propone una [&hellip;]</p>
