{"id":12379,"date":"2018-10-18T12:20:40","date_gmt":"2018-10-18T15:20:40","guid":{"rendered":"https:\/\/www.taller-palabras.com\/WordPress_04\/?post_type=product&#038;p=12379"},"modified":"2026-03-25T11:22:55","modified_gmt":"2026-03-25T14:22:55","slug":"y-pora-gloria-v-casanas-ebook","status":"publish","type":"product","link":"https:\/\/www.taller-palabras.com\/WordPress_04\/producto\/y-pora-gloria-v-casanas-ebook","title":{"rendered":"Y por\u00e1 &#8211; Gloria V. Casa\u00f1as \/ebook"},"content":{"rendered":"<figure id=\"attachment_124\" aria-describedby=\"caption-attachment-124\" style=\"width: 150px\" class=\"wp-caption alignleft\"><img loading=\"lazy\" decoding=\"async\" class=\"wp-image-124 size-thumbnail\" src=\"https:\/\/www.taller-palabras.com\/WordPress_04\/wp-content\/uploads\/2018\/10\/Gloria-V.-Casanas-150x150.jpg\" alt=\"\" width=\"150\" height=\"150\" srcset=\"https:\/\/www.taller-palabras.com\/WordPress_04\/wp-content\/uploads\/2018\/10\/Gloria-V.-Casanas-150x150.jpg 150w, https:\/\/www.taller-palabras.com\/WordPress_04\/wp-content\/uploads\/2018\/10\/Gloria-V.-Casanas-100x100.jpg 100w\" sizes=\"auto, (max-width: 150px) 100vw, 150px\" \/><figcaption id=\"caption-attachment-124\" class=\"wp-caption-text\">Autora Gloria V. Casa\u00f1as.<\/figcaption><\/figure>\n<p>La sangre de cuatro pueblos ti\u00f1e de rojo las aguas de los grandes r\u00edos. La Guerra de la Triple Alianza extiende un manto de tragedia sobre la cuenca del Plata y deja profundas huellas en el suelo guaran\u00ed. En ese temible escenario, por donde desfilan desde Bartolom\u00e9 Mitre y Francisco Solano L\u00f3pez hasta futuros presidentes, como Carlos Pellegrini, artistas desconocidos y un gaucho milagrero, como Antonio Gil, las vidas an\u00f3nimas se vuelven protagonistas. Bautista Garmendia, un hombre manso de la ribera correntina, se ve de pronto arrancado de su aislamiento y empujado a una contienda que lo enfrenta a sus propios fantasmas, sin sospechar el destino que lo aguarda en la trinchera enemiga. Desde la dulce tierra paraguaya, Muriel N\u00fa\u00f1ez Balboa, desafiante en su hermosura, pone en tela de juicio todo lo que Bautista juzga correcto. Ambos se ver\u00e1n sacudidos por un amor prohibido que trasciende las fronteras. La guerra es el gran personaje de esta novela, y ella remover\u00e1 sin piedad las entra\u00f1as de otros hombres y mujeres que, junto a Bautista y Muriel, tambi\u00e9n se debatir\u00e1n entre la intriga, las pasiones, la traici\u00f3n y el hero\u00edsmo. \u00bfPuede haber amor en medio del espanto? Es la gran pregunta que todos los protagonistas de esta historia tendr\u00e1n que responder por s\u00ed mismos, cada uno a su manera, antes de que caiga el tel\u00f3n de la \u00faltima batalla.<\/p>\n","protected":false},"excerpt":{"rendered":"<p>La sangre de cuatro pueblos ti\u00f1e de rojo las aguas de los grandes r\u00edos. La Guerra de la Triple Alianza extiende un manto de tragedia sobre la cuenca del Plata y deja profundas huellas en el suelo guaran\u00ed. En ese temible escenario, por donde desfilan desde Bartolom\u00e9 Mitre y Francisco Solano L\u00f3pez hasta futuros presidentes, [&hellip;]<\/p>\n","protected":false},"featured_media":12382,"template":"","meta":[],"product_brand":[],"product_cat":[25],"product_tag":[54,58,55,1702],"class_list":{"0":"post-12379","1":"product","2":"type-product","3":"status-publish","4":"has-post-thumbnail","6":"product_cat-libros-digitales-ebooks","7":"product_tag-descargar-ebook","8":"product_tag-gloria-casanas","9":"product_tag-novelas","10":"product_tag-y-pora","12":"first","13":"instock","14":"shipping-taxable","15":"purchasable","16":"product-type-variable","17":"has-default-attributes"},"_links":{"self":[{"href":"https:\/\/www.taller-palabras.com\/WordPress_04\/wp-json\/wp\/v2\/product\/12379","targetHints":{"allow":["GET"]}}],"collection":[{"href":"https:\/\/www.taller-palabras.com\/WordPress_04\/wp-json\/wp\/v2\/product"}],"about":[{"href":"https:\/\/www.taller-palabras.com\/WordPress_04\/wp-json\/wp\/v2\/types\/product"}],"wp:featuredmedia":[{"embeddable":true,"href":"https:\/\/www.taller-palabras.com\/WordPress_04\/wp-json\/wp\/v2\/media\/12382"}],"wp:attachment":[{"href":"https:\/\/www.taller-palabras.com\/WordPress_04\/wp-json\/wp\/v2\/media?parent=12379"}],"wp:term":[{"taxonomy":"product_brand","embeddable":true,"href":"https:\/\/www.taller-palabras.com\/WordPress_04\/wp-json\/wp\/v2\/product_brand?post=12379"},{"taxonomy":"product_cat","embeddable":true,"href":"https:\/\/www.taller-palabras.com\/WordPress_04\/wp-json\/wp\/v2\/product_cat?post=12379"},{"taxonomy":"product_tag","embeddable":true,"href":"https:\/\/www.taller-palabras.com\/WordPress_04\/wp-json\/wp\/v2\/product_tag?post=12379"}],"curies":[{"name":"wp","href":"https:\/\/api.w.org\/{rel}","templated":true}]}}