{"id":12470,"date":"2018-10-12T16:14:25","date_gmt":"2018-10-12T19:14:25","guid":{"rendered":"https:\/\/www.taller-palabras.com\/WordPress_04\/?post_type=product&#038;p=12470"},"modified":"2026-04-04T11:44:26","modified_gmt":"2026-04-04T14:44:26","slug":"ejercicios-respiratorios-anne-tyler-ebook","status":"publish","type":"product","link":"https:\/\/www.taller-palabras.com\/WordPress_04\/producto\/ejercicios-respiratorios-anne-tyler-ebook","title":{"rendered":"Ejercicios respiratorios &#8211; Anne Tyler \/ebook"},"content":{"rendered":"<p><img loading=\"lazy\" decoding=\"async\" class=\"wp-image-12473 size-full alignleft\" src=\"https:\/\/www.taller-palabras.com\/WordPress_04\/wp-content\/uploads\/2026\/04\/Anne-Tyler.jpg\" alt=\"\" width=\"182\" height=\"182\" srcset=\"https:\/\/www.taller-palabras.com\/WordPress_04\/wp-content\/uploads\/2026\/04\/Anne-Tyler.jpg 182w, https:\/\/www.taller-palabras.com\/WordPress_04\/wp-content\/uploads\/2026\/04\/Anne-Tyler-150x150.jpg 150w, https:\/\/www.taller-palabras.com\/WordPress_04\/wp-content\/uploads\/2026\/04\/Anne-Tyler-100x100.jpg 100w\" sizes=\"auto, (max-width: 182px) 100vw, 182px\" \/>La autora de El turista accidental nos presenta a Maggie, mujer fantasiosa, entrometida y atolondrada, y a su marido, Ira, paciente, ponderado y, a su modo, infalible. De la mano de estos personajes, en parte extraordinarios y, en parte, vulgares y corrientes, Anne Tyler nos lleva a conocer, en un solo d\u00eda, la vida toda de los Moran y cuanto hay que saber sobre su matrimonio: las esperanzas y los proyectos nunca realizados, los fracasos de sus hijos y las tormentas que desencadenan en el hogar, y c\u00f3mo, a pesar de llevar veintiocho a\u00f1os casados y de las discrepancias que median entre ellos, siguen, en cierto modo, gust\u00e1ndose y queri\u00e9ndose. Narrado todo con una inteligente mezcla de ternura y humor, de situaciones absurdas \u2014vividas o recordadas\u2014 y de numerosos personajes secundarios, encarnaci\u00f3n todos ellos, incluidos los Moran, de la mediocridad y de la aceptaci\u00f3n del fracaso como medio para sobrevivir.<\/p>\n","protected":false},"excerpt":{"rendered":"<p>La autora de El turista accidental nos presenta a Maggie, mujer fantasiosa, entrometida y atolondrada, y a su marido, Ira, paciente, ponderado y, a su modo, infalible. De la mano de estos personajes, en parte extraordinarios y, en parte, vulgares y corrientes, Anne Tyler nos lleva a conocer, en un solo d\u00eda, la vida toda [&hellip;]<\/p>\n","protected":false},"featured_media":12475,"template":"","meta":[],"product_brand":[],"product_cat":[25],"product_tag":[62,54,1720,55],"class_list":{"0":"post-12470","1":"product","2":"type-product","3":"status-publish","4":"has-post-thumbnail","6":"product_cat-libros-digitales-ebooks","7":"product_tag-anne-tyler","8":"product_tag-descargar-ebook","9":"product_tag-ejercicios-respiratorios","10":"product_tag-novelas","12":"first","13":"instock","14":"shipping-taxable","15":"purchasable","16":"product-type-variable","17":"has-default-attributes"},"_links":{"self":[{"href":"https:\/\/www.taller-palabras.com\/WordPress_04\/wp-json\/wp\/v2\/product\/12470","targetHints":{"allow":["GET"]}}],"collection":[{"href":"https:\/\/www.taller-palabras.com\/WordPress_04\/wp-json\/wp\/v2\/product"}],"about":[{"href":"https:\/\/www.taller-palabras.com\/WordPress_04\/wp-json\/wp\/v2\/types\/product"}],"wp:featuredmedia":[{"embeddable":true,"href":"https:\/\/www.taller-palabras.com\/WordPress_04\/wp-json\/wp\/v2\/media\/12475"}],"wp:attachment":[{"href":"https:\/\/www.taller-palabras.com\/WordPress_04\/wp-json\/wp\/v2\/media?parent=12470"}],"wp:term":[{"taxonomy":"product_brand","embeddable":true,"href":"https:\/\/www.taller-palabras.com\/WordPress_04\/wp-json\/wp\/v2\/product_brand?post=12470"},{"taxonomy":"product_cat","embeddable":true,"href":"https:\/\/www.taller-palabras.com\/WordPress_04\/wp-json\/wp\/v2\/product_cat?post=12470"},{"taxonomy":"product_tag","embeddable":true,"href":"https:\/\/www.taller-palabras.com\/WordPress_04\/wp-json\/wp\/v2\/product_tag?post=12470"}],"curies":[{"name":"wp","href":"https:\/\/api.w.org\/{rel}","templated":true}]}}