{"id":12516,"date":"2018-04-05T18:11:41","date_gmt":"2018-04-05T21:11:41","guid":{"rendered":"https:\/\/www.taller-palabras.com\/WordPress_04\/?post_type=product&#038;p=12516"},"modified":"2026-04-05T18:19:16","modified_gmt":"2026-04-05T21:19:16","slug":"los-ojos-de-los-enterrados-miguel-angel-asturias-ebook","status":"publish","type":"product","link":"https:\/\/www.taller-palabras.com\/WordPress_04\/producto\/los-ojos-de-los-enterrados-miguel-angel-asturias-ebook","title":{"rendered":"Los ojos de los enterrados &#8211; Miguel \u00c1ngel Asturias \/ebook"},"content":{"rendered":"<p><img loading=\"lazy\" decoding=\"async\" class=\"wp-image-12519 size-full alignleft\" src=\"https:\/\/www.taller-palabras.com\/WordPress_04\/wp-content\/uploads\/2026\/04\/Miguel-Asturias.jpg\" alt=\"\" width=\"198\" height=\"198\" srcset=\"https:\/\/www.taller-palabras.com\/WordPress_04\/wp-content\/uploads\/2026\/04\/Miguel-Asturias.jpg 198w, https:\/\/www.taller-palabras.com\/WordPress_04\/wp-content\/uploads\/2026\/04\/Miguel-Asturias-150x150.jpg 150w, https:\/\/www.taller-palabras.com\/WordPress_04\/wp-content\/uploads\/2026\/04\/Miguel-Asturias-100x100.jpg 100w\" sizes=\"auto, (max-width: 198px) 100vw, 198px\" \/> Diez a\u00f1os despu\u00e9s de la publicaci\u00f3n de \u00abViento fuerte\u00bb , con la que MIGUEL \u00c1NGEL ASTURIAS (1889-1974) inici\u00f3 su \u00abTrilog\u00eda bananera\u00bb, \u00abLOS OJOS DE LOS ENTERRADOS\u00bb complet\u00f3 el vasto ciclo que tiene como tema !a penetraci\u00f3n en Centroam\u00e9rica de las grandes compa\u00f1\u00edas multinacionales. Si la novela que inauguraba la serie narraba la lucha de los peque\u00f1os plantadores \u2014encabezados por el norteamericano Lester Mead\u2014 contra la gran Compa\u00f1\u00eda internacional y \u00abEl Papa Verde\u00bb denunciaba la intromisi\u00f3n de intereses econ\u00f3micos extranjeros en los resortes del Estado, \u00abLos ojos de los enterrados\u00bb relata el fin de Maker Thompson y la organizaci\u00f3n de una huelga general que permite a los peones de la Bananera y del Sindicato de los trabajadores de Tiquisate imponer sus condiciones a la Compa\u00f1\u00eda, provocando, finalmente, la ca\u00edda de una larga dictadura. El clima de violencia alcanza ia m\u00e1xima cota de tensi\u00f3n en la novela que cierra la trilog\u00eda y le confiere una dimensi\u00f3n \u00e9pica. Las peripecias personales de Juan Pablo Mondrag\u00f3n, Malena Tobay, Cayetano Duende y Andr\u00e9s Medina ceden el primer plano del relato al protagonismo del pueblo en lucha contra la opresi\u00f3n La antigua leyenda ind\u00edgena, seg\u00fan la cual los enterrados esperan con los ojos abiertos el d\u00eda de la justicia, se entrelaza con la incidencias de la trama y proporciona a la narraci\u00f3n un fondo m\u00edtico y un elemento de lirismo. Novela evidentemente pol\u00edtica, la prosa magistral de sus p\u00e1ginas, en que se a\u00fana la frescura del habla popular con la brillantez heredada de la tradici\u00f3n modernista y las innovaciones t\u00e9cnicas de las vanguardias, revela que el Premio Nobel de 1967 fue un autor tan comprometido con la realidad sociopol\u00edtica de su pa\u00eds como con las m\u00e1s altas exigencias art\u00edsticas.<\/p>\n","protected":false},"excerpt":{"rendered":"<p>Diez a\u00f1os despu\u00e9s de la publicaci\u00f3n de \u00abViento fuerte\u00bb , con la que MIGUEL \u00c1NGEL ASTURIAS (1889-1974) inici\u00f3 su \u00abTrilog\u00eda bananera\u00bb, \u00abLOS OJOS DE LOS ENTERRADOS\u00bb complet\u00f3 el vasto ciclo que tiene como tema !a penetraci\u00f3n en Centroam\u00e9rica de las grandes compa\u00f1\u00edas multinacionales. Si la novela que inauguraba la serie narraba la lucha de los [&hellip;]<\/p>\n","protected":false},"featured_media":12520,"template":"","meta":[],"product_brand":[1706],"product_cat":[25],"product_tag":[136,1727,1726,55],"class_list":{"0":"post-12516","1":"product","2":"type-product","3":"status-publish","4":"has-post-thumbnail","6":"product_brand-grupo1","7":"product_cat-libros-digitales-ebooks","8":"product_tag-decargar-ebook","9":"product_tag-los-ojos-de-los-enterrados","10":"product_tag-miguel-angel-asturias","11":"product_tag-novelas","13":"first","14":"instock","15":"shipping-taxable","16":"purchasable","17":"product-type-variable","18":"has-default-attributes"},"_links":{"self":[{"href":"https:\/\/www.taller-palabras.com\/WordPress_04\/wp-json\/wp\/v2\/product\/12516","targetHints":{"allow":["GET"]}}],"collection":[{"href":"https:\/\/www.taller-palabras.com\/WordPress_04\/wp-json\/wp\/v2\/product"}],"about":[{"href":"https:\/\/www.taller-palabras.com\/WordPress_04\/wp-json\/wp\/v2\/types\/product"}],"wp:featuredmedia":[{"embeddable":true,"href":"https:\/\/www.taller-palabras.com\/WordPress_04\/wp-json\/wp\/v2\/media\/12520"}],"wp:attachment":[{"href":"https:\/\/www.taller-palabras.com\/WordPress_04\/wp-json\/wp\/v2\/media?parent=12516"}],"wp:term":[{"taxonomy":"product_brand","embeddable":true,"href":"https:\/\/www.taller-palabras.com\/WordPress_04\/wp-json\/wp\/v2\/product_brand?post=12516"},{"taxonomy":"product_cat","embeddable":true,"href":"https:\/\/www.taller-palabras.com\/WordPress_04\/wp-json\/wp\/v2\/product_cat?post=12516"},{"taxonomy":"product_tag","embeddable":true,"href":"https:\/\/www.taller-palabras.com\/WordPress_04\/wp-json\/wp\/v2\/product_tag?post=12516"}],"curies":[{"name":"wp","href":"https:\/\/api.w.org\/{rel}","templated":true}]}}