{"id":12538,"date":"2018-04-05T18:14:49","date_gmt":"2018-04-05T21:14:49","guid":{"rendered":"https:\/\/www.taller-palabras.com\/WordPress_04\/?post_type=product&#038;p=12538"},"modified":"2026-04-07T12:01:11","modified_gmt":"2026-04-07T15:01:11","slug":"hombres-de-maiz-miguel-angel-asturias-ebook","status":"publish","type":"product","link":"https:\/\/www.taller-palabras.com\/WordPress_04\/producto\/hombres-de-maiz-miguel-angel-asturias-ebook","title":{"rendered":"Hombres de ma\u00edz &#8211; Miguel \u00c1ngel Asturias \/ebook"},"content":{"rendered":"<p><img loading=\"lazy\" decoding=\"async\" class=\"wp-image-12519 size-full alignleft\" src=\"https:\/\/www.taller-palabras.com\/WordPress_04\/wp-content\/uploads\/2026\/04\/Miguel-Asturias.jpg\" alt=\"\" width=\"198\" height=\"198\" srcset=\"https:\/\/www.taller-palabras.com\/WordPress_04\/wp-content\/uploads\/2026\/04\/Miguel-Asturias.jpg 198w, https:\/\/www.taller-palabras.com\/WordPress_04\/wp-content\/uploads\/2026\/04\/Miguel-Asturias-150x150.jpg 150w, https:\/\/www.taller-palabras.com\/WordPress_04\/wp-content\/uploads\/2026\/04\/Miguel-Asturias-100x100.jpg 100w\" sizes=\"auto, (max-width: 198px) 100vw, 198px\" \/>En la mitolog\u00eda maya-quich\u00e9 el hombre fue hecho de ma\u00edz y en las p\u00e1ginas de esta novela se enfrentan los hombres que consideran al ma\u00edz como parte de su ser y como alimento sagrado, con aquellos que lo utilizan como un producto cualquiera de lucro. Se entabla as\u00ed, una lucha feroz que termina con la muerte del cacique, defensor de los valores ancestrales de su pueblo. El tema novelesco, visto como un suceso diario en la Am\u00e9rica tropical, se engrandece mediante el s\u00edmbolo, que ata y libera a un tiempo a estos hombres de ma\u00edz. Todo en esta novela cobra una dimensi\u00f3n m\u00e1gica y el lector asiste a la m\u00edtica transformaci\u00f3n y transubstanciaci\u00f3n del ser humano en las eternas potencias universales. Hombres de ma\u00edz constituye una incisiva denuncia de los devastadores efectos que el capitalismo y las grandes empresas internacionales tuvieron en las costumbres, creencias ancestrales, despersonalizaci\u00f3n e inseguridad de los campesinos guatemaltecos.<\/p>\n","protected":false},"excerpt":{"rendered":"<p>En la mitolog\u00eda maya-quich\u00e9 el hombre fue hecho de ma\u00edz y en las p\u00e1ginas de esta novela se enfrentan los hombres que consideran al ma\u00edz como parte de su ser y como alimento sagrado, con aquellos que lo utilizan como un producto cualquiera de lucro. Se entabla as\u00ed, una lucha feroz que termina con la [&hellip;]<\/p>\n","protected":false},"featured_media":12543,"template":"","meta":[],"product_brand":[1706],"product_cat":[25],"product_tag":[136,1730,1726,55],"class_list":{"0":"post-12538","1":"product","2":"type-product","3":"status-publish","4":"has-post-thumbnail","6":"product_brand-grupo1","7":"product_cat-libros-digitales-ebooks","8":"product_tag-decargar-ebook","9":"product_tag-hombres-de-maiz","10":"product_tag-miguel-angel-asturias","11":"product_tag-novelas","13":"first","14":"instock","15":"shipping-taxable","16":"purchasable","17":"product-type-variable","18":"has-default-attributes"},"_links":{"self":[{"href":"https:\/\/www.taller-palabras.com\/WordPress_04\/wp-json\/wp\/v2\/product\/12538","targetHints":{"allow":["GET"]}}],"collection":[{"href":"https:\/\/www.taller-palabras.com\/WordPress_04\/wp-json\/wp\/v2\/product"}],"about":[{"href":"https:\/\/www.taller-palabras.com\/WordPress_04\/wp-json\/wp\/v2\/types\/product"}],"wp:featuredmedia":[{"embeddable":true,"href":"https:\/\/www.taller-palabras.com\/WordPress_04\/wp-json\/wp\/v2\/media\/12543"}],"wp:attachment":[{"href":"https:\/\/www.taller-palabras.com\/WordPress_04\/wp-json\/wp\/v2\/media?parent=12538"}],"wp:term":[{"taxonomy":"product_brand","embeddable":true,"href":"https:\/\/www.taller-palabras.com\/WordPress_04\/wp-json\/wp\/v2\/product_brand?post=12538"},{"taxonomy":"product_cat","embeddable":true,"href":"https:\/\/www.taller-palabras.com\/WordPress_04\/wp-json\/wp\/v2\/product_cat?post=12538"},{"taxonomy":"product_tag","embeddable":true,"href":"https:\/\/www.taller-palabras.com\/WordPress_04\/wp-json\/wp\/v2\/product_tag?post=12538"}],"curies":[{"name":"wp","href":"https:\/\/api.w.org\/{rel}","templated":true}]}}

Hombres de maíz &#8211; Miguel Ángel Asturias /ebook

<p><img loading="lazy" decoding="async" class="wp-image-12519 size-full alignleft" src="https://www.taller-palabras.com/WordPress_04/wp-content/uploads/2026/04/Miguel-Asturias.jpg" alt="" width="198" height="198" srcset="https://www.taller-palabras.com/WordPress_04/wp-content/uploads/2026/04/Miguel-Asturias.jpg 198w, https://www.taller-palabras.com/WordPress_04/wp-content/uploads/2026/04/Miguel-Asturias-150x150.jpg 150w, https://www.taller-palabras.com/WordPress_04/wp-content/uploads/2026/04/Miguel-Asturias-100x100.jpg 100w" sizes="auto, (max-width: 198px) 100vw, 198px" />En la mitología maya-quiché el hombre fue hecho de maíz y en las páginas de esta novela se enfrentan los hombres que consideran al maíz como parte de su ser y como alimento sagrado, con aquellos que lo utilizan como un producto cualquiera de lucro. Se entabla así, una lucha feroz que termina con la muerte del cacique, defensor de los valores ancestrales de su pueblo. El tema novelesco, visto como un suceso diario en la América tropical, se engrandece mediante el símbolo, que ata y libera a un tiempo a estos hombres de maíz. Todo en esta novela cobra una dimensión mágica y el lector asiste a la mítica transformación y transubstanciación del ser humano en las eternas potencias universales. Hombres de maíz constituye una incisiva denuncia de los devastadores efectos que el capitalismo y las grandes empresas internacionales tuvieron en las costumbres, creencias ancestrales, despersonalización e inseguridad de los campesinos guatemaltecos.</p>

<p>En la mitología maya-quiché el hombre fue hecho de maíz y en las páginas de esta novela se enfrentan los hombres que consideran al maíz como parte de su ser y como alimento sagrado, con aquellos que lo utilizan como un producto cualquiera de lucro. Se entabla así, una lucha feroz que termina con la [&hellip;]</p>
