{"id":12587,"date":"2019-04-10T13:15:56","date_gmt":"2019-04-10T16:15:56","guid":{"rendered":"https:\/\/www.taller-palabras.com\/WordPress_04\/?post_type=product&#038;p=12587"},"modified":"2026-04-17T11:33:04","modified_gmt":"2026-04-17T14:33:04","slug":"adan-buenosayres-leopoldo-marechal-ebook","status":"publish","type":"product","link":"https:\/\/www.taller-palabras.com\/WordPress_04\/producto\/adan-buenosayres-leopoldo-marechal-ebook","title":{"rendered":"Ad\u00e1n Buenosayres &#8211; Leopoldo Marechal \/ebook"},"content":{"rendered":"<p><img loading=\"lazy\" decoding=\"async\" class=\"wp-image-12595 size-full alignleft\" src=\"https:\/\/www.taller-palabras.com\/WordPress_04\/wp-content\/uploads\/2019\/04\/Leopoldo-Marechal.jpg\" alt=\"\" width=\"201\" height=\"201\" srcset=\"https:\/\/www.taller-palabras.com\/WordPress_04\/wp-content\/uploads\/2019\/04\/Leopoldo-Marechal.jpg 201w, https:\/\/www.taller-palabras.com\/WordPress_04\/wp-content\/uploads\/2019\/04\/Leopoldo-Marechal-150x150.jpg 150w, https:\/\/www.taller-palabras.com\/WordPress_04\/wp-content\/uploads\/2019\/04\/Leopoldo-Marechal-100x100.jpg 100w\" sizes=\"auto, (max-width: 201px) 100vw, 201px\" \/>Injustamente marginado cuando se public\u00f3, en 1948, a causa del peronismo militante de Marechal, del c\u00e1ustico retrato que hac\u00eda de los m\u00e1s ilustres miembros de la generaci\u00f3n martinfierrista y de la aluvional complejidad del texto, a contrapelo con los c\u00e1nones de la \u00e9poca, ser\u00eda reivindicado a partir de la d\u00e9cada del 60 como uno de los textos esenciales de nuestra literatura. Planteado como un viaje de la oscuridad hacia la luz, que se inicia con el despertar metaf\u00edsico de Ad\u00e1n y su af\u00e1n por trascender esa tristeza \u00abque nace de lo m\u00faltiple\u00bb; el libro registra cada paso de ese itinerario y, por reflejo, cada uno de los personajes y vicisitudes del mundo que rodea a Ad\u00e1n, como una verdadera epopeya integral del esp\u00edritu. En ese mosaico, ambientado en el Buenos Aires de la d\u00e9cada del 20, aparecen puntualmente: la est\u00e9tica o el debate de ideas (en la tertulia literaria en casa de los Amundsen); el elogio al guerrero; la idealizaci\u00f3n m\u00edstica de la belleza; el enfrentamiento con los monstruos y la mitologizaci\u00f3n de la historia; el banquete dionis\u00edaco; la catarsis a trav\u00e9s de la s\u00e1tira m\u00e1s desbordante y la redenci\u00f3n desesperada, previo a su encuentro con el linyera y a su muerte. Si, como dijo Macedonio Fern\u00e1ndez, una novela es \u00abla historia de un destino completo\u00bb; pocos libros en la literatura argentina caben tan perfectamente en esa definici\u00f3n como el Ad\u00e1n Buenosayres.<\/p>\n","protected":false},"excerpt":{"rendered":"<p>Injustamente marginado cuando se public\u00f3, en 1948, a causa del peronismo militante de Marechal, del c\u00e1ustico retrato que hac\u00eda de los m\u00e1s ilustres miembros de la generaci\u00f3n martinfierrista y de la aluvional complejidad del texto, a contrapelo con los c\u00e1nones de la \u00e9poca, ser\u00eda reivindicado a partir de la d\u00e9cada del 60 como uno de [&hellip;]<\/p>\n","protected":false},"featured_media":12590,"template":"","meta":[],"product_brand":[],"product_cat":[25],"product_tag":[1739,136,1738,55],"class_list":{"0":"post-12587","1":"product","2":"type-product","3":"status-publish","4":"has-post-thumbnail","6":"product_cat-libros-digitales-ebooks","7":"product_tag-adan-buenosayres","8":"product_tag-decargar-ebook","9":"product_tag-leopoldo-marechal","10":"product_tag-novelas","12":"first","13":"instock","14":"shipping-taxable","15":"purchasable","16":"product-type-variable","17":"has-default-attributes"},"_links":{"self":[{"href":"https:\/\/www.taller-palabras.com\/WordPress_04\/wp-json\/wp\/v2\/product\/12587","targetHints":{"allow":["GET"]}}],"collection":[{"href":"https:\/\/www.taller-palabras.com\/WordPress_04\/wp-json\/wp\/v2\/product"}],"about":[{"href":"https:\/\/www.taller-palabras.com\/WordPress_04\/wp-json\/wp\/v2\/types\/product"}],"wp:featuredmedia":[{"embeddable":true,"href":"https:\/\/www.taller-palabras.com\/WordPress_04\/wp-json\/wp\/v2\/media\/12590"}],"wp:attachment":[{"href":"https:\/\/www.taller-palabras.com\/WordPress_04\/wp-json\/wp\/v2\/media?parent=12587"}],"wp:term":[{"taxonomy":"product_brand","embeddable":true,"href":"https:\/\/www.taller-palabras.com\/WordPress_04\/wp-json\/wp\/v2\/product_brand?post=12587"},{"taxonomy":"product_cat","embeddable":true,"href":"https:\/\/www.taller-palabras.com\/WordPress_04\/wp-json\/wp\/v2\/product_cat?post=12587"},{"taxonomy":"product_tag","embeddable":true,"href":"https:\/\/www.taller-palabras.com\/WordPress_04\/wp-json\/wp\/v2\/product_tag?post=12587"}],"curies":[{"name":"wp","href":"https:\/\/api.w.org\/{rel}","templated":true}]}}