{"id":169,"date":"2018-10-13T12:23:32","date_gmt":"2018-10-13T15:23:32","guid":{"rendered":"https:\/\/www.taller-palabras.com\/WordPress_04\/?post_type=product&#038;p=169"},"modified":"2023-09-23T15:35:00","modified_gmt":"2023-09-23T18:35:00","slug":"169","status":"publish","type":"product","link":"https:\/\/www.taller-palabras.com\/WordPress_04\/producto\/169","title":{"rendered":"A tres metros sobre el cielo &#8211; Federico Moccia \/ebook"},"content":{"rendered":"<figure id=\"attachment_170\" aria-describedby=\"caption-attachment-170\" style=\"width: 150px\" class=\"wp-caption alignleft\"><img loading=\"lazy\" decoding=\"async\" class=\"wp-image-170 size-thumbnail\" src=\"https:\/\/www.taller-palabras.com\/WordPress_04\/wp-content\/uploads\/2018\/10\/autor-1-150x150.jpg\" alt=\"\" width=\"150\" height=\"150\" srcset=\"https:\/\/www.taller-palabras.com\/WordPress_04\/wp-content\/uploads\/2018\/10\/autor-1-150x150.jpg 150w, https:\/\/www.taller-palabras.com\/WordPress_04\/wp-content\/uploads\/2018\/10\/autor-1-324x324.jpg 324w, https:\/\/www.taller-palabras.com\/WordPress_04\/wp-content\/uploads\/2018\/10\/autor-1-100x100.jpg 100w\" sizes=\"auto, (max-width: 150px) 100vw, 150px\" \/><figcaption id=\"caption-attachment-170\" class=\"wp-caption-text\">Autor Federico Moccia<\/figcaption><\/figure>\n<p>En Roma, como en cualquier otra ciudad del mundo, los adolescentes quieren volar, buscan caminar \u00abtres metros sobre el cielo\u00bb. Las chicas como Babi se esmeran en sus estudios, hablan del \u00faltimo grito en moda y se preparan para encontrar al amor de sus vidas; los chicos como Step prefieren la velocidad, la violencia, el riesgo y la camarader\u00eda de las bandas, pero todos ellos se implican en la vida como si cada segundo fuera el \u00faltimo. Pertenecen a mundos distintos, desean cosas distintas pero tienen algo en com\u00fan: el amor que les har\u00e1 flotar y sostenerse, el amor que les har\u00e1 encontrarse y cambiar: ellas se volver\u00e1n m\u00e1s salvajes; ellos m\u00e1s tiernos. Mientras, all\u00ed abajo, la vida real ya les reclama. Tres metros sobre el cielo es una comedia rom\u00e1ntica y un retrato de la ef\u00edmera adolescencia. Y tiene una historia muy especial: publicado por primera vez en 1992 en una edici\u00f3n m\u00ednima pagada por el propio autor y que se agot\u00f3 inmediatamente, fue fotocopiado una y otra vez, y circul\u00f3 de mano en mano hasta que se reedit\u00f3 en 2004, convirti\u00e9ndose en un espectacular \u00e9xito de ventas. \u00abUn libro que conquista tanto a los j\u00f3venes como a los treinta\u00f1eros que a\u00fan recuerdan la magia de sus diecis\u00e9is a\u00f1os.\u00bb<\/p>\n","protected":false},"excerpt":{"rendered":"<p>En Roma, como en cualquier otra ciudad del mundo, los adolescentes quieren volar, buscan caminar \u00abtres metros sobre el cielo\u00bb. Las chicas como Babi se esmeran en sus estudios, hablan del \u00faltimo grito en moda y se preparan para encontrar al amor de sus vidas; los chicos como Step prefieren la velocidad, la violencia, el [&hellip;]<\/p>\n","protected":false},"featured_media":171,"template":"","meta":[],"product_brand":[],"product_cat":[25],"product_tag":[67,69,54,66,68],"class_list":{"0":"post-169","1":"product","2":"type-product","3":"status-publish","4":"has-post-thumbnail","6":"product_cat-libros-digitales-ebooks","7":"product_tag-a-tres-metros-sobre-el-cielo","8":"product_tag-comedia-romantica","9":"product_tag-descargar-ebook","10":"product_tag-federico-moccia","11":"product_tag-novela","13":"first","14":"instock","15":"shipping-taxable","16":"purchasable","17":"product-type-variable","18":"has-default-attributes"},"_links":{"self":[{"href":"https:\/\/www.taller-palabras.com\/WordPress_04\/wp-json\/wp\/v2\/product\/169","targetHints":{"allow":["GET"]}}],"collection":[{"href":"https:\/\/www.taller-palabras.com\/WordPress_04\/wp-json\/wp\/v2\/product"}],"about":[{"href":"https:\/\/www.taller-palabras.com\/WordPress_04\/wp-json\/wp\/v2\/types\/product"}],"wp:featuredmedia":[{"embeddable":true,"href":"https:\/\/www.taller-palabras.com\/WordPress_04\/wp-json\/wp\/v2\/media\/171"}],"wp:attachment":[{"href":"https:\/\/www.taller-palabras.com\/WordPress_04\/wp-json\/wp\/v2\/media?parent=169"}],"wp:term":[{"taxonomy":"product_brand","embeddable":true,"href":"https:\/\/www.taller-palabras.com\/WordPress_04\/wp-json\/wp\/v2\/product_brand?post=169"},{"taxonomy":"product_cat","embeddable":true,"href":"https:\/\/www.taller-palabras.com\/WordPress_04\/wp-json\/wp\/v2\/product_cat?post=169"},{"taxonomy":"product_tag","embeddable":true,"href":"https:\/\/www.taller-palabras.com\/WordPress_04\/wp-json\/wp\/v2\/product_tag?post=169"}],"curies":[{"name":"wp","href":"https:\/\/api.w.org\/{rel}","templated":true}]}}