{"id":1871,"date":"2020-04-26T12:32:23","date_gmt":"2020-04-26T15:32:23","guid":{"rendered":"https:\/\/www.taller-palabras.com\/WordPress_04\/?post_type=product&#038;p=1871"},"modified":"2023-11-12T11:54:58","modified_gmt":"2023-11-12T14:54:58","slug":"la-reina-del-sur-arturo-perez-reverte-ebook","status":"publish","type":"product","link":"https:\/\/www.taller-palabras.com\/WordPress_04\/producto\/la-reina-del-sur-arturo-perez-reverte-ebook","title":{"rendered":"La Reina del Sur &#8211; Arturo Perez-Reverte \/ebook"},"content":{"rendered":"<figure id=\"attachment_1878\" aria-describedby=\"caption-attachment-1878\" style=\"width: 150px\" class=\"wp-caption alignleft\"><img loading=\"lazy\" decoding=\"async\" class=\"wp-image-1878 size-thumbnail\" src=\"https:\/\/www.taller-palabras.com\/WordPress_04\/wp-content\/uploads\/2020\/04\/Reverte-150x150.jpg\" alt=\"\" width=\"150\" height=\"150\" srcset=\"https:\/\/www.taller-palabras.com\/WordPress_04\/wp-content\/uploads\/2020\/04\/Reverte-150x150.jpg 150w, https:\/\/www.taller-palabras.com\/WordPress_04\/wp-content\/uploads\/2020\/04\/Reverte-300x300.jpg 300w, https:\/\/www.taller-palabras.com\/WordPress_04\/wp-content\/uploads\/2020\/04\/Reverte-324x324.jpg 324w, https:\/\/www.taller-palabras.com\/WordPress_04\/wp-content\/uploads\/2020\/04\/Reverte-100x100.jpg 100w, https:\/\/www.taller-palabras.com\/WordPress_04\/wp-content\/uploads\/2020\/04\/Reverte.jpg 400w\" sizes=\"auto, (max-width: 150px) 100vw, 150px\" \/><figcaption id=\"caption-attachment-1878\" class=\"wp-caption-text\">Autor Arturo P\u00e9rez-Reverte<\/figcaption><\/figure>\n<p>Nombre: Teresa Apellidos: Mendoza Ch\u00e1vez (a.) La Mejicana CARACTER\u00cdSTICAS F\u00cdSICAS: Ojos negros. Cabello negro. Sin marcas ni cicatrices. Complexi\u00f3n delgada. Estatura 1,65. HISTORIA CRIMINAL: Nacida en Culiac\u00e1n, Sinaloa (M\u00e9xico). Hija de padre espa\u00f1ol y madre mejicana. Convivi\u00f3 con Raimundo D\u00e1vila Parra, (a.) El G\u00fcero D\u00e1vila, piloto de aviaci\u00f3n relacionado con el c\u00e1rtel de Ju\u00e1rez. Viaja a Espa\u00f1a. Melilla. Relacionada con Dris Larbi, propietario de clubs nocturnos. Algeciras. Gibraltar. Relacionada con Santiago L\u00f3pez Fisterra, piloto de planeadoras. Tr\u00e1fico de tabaco y estupefacientes. Detenida por el Servicio de Vigilancia Aduanera. Prisi\u00f3n de El Puerto de Santa Mar\u00eda.cultura y una \u00e9poca.<\/p>\n<p>En su doble rol de periodista y escritor Arturo P\u00e9rez Reverte da vida a la protagonista de La reina del Sur. Si bien no es una de sus novelas que pueda considerar como favorita (no olvido El club Dumas o la saga del Capit\u00e1n Alatriste) pero es sin duda un prodigio m\u00e1s de la eximia pluma de quien ha demostrado con creces ser uno de los m\u00e1s ilustrados y h\u00e1biles narradores el anterior y actual milenio.<\/p>\n","protected":false},"excerpt":{"rendered":"<p>Nombre: Teresa Apellidos: Mendoza Ch\u00e1vez (a.) La Mejicana CARACTER\u00cdSTICAS F\u00cdSICAS: Ojos negros. Cabello negro. Sin marcas ni cicatrices. Complexi\u00f3n delgada. Estatura 1,65. HISTORIA CRIMINAL: Nacida en Culiac\u00e1n, Sinaloa (M\u00e9xico). Hija de padre espa\u00f1ol y madre mejicana. Convivi\u00f3 con Raimundo D\u00e1vila Parra, (a.) El G\u00fcero D\u00e1vila, piloto de aviaci\u00f3n relacionado con el c\u00e1rtel de Ju\u00e1rez. Viaja [&hellip;]<\/p>\n","protected":false},"featured_media":1879,"template":"","meta":[],"product_brand":[],"product_cat":[25],"product_tag":[202,136,201,55],"class_list":{"0":"post-1871","1":"product","2":"type-product","3":"status-publish","4":"has-post-thumbnail","6":"product_cat-libros-digitales-ebooks","7":"product_tag-arturo-perez-reverte","8":"product_tag-decargar-ebook","9":"product_tag-la-reina-del-sur","10":"product_tag-novelas","12":"first","13":"instock","14":"shipping-taxable","15":"purchasable","16":"product-type-variable","17":"has-default-attributes"},"_links":{"self":[{"href":"https:\/\/www.taller-palabras.com\/WordPress_04\/wp-json\/wp\/v2\/product\/1871","targetHints":{"allow":["GET"]}}],"collection":[{"href":"https:\/\/www.taller-palabras.com\/WordPress_04\/wp-json\/wp\/v2\/product"}],"about":[{"href":"https:\/\/www.taller-palabras.com\/WordPress_04\/wp-json\/wp\/v2\/types\/product"}],"wp:featuredmedia":[{"embeddable":true,"href":"https:\/\/www.taller-palabras.com\/WordPress_04\/wp-json\/wp\/v2\/media\/1879"}],"wp:attachment":[{"href":"https:\/\/www.taller-palabras.com\/WordPress_04\/wp-json\/wp\/v2\/media?parent=1871"}],"wp:term":[{"taxonomy":"product_brand","embeddable":true,"href":"https:\/\/www.taller-palabras.com\/WordPress_04\/wp-json\/wp\/v2\/product_brand?post=1871"},{"taxonomy":"product_cat","embeddable":true,"href":"https:\/\/www.taller-palabras.com\/WordPress_04\/wp-json\/wp\/v2\/product_cat?post=1871"},{"taxonomy":"product_tag","embeddable":true,"href":"https:\/\/www.taller-palabras.com\/WordPress_04\/wp-json\/wp\/v2\/product_tag?post=1871"}],"curies":[{"name":"wp","href":"https:\/\/api.w.org\/{rel}","templated":true}]}}