{"id":1908,"date":"2020-04-30T20:35:02","date_gmt":"2020-04-30T23:35:02","guid":{"rendered":"https:\/\/www.taller-palabras.com\/WordPress_04\/?post_type=product&#038;p=1908"},"modified":"2023-11-17T11:57:45","modified_gmt":"2023-11-17T14:57:45","slug":"el-hobbit-j-r-r-tolkien-ebook","status":"publish","type":"product","link":"https:\/\/www.taller-palabras.com\/WordPress_04\/producto\/el-hobbit-j-r-r-tolkien-ebook","title":{"rendered":"Saga: El Hobbit (0) &#8211; J. R. R. Tolkien  \/ebook ilustrado"},"content":{"rendered":"<figure id=\"attachment_1912\" aria-describedby=\"caption-attachment-1912\" style=\"width: 150px\" class=\"wp-caption alignleft\"><img loading=\"lazy\" decoding=\"async\" class=\"wp-image-1912 size-thumbnail\" src=\"https:\/\/www.taller-palabras.com\/WordPress_04\/wp-content\/uploads\/2020\/04\/JRR-Tolkien-150x150.jpg\" alt=\"\" width=\"150\" height=\"150\" srcset=\"https:\/\/www.taller-palabras.com\/WordPress_04\/wp-content\/uploads\/2020\/04\/JRR-Tolkien-150x150.jpg 150w, https:\/\/www.taller-palabras.com\/WordPress_04\/wp-content\/uploads\/2020\/04\/JRR-Tolkien-324x324.jpg 324w, https:\/\/www.taller-palabras.com\/WordPress_04\/wp-content\/uploads\/2020\/04\/JRR-Tolkien-100x100.jpg 100w\" sizes=\"auto, (max-width: 150px) 100vw, 150px\" \/><figcaption id=\"caption-attachment-1912\" class=\"wp-caption-text\">Autor J.R.R. Tolkien<\/figcaption><\/figure>\n<p>Bilbo Bols\u00f3n disfruta de una vida sencilla y agradable, y rara vez se aventura m\u00e1s all\u00e1 de la despensa de su agujero hobbit de Bols\u00f3n Cerrado. Pero su id\u00edlica existencia se ver\u00e1 perturbada cuando el mago Gandalf y una compa\u00f1\u00eda de trece enanos irrumpan en su hogar para embarcarlo en una aventura que tiene como objetivo asaltar la guarida de Smaug el Terrible, un enorme y peligroso drag\u00f3n.<\/p>\n<p>Para quienes quieren entrar en el mundo de Tolkien no hay mejor puerta que El Hobbit. La magia se codea con la realidad de un mundo inventado donde los valores esenciales son tan similares a nuestro mundo de todos los d\u00edas que sus personajes parecen estar a nuestro lado en cada escena y entonces, sus miedos son los nuestros, sus desvelos se hacen propios y de golpe estamos viviendo la s\u00faper poderosa atracci\u00f3n de lo maravilloso contado desde aquello que cuando ni\u00f1os supimos que es posible alcanzar con solo jugar el juego de ser, por un momento, ese h\u00e9roe de papel.<\/p>\n<p>Tolkien hab\u00eda hecho un mont\u00f3n de ilustraciones para El Hobbit y estos fueron mi inspiraci\u00f3n. Ten\u00eda muchas ganas de llevar El Hobbit de vuelta a sus ra\u00edces originales.\u00bb \u2014 Jemima Catlin.<\/p>\n<p>&nbsp;<\/p>\n","protected":false},"excerpt":{"rendered":"<p>Bilbo Bols\u00f3n disfruta de una vida sencilla y agradable, y rara vez se aventura m\u00e1s all\u00e1 de la despensa de su agujero hobbit de Bols\u00f3n Cerrado. Pero su id\u00edlica existencia se ver\u00e1 perturbada cuando el mago Gandalf y una compa\u00f1\u00eda de trece enanos irrumpan en su hogar para embarcarlo en una aventura que tiene como [&hellip;]<\/p>\n","protected":false},"featured_media":1913,"template":"","meta":[],"product_brand":[],"product_cat":[25,47],"product_tag":[54,123,121,116],"class_list":{"0":"post-1908","1":"product","2":"type-product","3":"status-publish","4":"has-post-thumbnail","6":"product_cat-libros-digitales-ebooks","7":"product_cat-libros-digitales-sagas","8":"product_tag-descargar-ebook","9":"product_tag-el-hobbit","10":"product_tag-novela-fantastica","11":"product_tag-tolkien","13":"first","14":"instock","15":"shipping-taxable","16":"purchasable","17":"product-type-variable","18":"has-default-attributes"},"_links":{"self":[{"href":"https:\/\/www.taller-palabras.com\/WordPress_04\/wp-json\/wp\/v2\/product\/1908","targetHints":{"allow":["GET"]}}],"collection":[{"href":"https:\/\/www.taller-palabras.com\/WordPress_04\/wp-json\/wp\/v2\/product"}],"about":[{"href":"https:\/\/www.taller-palabras.com\/WordPress_04\/wp-json\/wp\/v2\/types\/product"}],"wp:featuredmedia":[{"embeddable":true,"href":"https:\/\/www.taller-palabras.com\/WordPress_04\/wp-json\/wp\/v2\/media\/1913"}],"wp:attachment":[{"href":"https:\/\/www.taller-palabras.com\/WordPress_04\/wp-json\/wp\/v2\/media?parent=1908"}],"wp:term":[{"taxonomy":"product_brand","embeddable":true,"href":"https:\/\/www.taller-palabras.com\/WordPress_04\/wp-json\/wp\/v2\/product_brand?post=1908"},{"taxonomy":"product_cat","embeddable":true,"href":"https:\/\/www.taller-palabras.com\/WordPress_04\/wp-json\/wp\/v2\/product_cat?post=1908"},{"taxonomy":"product_tag","embeddable":true,"href":"https:\/\/www.taller-palabras.com\/WordPress_04\/wp-json\/wp\/v2\/product_tag?post=1908"}],"curies":[{"name":"wp","href":"https:\/\/api.w.org\/{rel}","templated":true}]}}