{"id":2086,"date":"2020-05-25T14:07:42","date_gmt":"2020-05-25T17:07:42","guid":{"rendered":"https:\/\/www.taller-palabras.com\/WordPress_04\/?post_type=product&#038;p=2086"},"modified":"2023-11-29T11:41:06","modified_gmt":"2023-11-29T14:41:06","slug":"la-cadena-adrian-mckinty-ebook","status":"publish","type":"product","link":"https:\/\/www.taller-palabras.com\/WordPress_04\/producto\/la-cadena-adrian-mckinty-ebook","title":{"rendered":"La cadena &#8211; Adrian McKinty \/ebook"},"content":{"rendered":"<p><img loading=\"lazy\" decoding=\"async\" class=\"alignleft wp-image-2082 size-thumbnail\" src=\"https:\/\/www.taller-palabras.com\/WordPress_04\/wp-content\/uploads\/2020\/05\/AdrianMcKinty_autor-150x150.jpg\" alt=\"\" width=\"150\" height=\"150\" srcset=\"https:\/\/www.taller-palabras.com\/WordPress_04\/wp-content\/uploads\/2020\/05\/AdrianMcKinty_autor-150x150.jpg 150w, https:\/\/www.taller-palabras.com\/WordPress_04\/wp-content\/uploads\/2020\/05\/AdrianMcKinty_autor-100x100.jpg 100w\" sizes=\"auto, (max-width: 150px) 100vw, 150px\" \/><\/p>\n<p>Como una ma\u00f1ana cualquiera, Rachel deja a su hija en la parada del autob\u00fas. Pero una llamada de un n\u00famero desconocido lo cambia todo: una mujer le informa que tiene a Kylie secuestrada y que, si quiere verla de nuevo, deber\u00e1 seguir sus instrucciones al pie de la letra: primero, pagar un rescate; segundo, secuestrar a otro ni\u00f1o. Quien llama es tambi\u00e9n una madre cuyo hijo ha sido secuestrado, y si Rachel no cumple con las reglas, el ni\u00f1o morir\u00e1, y su hija tambi\u00e9n. Rachel ya forma parte de La Cadena, un mecanismo que convierte a padres de familia en v\u00edctimas y a su vez en criminales, y que est\u00e1 haciendo a alguien muy rico en el proceso. Ella es una mujer corriente, pero en pocas horas los acontecimientos la llevar\u00e1n hasta l\u00edmites impensables y la obligar\u00e1n a hacer algo terrible. Los creadores de La Cadena saben que unos padres har\u00e1n todo lo que est\u00e1 en sus manos por sus hijos. Pero no contaban con cruzarse en el camino de una mujer decidida, valiente y superviviente como Rachel. Porque, si alguien puede romperla, esa es ella.<\/p>\n<p>La intensa focalizaci\u00f3n que logra el autor desde este personaje es sin duda un acierto t\u00e9cnico, la idea de McKinty es que por un momento, por el breve momento en que dura la lectura seamos Rachel.<\/p>\n","protected":false},"excerpt":{"rendered":"<p>Como una ma\u00f1ana cualquiera, Rachel deja a su hija en la parada del autob\u00fas. Pero una llamada de un n\u00famero desconocido lo cambia todo: una mujer le informa que tiene a Kylie secuestrada y que, si quiere verla de nuevo, deber\u00e1 seguir sus instrucciones al pie de la letra: primero, pagar un rescate; segundo, secuestrar [&hellip;]<\/p>\n","protected":false},"featured_media":2081,"template":"","meta":[],"product_brand":[],"product_cat":[25],"product_tag":[1179,1181,1180,45],"class_list":{"0":"post-2086","1":"product","2":"type-product","3":"status-publish","4":"has-post-thumbnail","6":"product_cat-libros-digitales-ebooks","7":"product_tag-adrian-mckinty","8":"product_tag-descargar-ebooks","9":"product_tag-la-cadena","10":"product_tag-mejor-novela","12":"first","13":"instock","14":"shipping-taxable","15":"purchasable","16":"product-type-variable","17":"has-default-attributes"},"_links":{"self":[{"href":"https:\/\/www.taller-palabras.com\/WordPress_04\/wp-json\/wp\/v2\/product\/2086","targetHints":{"allow":["GET"]}}],"collection":[{"href":"https:\/\/www.taller-palabras.com\/WordPress_04\/wp-json\/wp\/v2\/product"}],"about":[{"href":"https:\/\/www.taller-palabras.com\/WordPress_04\/wp-json\/wp\/v2\/types\/product"}],"wp:featuredmedia":[{"embeddable":true,"href":"https:\/\/www.taller-palabras.com\/WordPress_04\/wp-json\/wp\/v2\/media\/2081"}],"wp:attachment":[{"href":"https:\/\/www.taller-palabras.com\/WordPress_04\/wp-json\/wp\/v2\/media?parent=2086"}],"wp:term":[{"taxonomy":"product_brand","embeddable":true,"href":"https:\/\/www.taller-palabras.com\/WordPress_04\/wp-json\/wp\/v2\/product_brand?post=2086"},{"taxonomy":"product_cat","embeddable":true,"href":"https:\/\/www.taller-palabras.com\/WordPress_04\/wp-json\/wp\/v2\/product_cat?post=2086"},{"taxonomy":"product_tag","embeddable":true,"href":"https:\/\/www.taller-palabras.com\/WordPress_04\/wp-json\/wp\/v2\/product_tag?post=2086"}],"curies":[{"name":"wp","href":"https:\/\/api.w.org\/{rel}","templated":true}]}}