{"id":2140,"date":"2020-06-01T20:07:33","date_gmt":"2020-06-01T23:07:33","guid":{"rendered":"https:\/\/www.taller-palabras.com\/WordPress_04\/?post_type=product&#038;p=2140"},"modified":"2023-11-29T13:48:07","modified_gmt":"2023-11-29T16:48:07","slug":"la-mujer-habitada-gioconda-belli-ebook","status":"publish","type":"product","link":"https:\/\/www.taller-palabras.com\/WordPress_04\/producto\/la-mujer-habitada-gioconda-belli-ebook","title":{"rendered":"La mujer habitada &#8211; Gioconda Belli \/ebook"},"content":{"rendered":"<figure id=\"attachment_2139\" aria-describedby=\"caption-attachment-2139\" style=\"width: 150px\" class=\"wp-caption alignleft\"><img loading=\"lazy\" decoding=\"async\" class=\"wp-image-2139 size-thumbnail\" src=\"https:\/\/www.taller-palabras.com\/WordPress_04\/wp-content\/uploads\/2020\/06\/Gioconda_Belli-150x150.jpg\" alt=\"\" width=\"150\" height=\"150\" srcset=\"https:\/\/www.taller-palabras.com\/WordPress_04\/wp-content\/uploads\/2020\/06\/Gioconda_Belli-150x150.jpg 150w, https:\/\/www.taller-palabras.com\/WordPress_04\/wp-content\/uploads\/2020\/06\/Gioconda_Belli-100x100.jpg 100w\" sizes=\"auto, (max-width: 150px) 100vw, 150px\" \/><figcaption id=\"caption-attachment-2139\" class=\"wp-caption-text\">Autora Gioconda Belli<\/figcaption><\/figure>\n<p>La mujer habitada sumerge al lector en un mundo m\u00e1gico y ferozmente vital, en el que la mujer, v\u00edctima tradicional de la dominaci\u00f3n masculina, se rebela contra la secular inercia y participa de forma activa en acontecimentos que transforman la realidad. Partiendo de la dram\u00e1tica historia de Itz\u00e1, que por amor a Yarince muere luchado contra los invasores espa\u00f1oles, el relato nos conduce hasta Lavinia, joven arquitecta, moderna e independiente, que al terminar sus estudios en Europa ve su pa\u00eds con ojos diferentes. Mientras trabaja en un estudio de arquitectos, Lavinia conoce a Felipe, y la intensa pasi\u00f3n que surge entre ambos es el est\u00edmulo que la lleva a comprometerse en la lucha de liberaci\u00f3n contra la dictadura de Somoza. Rebosante de un fuerte lirismo, La mujer habitada mantiene en vilo al lector hasta el desenlace final.<\/p>\n","protected":false},"excerpt":{"rendered":"<p>La mujer habitada sumerge al lector en un mundo m\u00e1gico y ferozmente vital, en el que la mujer, v\u00edctima tradicional de la dominaci\u00f3n masculina, se rebela contra la secular inercia y participa de forma activa en acontecimentos que transforman la realidad. Partiendo de la dram\u00e1tica historia de Itz\u00e1, que por amor a Yarince muere luchado [&hellip;]<\/p>\n","protected":false},"featured_media":2135,"template":"","meta":[],"product_brand":[],"product_cat":[25],"product_tag":[1181,1187,1188,225],"class_list":{"0":"post-2140","1":"product","2":"type-product","3":"status-publish","4":"has-post-thumbnail","6":"product_cat-libros-digitales-ebooks","7":"product_tag-descargar-ebooks","8":"product_tag-gioconda-belli","9":"product_tag-la-mujer-habitada","10":"product_tag-mejores-novelas","12":"first","13":"instock","14":"shipping-taxable","15":"purchasable","16":"product-type-variable","17":"has-default-attributes"},"_links":{"self":[{"href":"https:\/\/www.taller-palabras.com\/WordPress_04\/wp-json\/wp\/v2\/product\/2140","targetHints":{"allow":["GET"]}}],"collection":[{"href":"https:\/\/www.taller-palabras.com\/WordPress_04\/wp-json\/wp\/v2\/product"}],"about":[{"href":"https:\/\/www.taller-palabras.com\/WordPress_04\/wp-json\/wp\/v2\/types\/product"}],"wp:featuredmedia":[{"embeddable":true,"href":"https:\/\/www.taller-palabras.com\/WordPress_04\/wp-json\/wp\/v2\/media\/2135"}],"wp:attachment":[{"href":"https:\/\/www.taller-palabras.com\/WordPress_04\/wp-json\/wp\/v2\/media?parent=2140"}],"wp:term":[{"taxonomy":"product_brand","embeddable":true,"href":"https:\/\/www.taller-palabras.com\/WordPress_04\/wp-json\/wp\/v2\/product_brand?post=2140"},{"taxonomy":"product_cat","embeddable":true,"href":"https:\/\/www.taller-palabras.com\/WordPress_04\/wp-json\/wp\/v2\/product_cat?post=2140"},{"taxonomy":"product_tag","embeddable":true,"href":"https:\/\/www.taller-palabras.com\/WordPress_04\/wp-json\/wp\/v2\/product_tag?post=2140"}],"curies":[{"name":"wp","href":"https:\/\/api.w.org\/{rel}","templated":true}]}}

<figure id="attachment_2139" aria-describedby="caption-attachment-2139" style="width: 150px" class="wp-caption alignleft"><img loading="lazy" decoding="async" class="wp-image-2139 size-thumbnail" src="https://www.taller-palabras.com/WordPress_04/wp-content/uploads/2020/06/Gioconda_Belli-150x150.jpg" alt="" width="150" height="150" srcset="https://www.taller-palabras.com/WordPress_04/wp-content/uploads/2020/06/Gioconda_Belli-150x150.jpg 150w, https://www.taller-palabras.com/WordPress_04/wp-content/uploads/2020/06/Gioconda_Belli-100x100.jpg 100w" sizes="auto, (max-width: 150px) 100vw, 150px" /><figcaption id="caption-attachment-2139" class="wp-caption-text">Autora Gioconda Belli</figcaption></figure>
<p>La mujer habitada sumerge al lector en un mundo mágico y ferozmente vital, en el que la mujer, víctima tradicional de la dominación masculina, se rebela contra la secular inercia y participa de forma activa en acontecimentos que transforman la realidad. Partiendo de la dramática historia de Itzá, que por amor a Yarince muere luchado contra los invasores españoles, el relato nos conduce hasta Lavinia, joven arquitecta, moderna e independiente, que al terminar sus estudios en Europa ve su país con ojos diferentes. Mientras trabaja en un estudio de arquitectos, Lavinia conoce a Felipe, y la intensa pasión que surge entre ambos es el estímulo que la lleva a comprometerse en la lucha de liberación contra la dictadura de Somoza. Rebosante de un fuerte lirismo, La mujer habitada mantiene en vilo al lector hasta el desenlace final.</p>

<p>La mujer habitada sumerge al lector en un mundo mágico y ferozmente vital, en el que la mujer, víctima tradicional de la dominación masculina, se rebela contra la secular inercia y participa de forma activa en acontecimentos que transforman la realidad. Partiendo de la dramática historia de Itzá, que por amor a Yarince muere luchado [&hellip;]</p>
