{"id":2304,"date":"2020-08-15T15:15:00","date_gmt":"2020-08-15T18:15:00","guid":{"rendered":"https:\/\/www.taller-palabras.com\/WordPress_04\/?post_type=product&#038;p=2304"},"modified":"2023-12-20T18:09:39","modified_gmt":"2023-12-20T21:09:39","slug":"la-sangre-de-colon-miguel-ruiz-montanez-ebook","status":"publish","type":"product","link":"https:\/\/www.taller-palabras.com\/WordPress_04\/producto\/la-sangre-de-colon-miguel-ruiz-montanez-ebook","title":{"rendered":"La sangre de Colon- Miguel Ruiz Monta\u00f1ez \/ebook"},"content":{"rendered":"<figure id=\"attachment_2308\" aria-describedby=\"caption-attachment-2308\" style=\"width: 150px\" class=\"wp-caption alignleft\"><img loading=\"lazy\" decoding=\"async\" class=\"wp-image-2308 size-thumbnail\" src=\"https:\/\/www.taller-palabras.com\/WordPress_04\/wp-content\/uploads\/2020\/08\/miguelmontanes-150x150.jpg\" alt=\"\" width=\"150\" height=\"150\" srcset=\"https:\/\/www.taller-palabras.com\/WordPress_04\/wp-content\/uploads\/2020\/08\/miguelmontanes-150x150.jpg 150w, https:\/\/www.taller-palabras.com\/WordPress_04\/wp-content\/uploads\/2020\/08\/miguelmontanes-100x100.jpg 100w\" sizes=\"auto, (max-width: 150px) 100vw, 150px\" \/><figcaption id=\"caption-attachment-2308\" class=\"wp-caption-text\">Autor Miguel Ruiz Monta\u00f1e<\/figcaption><\/figure>\n<p>\u00c1lvaro, historiador experto en la vida de Crist\u00f3bal Col\u00f3n, lleva a\u00f1os retirado desde que se cas\u00f3 con una marquesa, convertido en un se\u00f1orito sevillano. Pero su mundo se derrumba cuando, de forma repentina, su mujer le pide el divorcio. Arruinado y arrinconado en un antiguo caser\u00f3n destartalado, se niega a rendirse y decide luchar por la mujer a la que ama, que ahora vive con un millonario mexicano. Para recuperarla, emprende una arriesgada estrategia en los plat\u00f3s de TV, participando en programas del coraz\u00f3n.<br \/>\nCuando todo se hunde a su alrededor, encuentra un retrato de Col\u00f3n (cuyo verdadero rostro a\u00fan hoy d\u00eda se desconoce), que aparece por accidente bajo una falsa pintura en un cuadro arrumbado en el desv\u00e1n. Este gran descubrimiento le permitir\u00e1 retomar su carrera de investigador desde lo m\u00e1s alto y, adem\u00e1s, con notoriedad mundial, una nueva oportunidad para reconquistar a su esposa, la marquesa.<br \/>\nTodo se complica cuando vuela por los aires la estatua del Descubridor en Columbus Circle, en Nueva York, durante la presentaci\u00f3n oficial del retrato. \u00c1lvaro se ver\u00e1 irremediablemente arrastrado a una espiral de acontecimientos, obligado a emprender una carrera desesperada por recuperar su honor y poder salvar su vida?<\/p>\n","protected":false},"excerpt":{"rendered":"<p>\u00c1lvaro, historiador experto en la vida de Crist\u00f3bal Col\u00f3n, lleva a\u00f1os retirado desde que se cas\u00f3 con una marquesa, convertido en un se\u00f1orito sevillano. Pero su mundo se derrumba cuando, de forma repentina, su mujer le pide el divorcio. Arruinado y arrinconado en un antiguo caser\u00f3n destartalado, se niega a rendirse y decide luchar por [&hellip;]<\/p>\n","protected":false},"featured_media":2309,"template":"","meta":[],"product_brand":[],"product_cat":[25],"product_tag":[54,245,45,246],"class_list":{"0":"post-2304","1":"product","2":"type-product","3":"status-publish","4":"has-post-thumbnail","6":"product_cat-libros-digitales-ebooks","7":"product_tag-descargar-ebook","8":"product_tag-la-sangre-de-colon","9":"product_tag-mejor-novela","10":"product_tag-miguel-ruiz-montane","12":"first","13":"instock","14":"shipping-taxable","15":"purchasable","16":"product-type-variable","17":"has-default-attributes"},"_links":{"self":[{"href":"https:\/\/www.taller-palabras.com\/WordPress_04\/wp-json\/wp\/v2\/product\/2304","targetHints":{"allow":["GET"]}}],"collection":[{"href":"https:\/\/www.taller-palabras.com\/WordPress_04\/wp-json\/wp\/v2\/product"}],"about":[{"href":"https:\/\/www.taller-palabras.com\/WordPress_04\/wp-json\/wp\/v2\/types\/product"}],"wp:featuredmedia":[{"embeddable":true,"href":"https:\/\/www.taller-palabras.com\/WordPress_04\/wp-json\/wp\/v2\/media\/2309"}],"wp:attachment":[{"href":"https:\/\/www.taller-palabras.com\/WordPress_04\/wp-json\/wp\/v2\/media?parent=2304"}],"wp:term":[{"taxonomy":"product_brand","embeddable":true,"href":"https:\/\/www.taller-palabras.com\/WordPress_04\/wp-json\/wp\/v2\/product_brand?post=2304"},{"taxonomy":"product_cat","embeddable":true,"href":"https:\/\/www.taller-palabras.com\/WordPress_04\/wp-json\/wp\/v2\/product_cat?post=2304"},{"taxonomy":"product_tag","embeddable":true,"href":"https:\/\/www.taller-palabras.com\/WordPress_04\/wp-json\/wp\/v2\/product_tag?post=2304"}],"curies":[{"name":"wp","href":"https:\/\/api.w.org\/{rel}","templated":true}]}}